000
CXUS53 KGRB 241813
CF6RHI
PRELIMINARY LOCAL CLIMATOLOGICAL DATA (WS FORM: F-6)
STATION: RHINELANDER WI
MONTH: APRIL
YEAR: 2022
LATITUDE: 45 37 N
LONGITUDE: 89 27 W
TEMPERATURE IN F: :PCPN: SNOW: WIND :SUNSHINE: SKY :PK WND
================================================================================
1 2 3 4 5 6A 6B 7 8 9 10 11 12 13 14 15 16 17 18
12Z AVG MX 2MIN
DY MAX MIN AVG DEP HDD CDD WTR SNW DPTH SPD SPD DIR MIN PSBL S-S WX SPD DR
================================================================================
1 42 15 29 -5 36 0 0.00 0.0 5 5.3 14 270 M M 3 18 270
2 43 29 36 1 29 0 0.09 0.8 5 4.6 18 260 M M 10 1 24 260
3 43 27 35 0 30 0 0.04 T 4 4.6 10 110 M M 7 1 16 140
4 39 26 33 -3 32 0 0.33 3.4 5 4.9 15 100 M M 9 1 21 110
5 37 26 32 -4 33 0 0.11 0.0 3 11.5 23 110 M M 10 12 31 130
6 42 33 38 1 27 0 0.41 0.0 3 8.9 22 130 M M 9 1 31 120
7 37 28 33 -4 32 0 0.19 0.6 3 5.0 15 10 M M 10 12 25 20
8 31 25 28 -9 37 0 0.08 1.2 5 8.3 16 330 M M 9 1 28 340
9 46 19 33 -5 32 0 0.00 0.0 3 4.9 14 290 M M 0 21 300
10 54 23 39 1 26 0 0.00 0.0 2 9.8 31 100 M M 2 40 100
11 54 29 42 3 23 0 T 0.0 1 13.1 33 260 M M 4 46 270
12 54 24 39 0 26 0 0.65 0.0 0 9.5 28 120 M M 5 13 38 110
13 47 32 40 0 25 0 1.41 1.8 2 10.0 24 90 M M 10 13 34 90
14 32 24 28 -12 37 0 0.05 0.9 2 15.8 30 220 M M 8 128 51 220
15 27 19 23 -17 42 0 0.02 0.9 2 16.5 30 270 M M 10 128 41 260
16 31 19 25 -16 40 0 0.00 0.0 1 9.1 22 270 M M 8 32 290
17 41 14 28 -13 37 0 T T 0 6.4 14 200 M M 5 1 23 210
18 35 29 32 -10 33 0 0.21 2.4 1 7.3 14 260 M M 10 168 20 350
19 42 29 36 -6 29 0 T 0.1 0 7.3 15 290 M M 4 25 300
20 45 30 38 -4 27 0 0.39 1.4 1 8.5 22 160 M M 10 1 35 140
21 50 29 40 -3 25 0 0.00 0.0 0 9.9 25 280 M M 7 1 36 300
22 48 26 37 -6 28 0 0.02 0.0 0 12.8 24 110 M M 6 1 32 110
23 65 42 54 10 11 0 0.21 0.0 0 9.1 18 120 M M 9 12 27 190
24 61 41 51 7 14 0 0.02 0.0 0 16.5 32 210 M M 6 1 51 260
25 42 29 36 -9 29 0 T T 0 9.7 18 260 M M 10 18 27 280
26 32 22 27 -18 38 0 0.02 0.1 0 8.2 17 330 M M 9 18 27 320
27 48 22 35 -11 30 0 0.00 0.0 0 7.1 13 100 M M 3 19 70
28 53 21 37 -9 28 0 0.00 0.0 0 10.5 15 100 M M 5 23 130
29 59 40 50 4 15 0 0.00 0.0 0 12.2 21 110 M M 6 28 100
30 49 40 45 -2 20 0 0.51 0.0 0 19.0 31 110 M M 9 13 44 100
================================================================================
SM 1329 812 871 0 4.76 13.6 286.3 M 213
================================================================================
AV 44.3 27.1 9.5 FASTST M M 7 MAX(MPH)
MISC ----> 33 260 # 51 220
================================================================================
NOTES:
# LAST OF SEVERAL OCCURRENCES
COLUMN 17 PEAK WIND IN M.P.H.
PRELIMINARY LOCAL CLIMATOLOGICAL DATA (WS FORM: F-6) , PAGE 2
STATION: RHINELANDER WI
MONTH: APRIL
YEAR: 2022
LATITUDE: 45 37 N
LONGITUDE: 89 27 W
[TEMPERATURE DATA] [PRECIPITATION DATA] SYMBOLS USED IN COLUMN 16
AVERAGE MONTHLY: 35.7 TOTAL FOR MONTH: 4.76 1 = FOG OR MIST
DPTR FM NORMAL: -4.9 DPTR FM NORMAL: 2.11 2 = FOG REDUCING VISIBILITY
HIGHEST: 65 ON 23 GRTST 24HR 1.94 ON 12-13 TO 1/4 MILE OR LESS
LOWEST: 14 ON 17 3 = THUNDER
SNOW, ICE PELLETS, HAIL 4 = ICE PELLETS
TOTAL MONTH: 14.1 INCHES 5 = HAIL
GRTST 24HR 3.4 ON 4- 4 6 = FREEZING RAIN OR DRIZZLE
GRTST DEPTH: 5 ON 8, 4 7 = DUSTSTORM OR SANDSTORM:
VSBY 1/2 MILE OR LESS
8 = SMOKE OR HAZE
[NO. OF DAYS WITH] [WEATHER - DAYS WITH] 9 = BLOWING SNOW
X = TORNADO
MAX 32 OR BELOW: 5 0.01 INCH OR MORE: 18
MAX 90 OR ABOVE: 0 0.10 INCH OR MORE: 10
MIN 32 OR BELOW: 25 0.50 INCH OR MORE: 3
MIN 0 OR BELOW: 0 1.00 INCH OR MORE: 1
[HDD (BASE 65) ]
TOTAL THIS MO. 871 CLEAR (SCALE 0-3) 2
DPTR FM NORMAL 140 PTCLDY (SCALE 4-7) 13
TOTAL FM JUL 1 8560 CLOUDY (SCALE 8-10) 15
DPTR FM NORMAL 220
[CDD (BASE 65) ]
TOTAL THIS MO. 0
DPTR FM NORMAL -1 [PRESSURE DATA]
TOTAL FM JAN 1 0 HIGHEST SLP 30.47 ON 22
DPTR FM NORMAL -1 LOWEST SLP 29.26 ON 6
[REMARKS]
#FINAL-04-22#