000
CXUS56 KSGX 011045
CF6RIV
PRELIMINARY LOCAL CLIMATOLOGICAL DATA (WS FORM: F-6)
STATION: RIVERSIDE/MARCH ARB CA
MONTH: AUGUST
YEAR: 2022
LATITUDE: 33 53 N
LONGITUDE: 117-15 E
TEMPERATURE IN F: :PCPN: SNOW: WIND :SUNSHINE: SKY :PK WND
================================================================================
1 2 3 4 5 6A 6B 7 8 9 10 11 12 13 14 15 16 17 18
12Z AVG MX 2MIN
DY MAX MIN AVG DEP HDD CDD WTR SNW DPTH SPD SPD DIR MIN PSBL S-S WX SPD DR
================================================================================
1 97 72 85 M 0 20 0.00 M M 7.0 16 310 M M 3 16 300
2 94 70 82 M 0 17 0.00 M M 6.6 15 320 M M 1 20 290
3 96 69 83 M 0 18 0.00 M M 5.0 14 310 M M 2 M M
4 93 70 82 M 0 17 T M M 5.1 14 320 M M 5 M M
5 96 72 84 M 0 19 0.01 M M 6.8 16 310 M M 3 23 290
6 99 65 82 M 0 17 0.00 M M 7.2 16 290 M M 0 22 290
7 104 66 85 M 0 20 0.00 M M 5.2 17 300 M M 0 20 300
8 99 72 86 M 0 21 0.00 M M 4.9 14 320 M M 2 M M
9 100 73 87 M 0 22 0.00 M M 4.7 16 310 M M 0 18 300
10 98 70 84 M 0 19 0.00 M M 5.5 15 320 M M 0 M M
11 100 69 85 M 0 20 0.00 M M 5.4 17 320 M M 0 M M
12 102 69 86 M 0 21 0.00 M M 4.7 17 320 M M 1 M M
13 103 72 88 M 0 23 0.00 M M 5.4 16 300 M M 1 M M
14 101 69 85 M 0 20 0.00 M M 4.6 17 310 M M 0 M M
15 101 69 85 M 0 20 0.00 M M 4.3 17 310 M M 0 22 310
16 102 69 86 M 0 21 0.00 M M 4.6 14 310 M M 1 22 330
17 100 69 85 M 0 20 0.00 M M 5.9 17 300 M M 0 23 300
18 97 69 83 M 0 18 0.00 M M 4.6 13 290 M M 0 M M
19 98 67 83 M 0 18 0.00 M M 4.7 14 320 M M 0 M M
20 93 67 80 M 0 15 0.00 M M 5.3 14 320 M M 0 M M
21 89 65 77 M 0 12 0.00 M M 5.9 13 310 M M 0 M M
22 93 65 79 M 0 14 0.00 M M 5.0 14 330 M M 0 M M
23 100 67 84 M 0 19 0.00 M M 5.0 14 300 M M 1 M M
24 99 68 84 M 0 19 0.00 M M 5.2 13 310 M M 1 M M
25 96 70 83 M 0 18 0.00 M M 6.3 16 320 M M 1 22 320
26 98 67 83 M 0 18 0.00 M M 4.4 15 320 M M 0 M M
27 92 63 78 M 0 13 0.00 M M 5.0 16 310 M M 0 22 300
28 89 64 77 M 0 12 0.00 M M 5.5 13 320 M M 1 M M
29 93 64 79 M 0 14 0.00 M M 5.1 13 320 M M 0 M M
30 102 68 85 M 0 20 0.00 M M 5.1 16 310 M M 0 M M
31 108 69 89 M 0 24 0.00 M M 5.6 16 310 M M 1 22 300
================================================================================
SM 3032 2118 0 569 0.01 M 165.4 M 24
================================================================================
AV 97.8 68.3 5.3 FASTST M M 1 MAX(MPH)
MISC ----> # 17 320 # 23 290
================================================================================
NOTES:
# LAST OF SEVERAL OCCURRENCES
COLUMN 17 PEAK WIND IN M.P.H.
PRELIMINARY LOCAL CLIMATOLOGICAL DATA (WS FORM: F-6) , PAGE 2
STATION: RIVERSIDE/MARCH ARB CA
MONTH: AUGUST
YEAR: 2022
LATITUDE: 33 53 N
LONGITUDE: 117-15 E
[TEMPERATURE DATA] [PRECIPITATION DATA] SYMBOLS USED IN COLUMN 16
AVERAGE MONTHLY: 83.1 TOTAL FOR MONTH: 0.01 1 = FOG OR MIST
DPTR FM NORMAL: 0.0 DPTR FM NORMAL: M 2 = FOG REDUCING VISIBILITY
HIGHEST: 108 ON 31 GRTST 24HR 0.01 ON 5- 5 TO 1/4 MILE OR LESS
LOWEST: 63 ON 27 3 = THUNDER
SNOW, ICE PELLETS, HAIL 4 = ICE PELLETS
TOTAL MONTH: M 5 = HAIL
GRTST 24HR M ON M 6 = FREEZING RAIN OR DRIZZLE
GRTST DEPTH: M ON M 7 = DUSTSTORM OR SANDSTORM:
VSBY 1/2 MILE OR LESS
8 = SMOKE OR HAZE
[NO. OF DAYS WITH] [WEATHER - DAYS WITH] 9 = BLOWING SNOW
X = TORNADO
MAX 32 OR BELOW: 0 0.01 INCH OR MORE: 1
MAX 90 OR ABOVE: 29 0.10 INCH OR MORE: 0
MIN 32 OR BELOW: 0 0.50 INCH OR MORE: 0
MIN 0 OR BELOW: 0 1.00 INCH OR MORE: 0
[HDD (BASE 65) ]
TOTAL THIS MO. 0 CLEAR (SCALE 0-3) 29
DPTR FM NORMAL M PTCLDY (SCALE 4-7) 2
TOTAL FM JUL 1 0 CLOUDY (SCALE 8-10) 0
DPTR FM NORMAL M
[CDD (BASE 65) ]
TOTAL THIS MO. 569
DPTR FM NORMAL M [PRESSURE DATA]
TOTAL FM JAN 1 1530 HIGHEST SLP M ON M
DPTR FM NORMAL M LOWEST SLP M ON M
[REMARKS]
#FINAL-08-22#