000
CXUS56 KSGX 011145
CF6RIV
PRELIMINARY LOCAL CLIMATOLOGICAL DATA (WS FORM: F-6)
STATION: RIVERSIDE/MARCH ARB CA
MONTH: JANUARY
YEAR: 2022
LATITUDE: 33 53 N
LONGITUDE: 117-15 E
TEMPERATURE IN F: :PCPN: SNOW: WIND :SUNSHINE: SKY :PK WND
================================================================================
1 2 3 4 5 6A 6B 7 8 9 10 11 12 13 14 15 16 17 18
12Z AVG MX 2MIN
DY MAX MIN AVG DEP HDD CDD WTR SNW DPTH SPD SPD DIR MIN PSBL S-S WX SPD DR
================================================================================
1 59 36 48 M 17 0 0.00 M M 4.5 13 100 M M 1 17 100
2 63 39 51 M 14 0 0.00 M M 8.1 17 100 M M 0 22 100
3 64 28 46 M 19 0 0.00 M M 1.3 7 310 M M 0 M M
4 63 31 47 M 18 0 0.00 M M 1.3 7 20 M M 0 M M
5 71 35 53 M 12 0 0.00 M M 2.0 12 70 M M 0 18 70
6 76 38 57 M 8 0 0.00 M M 1.3 8 330 M M 0 M M
7 68 36 52 M 13 0 0.00 M M 2.6 10 160 M M 2 1 M M
8 61 40 51 M 14 0 0.00 M M 1.9 6 170 M M 3 1 M M
9 71 37 54 M 11 0 0.00 M M 7.6 16 90 M M 0 M M
10 67 38 53 M 12 0 0.00 M M 7.3 14 10 M M 1 M M
11 74 41 58 M 7 0 0.00 M M 6.7 16 100 M M 1 23 80
12 76 38 57 M 8 0 0.00 M M 5.0 9 60 M M 0 M M
13 70 44 57 M 8 0 T M M 1.4 5 340 M M 7 M M
14 76 43 60 M 5 0 0.00 M M 4.6 14 100 M M 1 30 90
15 68 53 61 M 4 0 0.00 M M 8.2 18 100 M M 5 25 110
16 72 47 60 M 5 0 0.00 M M 1.9 7 80 M M 6 M M
17 60 49 55 M 10 0 0.01 M M 1.7 7 310 M M 8 M M
18 63 52 58 M 7 0 T M M 4.0 9 310 M M 7 1 M M
19 65 42 54 M 11 0 0.00 M M 1.8 8 330 M M 3 1 M M
20 73 37 55 M 10 0 0.00 M M 3.5 14 340 M M 0 1 M M
21 71 34 53 M 12 0 0.00 M M 9.6 28 10 M M 0 40 10
22 66 41 54 M 11 0 0.00 M M 12.0 28 10 M M 0 37 10
23 70 36 53 M 12 0 0.00 M M 4.9 14 330 M M 0 M M
24 71 33 52 M 13 0 0.00 M M 1.4 6 300 M M 0 M M
25 71 33 52 M 13 0 0.00 M M 2.7 13 10 M M 0 M M
26 67 34 51 M 14 0 0.00 M M 6.3 14 60 M M 0 M M
27 70 31 51 M 14 0 0.00 M M 5.8 21 90 M M 0 24 90
28 67 42 55 M 10 0 0.00 M M 12.1 21 80 M M 0 33 90
29 65 33 49 M 16 0 0.00 M M 2.2 13 60 M M 2 20 60
30 73 30 52 M 13 0 0.00 M M 2.0 10 310 M M 0 M M
31 63 30 47 M 18 0 0.00 M M 1.5 7 180 M M 3 M M
================================================================================
SM 2114 1181 359 0 0.01 M 137.0 M 50
================================================================================
AV 68.2 38.1 4.4 FASTST M M 2 MAX(MPH)
MISC ----> 28 10 40 10
================================================================================
NOTES:
# LAST OF SEVERAL OCCURRENCES
COLUMN 17 PEAK WIND IN M.P.H.
PRELIMINARY LOCAL CLIMATOLOGICAL DATA (WS FORM: F-6) , PAGE 2
STATION: RIVERSIDE/MARCH ARB CA
MONTH: JANUARY
YEAR: 2022
LATITUDE: 33 53 N
LONGITUDE: 117-15 E
[TEMPERATURE DATA] [PRECIPITATION DATA] SYMBOLS USED IN COLUMN 16
AVERAGE MONTHLY: 53.1 TOTAL FOR MONTH: 0.01 1 = FOG OR MIST
DPTR FM NORMAL: 0.0 DPTR FM NORMAL: M 2 = FOG REDUCING VISIBILITY
HIGHEST: 76 ON 14,12 GRTST 24HR 0.13 ON 17-17 TO 1/4 MILE OR LESS
LOWEST: 28 ON 3 3 = THUNDER
SNOW, ICE PELLETS, HAIL 4 = ICE PELLETS
TOTAL MONTH: M 5 = HAIL
GRTST 24HR M ON M 6 = FREEZING RAIN OR DRIZZLE
GRTST DEPTH: M ON M 7 = DUSTSTORM OR SANDSTORM:
VSBY 1/2 MILE OR LESS
8 = SMOKE OR HAZE
[NO. OF DAYS WITH] [WEATHER - DAYS WITH] 9 = BLOWING SNOW
X = TORNADO
MAX 32 OR BELOW: 0 0.01 INCH OR MORE: 1
MAX 90 OR ABOVE: 0 0.10 INCH OR MORE: 0
MIN 32 OR BELOW: 5 0.50 INCH OR MORE: 0
MIN 0 OR BELOW: 0 1.00 INCH OR MORE: 0
[HDD (BASE 65) ]
TOTAL THIS MO. 359 CLEAR (SCALE 0-3) 25
DPTR FM NORMAL M PTCLDY (SCALE 4-7) 5
TOTAL FM JUL 1 950 CLOUDY (SCALE 8-10) 1
DPTR FM NORMAL M
[CDD (BASE 65) ]
TOTAL THIS MO. 0
DPTR FM NORMAL M [PRESSURE DATA]
TOTAL FM JAN 1 0 HIGHEST SLP M ON M
DPTR FM NORMAL M LOWEST SLP M ON M
[REMARKS]
#FINAL-01-22#