000
CXUS55 KRIW 011110
CF6RKS
PRELIMINARY LOCAL CLIMATOLOGICAL DATA (WS FORM: F-6)
STATION: ROCK SPRINGS WY
MONTH: NOVEMBER
YEAR: 2022
LATITUDE: 41 35 N
LONGITUDE: 109 4 W
TEMPERATURE IN F: :PCPN: SNOW: WIND :SUNSHINE: SKY :PK WND
================================================================================
1 2 3 4 5 6A 6B 7 8 9 10 11 12 13 14 15 16 17 18
12Z AVG MX 2MIN
DY MAX MIN AVG DEP HDD CDD WTR SNW DPTH SPD SPD DIR MIN PSBL S-S WX SPD DR
================================================================================
1 55 30 43 5 22 0 0.00 M M 13.7 36 200 M M 0 46 190
2 49 25 37 0 28 0 0.02 M M 14.3 32 210 M M 6 1 45 200
3 28 19 24 -13 41 0 T M M 7.4 18 30 M M 10 1 25 40
4 28 16 22 -14 43 0 0.00 M M 23.2 40 260 M M 5 52 260
5 43 29 36 0 29 0 T M M 30.1 47 290 M M 9 1 65 290
6 39 26 33 -3 32 0 T M M 12.4 23 170 M M 8 31 180
7 50 36 43 8 22 0 0.00 M M 18.8 36 180 M M 4 51 180
8 53 40 47 12 18 0 0.00 M M 20.7 38 200 M M 0 52 190
9 49 21 35 1 30 0 0.07 M M 18.4 47 180 M M 6 128 65 210
10 25 14 20 -14 45 0 T M M 21.0 33 250 M M 6 19 45 260
11 27 11 19 -14 46 0 0.00 M M 14.2 23 250 M M 1 28 250
12 29 5 17 -16 48 0 0.00 M M 3.8 13 220 M M 0 14 230
13 33 9 21 -11 44 0 0.00 M M 7.6 24 60 M M 2 1 35 60
14 30 11 21 -11 44 0 T M M 8.6 21 70 M M 6 1 25 60
15 26 10 18 -13 47 0 T M M 12.1 21 230 M M 3 1 26 230
16 32 16 24 -7 41 0 0.00 M M 16.4 26 260 M M 3 35 270
17 24 7 16 -14 49 0 T M M 13.0 25 280 M M 8 18 34 280
18 15 -3 6 -24 59 0 T M M 5.9 13 250 M M 3 1 15 70
19 23 -1 11 -19 54 0 0.00 M M 8.3 22 230 M M 0 28 230
20 37 9 23 -6 42 0 0.00 M M 13.3 22 260 M M 0 26 250
21 39 15 27 -2 38 0 0.00 M M 11.6 24 260 M M 0 27 250
22 40 15 28 0 37 0 0.00 M M 6.7 14 230 M M 0 18 240
23 35 21 28 0 37 0 T M M 15.9 36 260 M M 7 1 47 270
24 35 15 25 -2 40 0 0.00 M M 9.0 14 240 M M 2 18 240
25 42 17 30 3 35 0 0.00 M M 5.7 15 260 M M 0 18 250
26 35 25 30 4 35 0 T M M 11.4 24 250 M M 5 1 27 250
27 34 18 26 0 39 0 0.00 M M 18.9 41 260 M M 6 47 270
28 33 14 24 -2 41 0 0.01 M M 13.5 32 260 M M 9 18 42 260
29 18 7 13 -12 52 0 0.01 M M 15.5 31 260 M M 7 1 39 270
30 27 6 17 -8 48 0 0.00 M M 4.3 15 250 M M 2 19 260
================================================================================
SM 1033 483 1186 0 0.11 M 395.7 M 118
================================================================================
AV 34.4 16.1 13.2 FASTST M M 4 MAX(MPH)
MISC ----> # 47 290 # 65 290
================================================================================
NOTES:
# LAST OF SEVERAL OCCURRENCES
COLUMN 17 PEAK WIND IN M.P.H.
PRELIMINARY LOCAL CLIMATOLOGICAL DATA (WS FORM: F-6) , PAGE 2
STATION: ROCK SPRINGS WY
MONTH: NOVEMBER
YEAR: 2022
LATITUDE: 41 35 N
LONGITUDE: 109 4 W
[TEMPERATURE DATA] [PRECIPITATION DATA] SYMBOLS USED IN COLUMN 16
AVERAGE MONTHLY: 25.3 TOTAL FOR MONTH: 0.11 1 = FOG OR MIST
DPTR FM NORMAL: -5.9 DPTR FM NORMAL: -0.29 2 = FOG REDUCING VISIBILITY
HIGHEST: 55 ON 1 GRTST 24HR 0.07 ON 9- 9 TO 1/4 MILE OR LESS
LOWEST: -3 ON 18 3 = THUNDER
SNOW, ICE PELLETS, HAIL 4 = ICE PELLETS
TOTAL MONTH: M 5 = HAIL
GRTST 24HR M ON M 6 = FREEZING RAIN OR DRIZZLE
GRTST DEPTH: M ON M 7 = DUSTSTORM OR SANDSTORM:
VSBY 1/2 MILE OR LESS
8 = SMOKE OR HAZE
[NO. OF DAYS WITH] [WEATHER - DAYS WITH] 9 = BLOWING SNOW
X = TORNADO
MAX 32 OR BELOW: 13 0.01 INCH OR MORE: 4
MAX 90 OR ABOVE: 0 0.10 INCH OR MORE: 0
MIN 32 OR BELOW: 28 0.50 INCH OR MORE: 0
MIN 0 OR BELOW: 2 1.00 INCH OR MORE: 0
[HDD (BASE 65) ]
TOTAL THIS MO. 1186 CLEAR (SCALE 0-3) 14
DPTR FM NORMAL 170 PTCLDY (SCALE 4-7) 13
TOTAL FM JUL 1 1921 CLOUDY (SCALE 8-10) 3
DPTR FM NORMAL -34
[CDD (BASE 65) ]
TOTAL THIS MO. 0
DPTR FM NORMAL 0 [PRESSURE DATA]
TOTAL FM JAN 1 537 HIGHEST SLP 30.70 ON 19
DPTR FM NORMAL 217 LOWEST SLP 29.43 ON 9
[REMARKS]
#FINAL-11-22#