000
CXUS51 KRNK 030243
CF6RNK
PRELIMINARY LOCAL CLIMATOLOGICAL DATA (WS FORM: F-6)
STATION: BLACKSBURG VA
MONTH: AUGUST
YEAR: 2022
LATITUDE: 37 13 N
LONGITUDE: 80 25 W
TEMPERATURE IN F: :PCPN: SNOW: WIND :SUNSHINE: SKY :PK WND
================================================================================
1 2 3 4 5 6A 6B 7 8 9 10 11 12 13 14 15 16 17 18
12Z AVG MX 2MIN
DY MAX MIN AVG DEP HDD CDD WTR SNW DPTH SPD SPD DIR MIN PSBL S-S WX SPD DR
================================================================================
1 84 68 76 5 0 11 0.02 0.0 0 2.1 14 300 M M 5 29 300
2 85 66 76 5 0 11 0.00 0.0 0 3.6 12 310 M M 3 18 310
3 88 63 76 5 0 11 0.11 0.0 0 1.2 6 250 M M 2 1 M M
4 86 67 77 6 0 12 0.02 0.0 0 1.6 7 200 M M 3 1 M M
5 88 65 77 6 0 12 0.91 0.0 0 1.2 8 130 M M 4 13 16 170
6 83 66 75 4 0 10 1.02 0.0 0 1.4 14 300 M M 7 13 23 300
7 86 65 76 5 0 11 0.29 0.0 0 1.4 8 40 M M 7 12 M M
8 85 66 76 5 0 11 0.22 0.0 0 1.3 9 320 M M 5 123 21 320
9 87 66 77 6 0 12 0.00 0.0 0 0.7 7 300 M M 3 1 M M
10 83 67 75 4 0 10 0.20 0.0 0 0.8 14 310 M M 3 13 17 310
11 82 61 72 1 0 7 0.00 0.0 0 2.5 13 310 M M 5 21 310
12 80 58 69 -2 0 4 T 0.0 0 2.3 10 330 M M 6 1 M M
13 78 53 66 -5 0 1 0.00 0.0 0 1.7 9 90 M M 2 M M
14 74 58 66 -5 0 1 0.27 0.0 0 0.6 6 210 M M 8 1 M M
15 72 60 66 -5 0 1 0.54 0.0 0 4.4 12 100 M M 10 13 M M
16 67 59 63 -7 2 0 0.01 0.0 0 3.5 7 60 M M 10 1 M M
17 76 59 68 -2 0 3 T 0.0 0 2.7 10 110 M M 7 16 70
18 81 57 69 -1 0 4 T 0.0 0 1.5 8 120 M M 5 12 M M
19 79 61 70 0 0 5 0.15 0.0 0 2.1 9 110 M M 8 1 M M
20 82 58 70 0 0 5 0.21 0.0 0 1.2 8 110 M M 3 1 M M
21 78 65 72 2 0 7 1.71 0.0 0 1.7 9 110 M M 8 13 M M
22 82 62 72 2 0 7 0.06 0.0 0 2.3 12 310 M M 6 2 17 310
23 81 60 71 1 0 6 0.00 0.0 0 2.0 7 310 M M 2 M M
24 83 57 70 0 0 5 0.00 0.0 0 0.6 6 300 M M 4 12 M M
25 82 63 73 3 0 8 0.00 0.0 0 0.9 6 100 M M 7 M M
26 83 62 73 3 0 8 0.50 0.0 0 2.1 12 80 M M 5 123 18 80
27 84 62 73 4 0 8 0.09 0.0 0 1.2 10 360 M M 5 12 M M
28 85 63 74 5 0 9 0.00 0.0 0 2.7 8 120 M M 2 1 M M
29 87 64 76 7 0 11 0.00 0.0 0 1.4 10 110 M M 2 1 M M
30 82 63 73 4 0 8 0.14 0.0 0 1.4 9 300 M M 6 1 21 300
31 79 58 69 0 0 4 0.00 0.0 0 3.2 13 320 M M 1 17 320
================================================================================
SM 2532 1922 2 223 6.47 0.0 57.3 M 154
================================================================================
AV 81.7 62.0 1.8 FASTST M M 5 MAX(MPH)
MISC ----> # 14 300 29 300
================================================================================
NOTES:
# LAST OF SEVERAL OCCURRENCES
COLUMN 17 PEAK WIND IN M.P.H.
PRELIMINARY LOCAL CLIMATOLOGICAL DATA (WS FORM: F-6) , PAGE 2
STATION: BLACKSBURG VA
MONTH: AUGUST
YEAR: 2022
LATITUDE: 37 13 N
LONGITUDE: 80 25 W
[TEMPERATURE DATA] [PRECIPITATION DATA] SYMBOLS USED IN COLUMN 16
AVERAGE MONTHLY: 71.8 TOTAL FOR MONTH: 6.47 1 = FOG OR MIST
DPTR FM NORMAL: 1.4 DPTR FM NORMAL: 2.90 2 = FOG REDUCING VISIBILITY
HIGHEST: 88 ON 5, 3 GRTST 24HR 1.71 ON 21-21 TO 1/4 MILE OR LESS
LOWEST: 53 ON 13 3 = THUNDER
SNOW, ICE PELLETS, HAIL 4 = ICE PELLETS
TOTAL MONTH: 0.0 INCH 5 = HAIL
GRTST 24HR 0.0 6 = FREEZING RAIN OR DRIZZLE
GRTST DEPTH: 0 7 = DUSTSTORM OR SANDSTORM:
VSBY 1/2 MILE OR LESS
8 = SMOKE OR HAZE
[NO. OF DAYS WITH] [WEATHER - DAYS WITH] 9 = BLOWING SNOW
X = TORNADO
MAX 32 OR BELOW: 0 0.01 INCH OR MORE: 18
MAX 90 OR ABOVE: 0 0.10 INCH OR MORE: 13
MIN 32 OR BELOW: 0 0.50 INCH OR MORE: 5
MIN 0 OR BELOW: 0 1.00 INCH OR MORE: 2
[HDD (BASE 65) ]
TOTAL THIS MO. 2 CLEAR (SCALE 0-3) 9
DPTR FM NORMAL -8 PTCLDY (SCALE 4-7) 20
TOTAL FM JUL 1 4 CLOUDY (SCALE 8-10) 2
DPTR FM NORMAL -4
[CDD (BASE 65) ]
TOTAL THIS MO. 223
DPTR FM NORMAL 48 [PRESSURE DATA]
TOTAL FM JAN 1 733 HIGHEST SLP M ON M
DPTR FM NORMAL 191 LOWEST SLP M ON M
[REMARKS]
#FINAL-08-22#