000
CXUS56 KSGX 011045
CF6RNM
PRELIMINARY LOCAL CLIMATOLOGICAL DATA (WS FORM: F-6)
STATION: RAMONA AIRPORT CA
MONTH: APRIL
YEAR: 2023
LATITUDE: 33 2 N
LONGITUDE: 116 55 W
TEMPERATURE IN F: :PCPN: SNOW: WIND :SUNSHINE: SKY :PK WND
================================================================================
1 2 3 4 5 6A 6B 7 8 9 10 11 12 13 14 15 16 17 18
12Z AVG MX 2MIN
DY MAX MIN AVG DEP HDD CDD WTR SNW DPTH SPD SPD DIR MIN PSBL S-S WX SPD DR
================================================================================
1 68 32 50 -5 15 0 0.00 M M 4.2 15 290 M M 1 12 19 270
2 69 33 51 -4 14 0 0.00 M M 4.2 15 260 M M 2 12 18 260
3 56 37 47 -8 18 0 T M M 9.6 20 270 M M 8 1 28 260
4 59 29 44 -11 21 0 0.00 M M 5.8 18 260 M M 0 23 270
5 66 31 49 -7 16 0 0.00 M M 3.8 15 270 M M 0 1 20 280
6 72 34 53 -3 12 0 0.00 M M 4.8 17 260 M M 0 18 23 260
7 70 36 53 -3 12 0 0.00 M M 3.9 14 280 M M 0 17 270
8 72 35 54 -2 11 0 0.00 M M 3.8 14 300 M M 0 12 18 260
9 77 39 58 2 7 0 0.00 M M 3.6 13 300 M M 2 12 17 310
10 81 43 62 6 3 0 0.00 M M 3.4 13 300 M M 0 1 15 310
11 78 41 60 4 5 0 0.00 M M 4.2 14 300 M M 3 128 17 290
12 66 50 58 2 7 0 0.00 M M 5.7 13 190 M M 9 128 16 160
13 56 48 52 -5 13 0 0.03 M M 6.4 14 180 M M 10 18 18 170
14 58 47 53 -4 12 0 0.00 M M 3.4 9 300 M M 9 18 12 280
15 71 43 57 0 8 0 0.00 M M 4.1 14 270 M M 3 128 17 260
16 65 43 54 -3 11 0 0.00 M M 4.4 14 280 M M 6 128 18 270
17 63 51 57 0 8 0 0.00 M M 4.6 10 310 M M 9 18 13 320
18 64 47 56 -2 9 0 0.00 M M 4.7 14 270 M M 7 18 19 270
19 68 42 55 -3 10 0 0.00 M M 4.2 13 270 M M 4 1 17 270
20 79 37 58 0 7 0 0.00 M M 4.4 15 290 M M 0 1 19 280
21 88 40 64 6 1 0 0.00 M M 3.7 16 270 M M 0 21 260
22 85 42 64 6 1 0 0.00 M M 3.1 12 270 M M 0 14 280
23 76 43 60 2 5 0 0.00 M M 5.7 14 270 M M 1 128 18 280
24 72 50 61 2 4 0 0.00 M M 4.2 13 270 M M 6 128 16 270
25 71 54 63 4 2 0 0.00 M M 3.2 13 300 M M 7 18 16 290
26 81 48 65 6 0 0 0.00 M M 4.8 14 300 M M 4 128 18 310
27 82 42 62 3 3 0 0.00 M M 3.8 14 300 M M 1 128 16 290
28 79 43 61 1 4 0 0.00 M M 4.4 13 270 M M 1 128 17 310
29 81 42 62 2 3 0 0.00 M M 4.4 13 300 M M 2 12 17 290
30 75 47 61 1 4 0 0.00 M M 4.4 14 280 M M 6 128 16 280
================================================================================
SM 2148 1249 246 0 0.03 M 134.9 M 101
================================================================================
AV 71.6 41.6 4.5 FASTST M M 3 MAX(MPH)
MISC ----> 20 270 28 260
================================================================================
NOTES:
# LAST OF SEVERAL OCCURRENCES
COLUMN 17 PEAK WIND IN M.P.H.
PRELIMINARY LOCAL CLIMATOLOGICAL DATA (WS FORM: F-6) , PAGE 2
STATION: RAMONA AIRPORT CA
MONTH: APRIL
YEAR: 2023
LATITUDE: 33 2 N
LONGITUDE: 116 55 W
[TEMPERATURE DATA] [PRECIPITATION DATA] SYMBOLS USED IN COLUMN 16
AVERAGE MONTHLY: 56.6 TOTAL FOR MONTH: 0.03 1 = FOG OR MIST
DPTR FM NORMAL: -0.7 DPTR FM NORMAL: -0.97 2 = FOG REDUCING VISIBILITY
HIGHEST: 88 ON 21 GRTST 24HR 0.03 ON 13-13 TO 1/4 MILE OR LESS
LOWEST: 29 ON 4 3 = THUNDER
SNOW, ICE PELLETS, HAIL 4 = ICE PELLETS
TOTAL MONTH: M 5 = HAIL
GRTST 24HR M ON M 6 = FREEZING RAIN OR DRIZZLE
GRTST DEPTH: M ON M 7 = DUSTSTORM OR SANDSTORM:
VSBY 1/2 MILE OR LESS
8 = SMOKE OR HAZE
[NO. OF DAYS WITH] [WEATHER - DAYS WITH] 9 = BLOWING SNOW
X = TORNADO
MAX 32 OR BELOW: 0 0.01 INCH OR MORE: 1
MAX 90 OR ABOVE: 0 0.10 INCH OR MORE: 0
MIN 32 OR BELOW: 3 0.50 INCH OR MORE: 0
MIN 0 OR BELOW: 0 1.00 INCH OR MORE: 0
[HDD (BASE 65) ]
TOTAL THIS MO. 246 CLEAR (SCALE 0-3) 18
DPTR FM NORMAL 7 PTCLDY (SCALE 4-7) 7
TOTAL FM JUL 1 2527 CLOUDY (SCALE 8-10) 5
DPTR FM NORMAL 338
[CDD (BASE 65) ]
TOTAL THIS MO. 0
DPTR FM NORMAL -7 [PRESSURE DATA]
TOTAL FM JAN 1 0 HIGHEST SLP 30.13 ON 21
DPTR FM NORMAL -9 LOWEST SLP 29.76 ON 23
[REMARKS]
#FINAL-04-23#