141
CXUS55 KREV 020020
CF6RNO
PRELIMINARY LOCAL CLIMATOLOGICAL DATA (WS FORM: F-6)
STATION: RENO-TAHOE INTL AIRPORT NV
MONTH: MARCH
YEAR: 2021
LATITUDE: 39 30 N
LONGITUDE: 119 47 W
TEMPERATURE IN F: :PCPN: SNOW: WIND :SUNSHINE: SKY :PK WND
================================================================================
1 2 3 4 5 6A 6B 7 8 9 10 11 12 13 14 15 16 17 18
12Z AVG MX 2MIN
DY MAX MIN AVG DEP HDD CDD WTR SNW DPTH SPD SPD DIR MIN PSBL S-S WX SPD DR
================================================================================
1 61 23 42 -1 23 0 0.00 0.0 0 2.6 16 170 M M 0 22 150
2 59 26 43 0 22 0 0.00 0.0 0 3.0 14 90 M M 7 19 70
3 56 28 42 -2 23 0 0.00 0.0 0 2.2 10 290 M M 7 19 290
4 63 27 45 1 20 0 0.00 0.0 0 3.5 20 180 M M 1 23 150
5 68 27 48 4 17 0 0.00 0.0 0 6.0 22 220 M M 5 28 190
6 54 36 45 1 20 0 0.01 0.0 0 14.8 44 190 M M 4 52 170
7 62 27 45 1 20 0 0.00 0.0 0 3.2 20 340 M M 2 28 340
8 51 33 42 -2 23 0 0.00 0.0 0 10.4 33 220 M M 4 44 220
9 46 28 37 -8 28 0 T T 0 5.0 25 240 M M 7 29 240
10 42 28 35 -10 30 0 T 0.1 0 5.1 24 170 M M 8 18 30 170
11 43 26 35 -10 30 0 0.02 0.2 0 4.6 24 360 M M 8 158 33 360
12 52 31 42 -3 23 0 0.00 0.0 0 8.0 20 360 M M 4 28 30
13 60 24 42 -3 23 0 0.00 0.0 0 4.8 16 340 M M 0 20 350
14 60 29 45 -1 20 0 0.00 0.0 0 8.6 38 190 M M 6 46 180
15 43 32 38 -8 27 0 T T 0 14.1 32 160 M M 8 39 160
16 58 34 46 0 19 0 0.00 0.0 0 5.6 20 340 M M 5 25 350
17 55 27 41 -5 24 0 0.00 0.0 0 2.9 15 300 M M 7 18 290
18 64 43 54 8 11 0 T 0.0 0 16.7 37 190 M M 7 42 190
19 60 42 51 5 14 0 T 0.0 0 11.0 33 180 M M 7 42 180
20 50 34 42 -4 23 0 T T 0 12.1 25 350 M M 6 32 260
21 53 25 39 -7 26 0 0.00 0.0 0 2.1 10 10 M M 2 13 10
22 52 33 43 -4 22 0 0.03 T 0 10.4 24 280 M M 9 18 31 270
23 44 30 37 -10 28 0 T T 0 10.4 26 30 M M 6 1 34 40
24 56 24 40 -7 25 0 0.00 0.0 0 4.4 24 280 M M 6 8 30 290
25 51 35 43 -4 22 0 0.00 0.0 0 13.7 26 360 M M 7 34 360
26 55 26 41 -6 24 0 0.00 0.0 0 4.6 13 50 M M 1 17 100
27 68 29 49 2 16 0 0.00 0.0 0 2.8 12 90 M M 1 14 100
28 72 32 52 5 13 0 0.00 0.0 0 7.4 26 280 M M 1 33 280
29 55 36 46 -2 19 0 0.00 0.0 0 13.3 20 330 M M 2 30 30
30 57 28 43 -5 22 0 0.00 0.0 0 5.1 15 80 M M 0 20 70
31 67 31 49 1 16 0 0.00 0.0 0 5.1 17 100 M M 0 31 110
================================================================================
SM 1737 934 673 0 0.06 0.3 223.5 M 138
================================================================================
AV 56.0 30.1 7.2 FASTST M M 4 MAX(MPH)
MISC ----> 44 190 52 170
================================================================================
NOTES:
# LAST OF SEVERAL OCCURRENCES
COLUMN 17 PEAK WIND IN M.P.H.
PRELIMINARY LOCAL CLIMATOLOGICAL DATA (WS FORM: F-6) , PAGE 2
STATION: RENO-TAHOE INTL AIRPORT NV
MONTH: MARCH
YEAR: 2021
LATITUDE: 39 30 N
LONGITUDE: 119 47 W
[TEMPERATURE DATA] [PRECIPITATION DATA] SYMBOLS USED IN COLUMN 16
AVERAGE MONTHLY: 43.1 TOTAL FOR MONTH: 0.06 1 = FOG OR MIST
DPTR FM NORMAL: -2.6 DPTR FM NORMAL: -0.70 2 = FOG REDUCING VISIBILITY
HIGHEST: 72 ON 28 GRTST 24HR 0.03 ON 22-22 TO 1/4 MILE OR LESS
LOWEST: 23 ON 1 3 = THUNDER
SNOW, ICE PELLETS, HAIL 4 = ICE PELLETS
TOTAL MONTH: 0.3 INCH 5 = HAIL
GRTST 24HR 0.2 ON 11-11 6 = FREEZING RAIN OR DRIZZLE
GRTST DEPTH: 0 7 = DUSTSTORM OR SANDSTORM:
VSBY 1/2 MILE OR LESS
8 = SMOKE OR HAZE
[NO. OF DAYS WITH] [WEATHER - DAYS WITH] 9 = BLOWING SNOW
X = TORNADO
MAX 32 OR BELOW: 0 0.01 INCH OR MORE: 3
MAX 90 OR ABOVE: 0 0.10 INCH OR MORE: 0
MIN 32 OR BELOW: 22 0.50 INCH OR MORE: 0
MIN 0 OR BELOW: 0 1.00 INCH OR MORE: 0
[HDD (BASE 65) ]
TOTAL THIS MO. 673 CLEAR (SCALE 0-3) 11
DPTR FM NORMAL 75 PTCLDY (SCALE 4-7) 18
TOTAL FM JUL 1 4018 CLOUDY (SCALE 8-10) 2
DPTR FM NORMAL -217
[CDD (BASE 65) ]
TOTAL THIS MO. 0
DPTR FM NORMAL 0 [PRESSURE DATA]
TOTAL FM JAN 1 0 HIGHEST SLP 30.38 ON 31
DPTR FM NORMAL 0 LOWEST SLP 29.60 ON 25
[REMARKS]
THE AVERAGE TEMPERATURE FOR MARCH 2021 AT THE RENO-TAHOE
INTERNATIONAL AIRPORT WAS 43.1 DEGREES WHICH IS 2.6 DEGREES BELOW
NORMAL. THE HIGHEST TEMPERATURE FOR MARCH WAS 72 WHICH OCCURRED ON
THE 28TH. THE LOWEST TEMPERATURE FOR THE MONTH WAS 23 WHICH OCCURRED
ON THE 1ST.
FOR MARCH 2021, 0.06 INCHES OF PRECIPITATION WAS RECORDED AT THE
RENO-TAHOE INTERNATIONAL AIRPORT. THIS IS 0.70 INCHES BELOW NORMAL.
THE TOTAL SNOWFALL FOR THE MONTH WAS 0.3 INCHES WHICH IS 1.7 INCHES
BELOW NORMAL.
THE AVERAGE WIND SPEED FOR MARCH 2021 WAS 7.2 MPH. THE PEAK WIND
GUST FOR THE MONTH WAS 52 MPH FROM THE SOUTH ON THE 6TH.
#FINAL-03-21#