000
CXUS55 KABQ 011000
CF6ROW
PRELIMINARY LOCAL CLIMATOLOGICAL DATA (WS FORM: F-6)
STATION: ROSWELL NM
MONTH: NOVEMBER
YEAR: 2020
LATITUDE: 33 17 N
LONGITUDE: 104 32 W
TEMPERATURE IN F: :PCPN: SNOW: WIND :SUNSHINE: SKY :PK WND
================================================================================
1 2 3 4 5 6A 6B 7 8 9 10 11 12 13 14 15 16 17 18
12Z AVG MX 2MIN
DY MAX MIN AVG DEP HDD CDD WTR SNW DPTH SPD SPD DIR MIN PSBL S-S WX SPD DR
================================================================================
1 69 44 57 2 8 0 0.00 0.0 0 6.9 14 190 M M 0 19 210
2 73 40 57 2 8 0 0.00 0.0 0 6.2 15 180 M M 0 22 180
3 79 43 61 7 4 0 0.00 0.0 0 4.4 16 160 M M 0 20 170
4 87 43 65 11 0 0 0.00 0.0 0 6.9 21 320 M M 0 31 310
5 86 50 68 14 0 3 0.00 0.0 0 4.9 12 20 M M 0 16 20
6 81 45 63 10 2 0 0.00 0.0 0 8.0 22 160 M M 0 29 160
7 80 46 63 10 2 0 0.00 0.0 0 14.0 28 160 M M 0 35 160
8 82 53 68 16 0 3 0.00 0.0 0 19.3 37 200 M M 2 78 51 200
9 79 50 65 13 0 0 0.00 0.0 0 18.2 36 210 M M 0 8 47 220
10 62 40 51 -1 14 0 0.00 0.0 0 9.9 24 340 M M 0 33 330
11 68 31 50 -1 15 0 0.00 0.0 0 5.8 12 300 M M 0 17 330
12 67 35 51 0 14 0 0.00 0.0 0 4.3 10 320 M M 0 13 340
13 61 36 49 -1 16 0 0.00 0.0 0 6.8 14 190 M M 0 19 180
14 80 36 58 8 7 0 0.00 0.0 0 10.0 26 300 M M 0 8 38 290
15 65 33 49 0 16 0 0.00 0.0 0 8.9 21 170 M M 0 28 160
16 78 34 56 7 9 0 0.00 0.0 0 3.6 9 340 M M 0 12 80
17 73 39 56 7 9 0 0.00 0.0 0 5.8 18 160 M M 0 23 140
18 79 39 59 11 6 0 0.00 0.0 0 10.7 21 170 M M 0 26 160
19 89 46 68 20 0 3 0.00 0.0 0 9.3 18 220 M M 0 28 200
20 73 46 60 13 5 0 0.00 0.0 0 8.6 22 10 M M 1 29 360
21 68 45 57 10 8 0 0.00 0.0 0 5.8 12 30 M M 0 18 10
22 51 42 47 0 18 0 0.11 0.0 0 9.2 20 10 M M 7 18 24 350
23 59 48 54 8 11 0 0.01 0.0 0 7.2 20 170 M M 9 128 26 160
24 66 40 53 7 12 0 0.00 0.0 0 11.5 33 280 M M 4 1278 47 300
25 62 31 47 2 18 0 0.00 0.0 0 6.0 13 150 M M 0 18 180
26 69 31 50 5 15 0 0.00 0.0 0 5.6 13 330 M M 0 18 330
27 56 37 47 2 18 0 0.00 0.0 0 8.4 16 350 M M 4 21 30
28 56 37 47 3 18 0 0.00 0.0 0 5.7 13 230 M M 2 16 330
29 54 31 43 -1 22 0 0.00 0.0 0 11.1 30 30 M M 0 39 20
30 52 21 37 -7 28 0 0.00 0.0 0 7.0 18 170 M M 0 25 160
================================================================================
SM 2104 1192 303 9 0.12 0.0 250.0 M 29
================================================================================
AV 70.1 39.7 8.3 FASTST M M 1 MAX(MPH)
MISC ----> # 37 200 # 51 200
================================================================================
NOTES:
# LAST OF SEVERAL OCCURRENCES
COLUMN 17 PEAK WIND IN M.P.H.
PRELIMINARY LOCAL CLIMATOLOGICAL DATA (WS FORM: F-6) , PAGE 2
STATION: ROSWELL NM
MONTH: NOVEMBER
YEAR: 2020
LATITUDE: 33 17 N
LONGITUDE: 104 32 W
[TEMPERATURE DATA] [PRECIPITATION DATA] SYMBOLS USED IN COLUMN 16
AVERAGE MONTHLY: 54.9 TOTAL FOR MONTH: 0.12 1 = FOG OR MIST
DPTR FM NORMAL: 5.6 DPTR FM NORMAL: -0.46 2 = FOG REDUCING VISIBILITY
HIGHEST: 89 ON 19 GRTST 24HR 0.11 ON 22-22 TO 1/4 MILE OR LESS
LOWEST: 21 ON 30 3 = THUNDER
SNOW, ICE PELLETS, HAIL 4 = ICE PELLETS
TOTAL MONTH: 0.0 INCH 5 = HAIL
GRTST 24HR 0.0 6 = FREEZING RAIN OR DRIZZLE
GRTST DEPTH: 0 7 = DUSTSTORM OR SANDSTORM:
VSBY 1/2 MILE OR LESS
8 = SMOKE OR HAZE
[NO. OF DAYS WITH] [WEATHER - DAYS WITH] 9 = BLOWING SNOW
X = TORNADO
MAX 32 OR BELOW: 0 0.01 INCH OR MORE: 2
MAX 90 OR ABOVE: 0 0.10 INCH OR MORE: 1
MIN 32 OR BELOW: 5 0.50 INCH OR MORE: 0
MIN 0 OR BELOW: 0 1.00 INCH OR MORE: 0
[HDD (BASE 65) ]
TOTAL THIS MO. 303 CLEAR (SCALE 0-3) 26
DPTR FM NORMAL -169 PTCLDY (SCALE 4-7) 3
TOTAL FM JUL 1 513 CLOUDY (SCALE 8-10) 1
DPTR FM NORMAL -133
[CDD (BASE 65) ]
TOTAL THIS MO. 9
DPTR FM NORMAL 8 [PRESSURE DATA]
TOTAL FM JAN 1 2662 HIGHEST SLP M ON M
DPTR FM NORMAL 873 LOWEST SLP 29.45 ON 7
[REMARKS]
#FINAL-11-20#