000
CXUS55 KABQ 032215
CF6ROW
PRELIMINARY LOCAL CLIMATOLOGICAL DATA (WS FORM: F-6)
STATION: ROSWELL NM
MONTH: AUGUST
YEAR: 2023
LATITUDE: 33 17 N
LONGITUDE: 104 32 W
TEMPERATURE IN F: :PCPN: SNOW: WIND :SUNSHINE: SKY :PK WND
================================================================================
1 2 3 4 5 6A 6B 7 8 9 10 11 12 13 14 15 16 17 18
12Z AVG MX 2MIN
DY MAX MIN AVG DEP HDD CDD WTR SNW DPTH SPD SPD DIR MIN PSBL S-S WX SPD DR
================================================================================
1 101 76 89 6 0 24 T 0.0 0 10.0 38 260 M M 1 38 47 270
2 102 72 87 4 0 22 0.00 0.0 0 6.0 17 140 M M 0 25 140
3 103 73 88 5 0 23 0.00 0.0 0 7.7 29 300 M M 1 40 300
4 106 70 88 5 0 23 0.00 0.0 0 5.8 14 160 M M 0 20 170
5 109 77 93 10 0 28 T 0.0 0 11.0 22 250 M M 0 26 230
6 104 79 92 9 0 27 0.10 0.0 0 11.2 25 360 M M 0 3 34 360
7 97 74 86 3 0 21 T 0.0 0 12.5 35 330 M M 1 3 45 320
8 103 74 89 6 0 24 T 0.0 0 10.1 28 330 M M 1 3 35 340
9 106 76 91 8 0 26 0.00 0.0 0 12.5 25 280 M M 0 36 280
10 107 77 92 9 0 27 0.00 0.0 0 7.4 30 320 M M 0 43 310
11 107 80 94 12 0 29 T 0.0 0 9.4 28 170 M M 0 34 170
12 103 75 89 7 0 24 T 0.0 0 10.2 26 210 M M 1 37 210
13 103 73 88 6 0 23 0.03 0.0 0 10.2 31 50 M M 2 38 38 70
14 91 70 81 -1 0 16 T 0.0 0 11.3 23 30 M M 3 3 30 20
15 95 68 82 0 0 17 0.00 0.0 0 7.4 18 170 M M 1 27 160
16 104 69 87 5 0 22 0.00 0.0 0 7.8 18 150 M M 0 27 140
17 106 76 91 9 0 26 T 0.0 0 8.7 23 270 M M 1 3 34 190
18 105 72 89 7 0 24 0.00 0.0 0 9.0 23 170 M M 0 35 150
19 101 67 84 3 0 19 0.00 0.0 0 8.7 22 170 M M 0 30 150
20 100 69 85 4 0 20 0.00 0.0 0 8.6 23 160 M M 0 40 140
21 101 70 86 5 0 21 T 0.0 0 5.8 26 170 M M 1 3 31 170
22 97 73 85 4 0 20 0.00 0.0 0 6.6 20 160 M M 2 25 160
23 91 72 82 1 0 17 0.11 0.0 0 10.8 31 120 M M 5 38 40 120
24 95 68 82 2 0 17 0.00 0.0 0 6.5 17 170 M M 1 1 21 160
25 99 70 85 5 0 20 0.00 0.0 0 5.1 20 170 M M 0 24 150
26 98 71 85 5 0 20 0.00 0.0 0 8.6 17 130 M M 1 24 150
27 98 73 86 6 0 21 0.02 0.0 0 8.2 22 140 M M 1 3 28 150
28 94 68 81 1 0 16 0.13 0.0 0 7.7 40 360 M M 4 13 63 360
29 93 69 81 2 0 16 T 0.0 0 7.6 17 20 M M 2 23 20
30 94 65 80 1 0 15 0.00 0.0 0 5.3 12 190 M M 0 17 30
31 99 63 81 2 0 16 0.00 0.0 0 9.8 20 160 M M 0 33 170
================================================================================
SM 3112 2229 0 664 0.39 0.0 267.5 M 29
================================================================================
AV100.4 71.9 8.6 FASTST M M 1 MAX(MPH)
MISC ----> 40 360 63 360
================================================================================
NOTES:
# LAST OF SEVERAL OCCURRENCES
COLUMN 17 PEAK WIND IN M.P.H.
PRELIMINARY LOCAL CLIMATOLOGICAL DATA (WS FORM: F-6) , PAGE 2
STATION: ROSWELL NM
MONTH: AUGUST
YEAR: 2023
LATITUDE: 33 17 N
LONGITUDE: 104 32 W
[TEMPERATURE DATA] [PRECIPITATION DATA] SYMBOLS USED IN COLUMN 16
AVERAGE MONTHLY: 86.1 TOTAL FOR MONTH: 0.39 1 = FOG OR MIST
DPTR FM NORMAL: 4.5 DPTR FM NORMAL: -1.29 2 = FOG REDUCING VISIBILITY
HIGHEST: 109 ON 5 GRTST 24HR 0.15 ON 27-28 TO 1/4 MILE OR LESS
LOWEST: 63 ON 31 3 = THUNDER
SNOW, ICE PELLETS, HAIL 4 = ICE PELLETS
TOTAL MONTH: 0.0 INCH 5 = HAIL
GRTST 24HR 0.0 6 = FREEZING RAIN OR DRIZZLE
GRTST DEPTH: 0 7 = DUSTSTORM OR SANDSTORM:
VSBY 1/2 MILE OR LESS
8 = SMOKE OR HAZE
[NO. OF DAYS WITH] [WEATHER - DAYS WITH] 9 = BLOWING SNOW
X = TORNADO
MAX 32 OR BELOW: 0 0.01 INCH OR MORE: 5
MAX 90 OR ABOVE: 31 0.10 INCH OR MORE: 3
MIN 32 OR BELOW: 0 0.50 INCH OR MORE: 0
MIN 0 OR BELOW: 0 1.00 INCH OR MORE: 0
[HDD (BASE 65) ]
TOTAL THIS MO. 0 CLEAR (SCALE 0-3) 29
DPTR FM NORMAL 0 PTCLDY (SCALE 4-7) 2
TOTAL FM JUL 1 0 CLOUDY (SCALE 8-10) 0
DPTR FM NORMAL 0
[CDD (BASE 65) ]
TOTAL THIS MO. 664
DPTR FM NORMAL 149 [PRESSURE DATA]
TOTAL FM JAN 1 2238 HIGHEST SLP 30.17 ON 15
DPTR FM NORMAL 362 LOWEST SLP 29.61 ON 10
[REMARKS]
#FINAL-08-23#