000
CXUS56 KFGZ 010911
CF6RQE
PRELIMINARY LOCAL CLIMATOLOGICAL DATA (WS FORM: F-6)
STATION: WINDOW ROCK AZ AIRPORT
MONTH: MARCH
YEAR: 2024
LATITUDE: 35 39 N
LONGITUDE: 109 4 W
TEMPERATURE IN F: :PCPN: SNOW: WIND :SUNSHINE: SKY :PK WND
================================================================================
1 2 3 4 5 6A 6B 7 8 9 10 11 12 13 14 15 16 17 18
12Z AVG MX 2MIN
DY MAX MIN AVG DEP HDD CDD WTR SNW DPTH SPD SPD DIR MIN PSBL S-S WX SPD DR
================================================================================
1 58 26 42 5 23 0 0.00 M M 8.9 24 230 M M 0 35 230
2 58 31 45 7 20 0 0.00 M M 16.5 36 230 M M 0 8 53 210
3 57 33 45 7 20 0 0.00 M M 18.7 38 240 M M 1 8 52 230
4 55 30 43 5 22 0 0.00 M M 7.5 23 240 M M 4 30 220
5 56 19 38 0 27 0 0.00 M M 4.5 21 230 M M 0 29 220
6 53 22 38 0 27 0 0.00 M M 6.9 23 230 M M 0 8 33 220
7 45 18 32 -7 33 0 0.01 M M 6.3 22 260 M M 5 18 30 260
8 48 25 37 -2 28 0 0.04 M M 4.7 18 310 M M 8 1 25 310
9 52 14 33 -6 32 0 0.00 M M 2.7 13 60 M M 1 18 60
10 57 13 35 -4 30 0 0.00 M M 1.6 10 180 M M 0 15 190
11 60 22 41 1 24 0 0.00 M M 7.7 25 230 M M 1 36 200
12 58 20 39 -1 26 0 0.00 M M 7.9 25 240 M M 2 33 230
13 42 30 36 -4 29 0 0.44 M M 4.4 28 310 M M 9 128 39 300
14 47 23 35 -5 30 0 0.17 M M 4.5 17 130 M M 9 1238 30 140
15 44 32 38 -2 27 0 0.68 M M 6.3 20 80 M M 10 1 34 80
16 47 31 39 -2 26 0 0.05 M M 3.6 16 260 M M 8 13 22 260
17 42 29 36 -5 29 0 0.32 M M 4.6 18 170 M M 8 128 30 80
18 50 32 41 0 24 0 0.10 M M 5.7 18 60 M M 8 1 29 60
19 50 33 42 1 23 0 0.23 M M 2.5 9 340 M M 8 1 18 99
20 54 27 41 -1 24 0 0.01 M M 3.2 23 360 M M 4 123 30 360
21 60 28 44 2 21 0 T M M 4.0 18 250 M M 2 27 250
22 61 25 43 1 22 0 0.00 M M 3.6 15 230 M M 1 23 230
23 57 28 43 1 22 0 0.03 M M 9.0 29 220 M M 2 1 39 230
24 38 29 34 -8 31 0 0.27 M M 11.8 30 250 M M 9 18 42 260
25 39 26 33 -10 32 0 0.02 M M 9.9 21 260 M M 4 12 28 250
26 41 26 34 -9 31 0 0.03 M M 6.5 30 310 M M 7 128 44 320
27 48 20 34 -9 31 0 0.00 M M 4.1 17 260 M M 0 28 270
28 60 20 40 -3 25 0 0.00 M M 7.3 28 220 M M 0 41 240
29 61 35 48 5 17 0 0.00 M M 12.4 30 230 M M 1 44 210
30 64 36 50 6 15 0 0.00 M M 14.4 38 230 M M 0 55 230
31 49 32 41 -3 24 0 0.09 M M 10.5 35 210 M M 6 1 57 220
================================================================================
SM 1611 815 795 0 2.49 M 222.2 M 118
================================================================================
AV 52.0 26.3 7.2 FASTST M M 4 MAX(MPH)
MISC ----> # 38 240 57 220
================================================================================
NOTES:
# LAST OF SEVERAL OCCURRENCES
COLUMN 17 PEAK WIND IN M.P.H.
PRELIMINARY LOCAL CLIMATOLOGICAL DATA (WS FORM: F-6) , PAGE 2
STATION: WINDOW ROCK AZ AIRPORT
MONTH: MARCH
YEAR: 2024
LATITUDE: 35 39 N
LONGITUDE: 109 4 W
[TEMPERATURE DATA] [PRECIPITATION DATA] SYMBOLS USED IN COLUMN 16
AVERAGE MONTHLY: 39.1 TOTAL FOR MONTH: 2.49 1 = FOG OR MIST
DPTR FM NORMAL: -1.6 DPTR FM NORMAL: 1.83 2 = FOG REDUCING VISIBILITY
HIGHEST: 64 ON 30 GRTST 24HR 0.69 ON 15-16 TO 1/4 MILE OR LESS
LOWEST: 13 ON 10 3 = THUNDER
SNOW, ICE PELLETS, HAIL 4 = ICE PELLETS
TOTAL MONTH: M 5 = HAIL
GRTST 24HR M ON M 6 = FREEZING RAIN OR DRIZZLE
GRTST DEPTH: M ON M 7 = DUSTSTORM OR SANDSTORM:
VSBY 1/2 MILE OR LESS
8 = SMOKE OR HAZE
[NO. OF DAYS WITH] [WEATHER - DAYS WITH] 9 = BLOWING SNOW
X = TORNADO
MAX 32 OR BELOW: 0 0.01 INCH OR MORE: 15
MAX 90 OR ABOVE: 0 0.10 INCH OR MORE: 7
MIN 32 OR BELOW: 27 0.50 INCH OR MORE: 1
MIN 0 OR BELOW: 0 1.00 INCH OR MORE: 0
[HDD (BASE 65) ]
TOTAL THIS MO. 795 CLEAR (SCALE 0-3) 16
DPTR FM NORMAL 40 PTCLDY (SCALE 4-7) 9
TOTAL FM JUL 1 5178 CLOUDY (SCALE 8-10) 6
DPTR FM NORMAL -61
[CDD (BASE 65) ]
TOTAL THIS MO. 0
DPTR FM NORMAL 0 [PRESSURE DATA]
TOTAL FM JAN 1 0 HIGHEST SLP M ON M
DPTR FM NORMAL 0 LOWEST SLP 29.31 ON 24
[REMARKS]
#FINAL-03-24#