000
CXUS53 KGRB 180740
CF6RRL
PRELIMINARY LOCAL CLIMATOLOGICAL DATA (WS FORM: F-6)
STATION: MERRILL MUNICIPAL AI
MONTH: AUGUST
YEAR: 2021
LATITUDE: 45 10 N
LONGITUDE: 89 42 W
TEMPERATURE IN F: :PCPN: SNOW: WIND :SUNSHINE: SKY :PK WND
================================================================================
1 2 3 4 5 6A 6B 7 8 9 10 11 12 13 14 15 16 17 18
12Z AVG MX 2MIN
DY MAX MIN AVG DEP HDD CDD WTR SNW DPTH SPD SPD DIR MIN PSBL S-S WX SPD DR
================================================================================
1 73 49 61 M 4 0 M M M 5.6 14 360 M M 4 1 18 350
2 77 44 61 M 4 0 M M M 1.9 7 260 M M 4 1 M M
3 79 50 65 M 0 0 M M M 2.1 8 280 M M 2 1 M M
4 82 51 67 M 0 2 M M M 3.2 9 240 M M 3 12 M M
5 77 54 66 M 0 1 M M M 4.9 12 240 M M 5 1 23 220
6 81 61 71 M 0 6 M M M 2.6 9 200 M M 6 1 M M
7 67 59 63 M 2 0 M M M 4.8 12 150 M M 10 1 M M
8 81 67 74 M 0 9 M M M 4.7 13 240 M M 9 1 20 230
9 82 64 73 M 0 8 M M M 2.2 7 120 M M 7 12 M M
10 81 59 70 M 0 5 M M M 3.9 9 230 M M 7 12 17 190
11 82 61 72 M 0 7 M M M 5.8 20 340 M M 6 1 26 340
12 79 52 66 M 0 1 M M M 6.0 15 260 M M 3 25 280
13 73 45 59 M 6 0 M M M 4.3 14 300 M M 1 1 24 310
14 79 43 61 M 4 0 M M M 1.9 6 210 M M 0 M M
15 80 48 64 M 1 0 M M M 3.3 10 260 M M 0 16 230
16 79 49 64 M 1 0 M M M 3.0 12 190 M M 1 M M
17 81 48 65 M 0 0 0.00 0.0 0 3.7 12 220 M M 2 1 17 210
================================================================================
SM 1333 904 22 39 0.00 0.0 63.7 M 70
================================================================================
AV 78.4 53.2 3.7 FASTST M M 4 MAX(MPH)
MISC ----> 20 340 26 340
================================================================================
NOTES:
# LAST OF SEVERAL OCCURRENCES
COLUMN 17 PEAK WIND IN M.P.H.
PRELIMINARY LOCAL CLIMATOLOGICAL DATA (WS FORM: F-6) , PAGE 2
STATION: MERRILL MUNICIPAL AI
MONTH: AUGUST
YEAR: 2021
LATITUDE: 45 10 N
LONGITUDE: 89 42 W
[TEMPERATURE DATA] [PRECIPITATION DATA] SYMBOLS USED IN COLUMN 16
AVERAGE MONTHLY: 65.8 TOTAL FOR MONTH: 0.00 1 = FOG OR MIST
DPTR FM NORMAL: 0.0 DPTR FM NORMAL: 0.00 2 = FOG REDUCING VISIBILITY
HIGHEST: 82 ON 11, 9 GRTST 24HR 0.00 ON 17-17 TO 1/4 MILE OR LESS
LOWEST: 43 ON 14 3 = THUNDER
SNOW, ICE PELLETS, HAIL 4 = ICE PELLETS
TOTAL MONTH: 0.0 INCH 5 = HAIL
GRTST 24HR 0.0 6 = FREEZING RAIN OR DRIZZLE
GRTST DEPTH: 0 7 = DUSTSTORM OR SANDSTORM:
VSBY 1/2 MILE OR LESS
8 = SMOKE OR HAZE
[NO. OF DAYS WITH] [WEATHER - DAYS WITH] 9 = BLOWING SNOW
X = TORNADO
MAX 32 OR BELOW: 0 0.01 INCH OR MORE: 0
MAX 90 OR ABOVE: 0 0.10 INCH OR MORE: 0
MIN 32 OR BELOW: 0 0.50 INCH OR MORE: 0
MIN 0 OR BELOW: 0 1.00 INCH OR MORE: 0
[HDD (BASE 65) ]
TOTAL THIS MO. 22 CLEAR (SCALE 0-3) 8
DPTR FM NORMAL M PTCLDY (SCALE 4-7) 7
TOTAL FM JUL 1 50 CLOUDY (SCALE 8-10) 2
DPTR FM NORMAL M
[CDD (BASE 65) ]
TOTAL THIS MO. 39
DPTR FM NORMAL M [PRESSURE DATA]
TOTAL FM JAN 1 257 HIGHEST SLP M ON M
DPTR FM NORMAL 257 LOWEST SLP M ON M
[REMARKS]