000
CXUS53 KARX 240647
CF6RST
PRELIMINARY LOCAL CLIMATOLOGICAL DATA (WS FORM: F-6)
STATION: ROCHESTER MN
MONTH: JUNE
YEAR: 2022
LATITUDE: 43 55 N
LONGITUDE: 92 30 W
TEMPERATURE IN F: :PCPN: SNOW: WIND :SUNSHINE: SKY :PK WND
================================================================================
1 2 3 4 5 6A 6B 7 8 9 10 11 12 13 14 15 16 17 18
12Z AVG MX 2MIN
DY MAX MIN AVG DEP HDD CDD WTR SNW DPTH SPD SPD DIR MIN PSBL S-S WX SPD DR
================================================================================
1 72 51 62 -2 3 0 0.00 0.0 0 8.8 17 310 M M 3 26 320
2 79 48 64 0 1 0 0.00 0.0 0 12.3 26 280 M M 1 34 290
3 71 49 60 -4 5 0 0.00 0.0 0 11.3 26 310 M M 0 33 300
4 60 52 56 -9 9 0 0.08 0.0 0 9.2 17 180 M M 10 1 22 180
5 65 55 60 -5 5 0 0.24 0.0 0 8.8 14 120 M M 10 1 17 140
6 72 58 65 0 0 0 0.08 0.0 0 9.9 18 60 M M 5 1 24 50
7 72 56 64 -2 1 0 0.01 0.0 0 4.6 9 40 M M 9 13 330
8 77 56 67 1 0 2 0.00 0.0 0 8.2 21 330 M M 5 29 350
9 80 52 66 0 0 1 0.00 0.0 0 7.3 16 320 M M 0 22 300
10 78 61 70 4 0 5 T 0.0 0 7.7 22 220 M M 5 27 210
11 77 60 69 2 0 4 0.06 0.0 0 8.6 16 240 M M 6 18 21 240
12 76 60 68 1 0 3 T 0.0 0 12.1 18 120 M M 6 12 24 160
13 77 64 71 4 0 6 1.51 0.0 0 15.9 31 140 M M 7 13 44 160
14 95 72 84 16 0 19 0.04 0.0 0 17.0 32 200 M M 2 13 44 200
15 75 61 68 0 0 3 0.66 0.0 0 9.9 28 300 M M 6 13 35 310
16 82 63 73 5 0 8 0.00 0.0 0 18.4 33 280 M M 0 44 270
17 82 58 70 2 0 5 0.00 0.0 0 9.0 20 330 M M 0 25 330
18 80 57 69 1 0 4 0.00 0.0 0 14.1 22 140 M M 0 28 130
19 92 62 77 8 0 12 0.00 0.0 0 18.4 25 190 M M 0 36 180
20 96 71 84 15 0 19 0.00 0.0 0 18.7 26 200 M M 0 37 200
21 86 66 76 7 0 11 0.25 0.0 0 13.6 51 240 M M 1 13 M 250
22 84 62 73 4 0 8 0.00 0.0 0 9.4 18 310 M M 1 24 350
23 91 63 77 8 0 12 0.00 0.0 0 12.5 25 190 M M 0 33 210
24 87 68 78 8 0 13 0.00 0.0 0 12.9 25 200 M M 2 32 190
25 82 63 73 3 0 8 1.31 0.0 0 11.7 24 310 M M 5 13 30 320
26 73 54 64 -6 1 0 0.00 0.0 0 15.2 30 310 M M 1 39 330
27 81 52 67 -3 0 2 0.00 0.0 0 7.1 14 330 M M 2 18 320
28 84 59 72 2 0 7 0.02 0.0 0 11.4 25 220 M M 4 3 32 200
29 87 57 72 2 0 7 0.00 0.0 0 13.8 26 180 M M 1 12 36 190
30 83 65 74 4 0 9 0.02 0.0 0 12.0 28 200 M M 1 3 39 190
================================================================================
SM 2396 1775 25 168 4.28 0.0 349.8 M 93
================================================================================
AV 79.9 59.2 11.7 FASTST M M 3 MAX(MPH)
MISC ----> 51 240 # 44 160
================================================================================
NOTES:
# LAST OF SEVERAL OCCURRENCES
COLUMN 17 PEAK WIND IN M.P.H.
PRELIMINARY LOCAL CLIMATOLOGICAL DATA (WS FORM: F-6) , PAGE 2
STATION: ROCHESTER MN
MONTH: JUNE
YEAR: 2022
LATITUDE: 43 55 N
LONGITUDE: 92 30 W
[TEMPERATURE DATA] [PRECIPITATION DATA] SYMBOLS USED IN COLUMN 16
AVERAGE MONTHLY: 69.5 TOTAL FOR MONTH: 4.28 1 = FOG OR MIST
DPTR FM NORMAL: 2.0 DPTR FM NORMAL: -1.07 2 = FOG REDUCING VISIBILITY
HIGHEST: 96 ON 20 GRTST 24HR 1.51 ON 13-13 TO 1/4 MILE OR LESS
LOWEST: 48 ON 2 3 = THUNDER
SNOW, ICE PELLETS, HAIL 4 = ICE PELLETS
TOTAL MONTH: 0.0 INCH 5 = HAIL
GRTST 24HR 0.0 6 = FREEZING RAIN OR DRIZZLE
GRTST DEPTH: 0 7 = DUSTSTORM OR SANDSTORM:
VSBY 1/2 MILE OR LESS
8 = SMOKE OR HAZE
[NO. OF DAYS WITH] [WEATHER - DAYS WITH] 9 = BLOWING SNOW
X = TORNADO
MAX 32 OR BELOW: 0 0.01 INCH OR MORE: 12
MAX 90 OR ABOVE: 4 0.10 INCH OR MORE: 5
MIN 32 OR BELOW: 0 0.50 INCH OR MORE: 3
MIN 0 OR BELOW: 0 1.00 INCH OR MORE: 2
[HDD (BASE 65) ]
TOTAL THIS MO. 25 CLEAR (SCALE 0-3) 18
DPTR FM NORMAL -24 PTCLDY (SCALE 4-7) 9
TOTAL FM JUL 1 7713 CLOUDY (SCALE 8-10) 3
DPTR FM NORMAL -144
[CDD (BASE 65) ]
TOTAL THIS MO. 168
DPTR FM NORMAL 42 [PRESSURE DATA]
TOTAL FM JAN 1 230 HIGHEST SLP 30.28 ON 27
DPTR FM NORMAL 70 LOWEST SLP 29.57 ON 14
[REMARKS]
#FINAL-06-22#