000
CXUS54 KLZK 011330
CF6RUE
PRELIMINARY LOCAL CLIMATOLOGICAL DATA (WS FORM: F-6)
STATION: RUSSELLVILLE
MONTH: NOVEMBER
YEAR: 2023
LATITUDE: 35 15 N
LONGITUDE: 93 6 W
TEMPERATURE IN F: :PCPN: SNOW: WIND :SUNSHINE: SKY :PK WND
================================================================================
1 2 3 4 5 6A 6B 7 8 9 10 11 12 13 14 15 16 17 18
12Z AVG MX 2MIN
DY MAX MIN AVG DEP HDD CDD WTR SNW DPTH SPD SPD DIR MIN PSBL S-S WX SPD DR
================================================================================
1 54 25 40 -16 25 0 0.00 M M 1.0 7 160 M M 0 11 200
2 64 29 47 -9 18 0 0.00 M M 1.8 12 190 M M 0 15 190
3 70 31 51 -4 14 0 0.00 M M 2.7 12 190 M M 0 1 17 190
4 76 40 58 3 7 0 0.00 M M 0.9 9 190 M M 2 18 11 230
5 79 47 63 9 2 0 0.00 M M 2.1 9 180 M M 2 1 15 200
6 85 53 69 15 0 4 0.00 M M 3.2 15 180 M M 1 23 230
7 82 59 71 17 0 6 0.00 M M 3.5 14 190 M M 1 21 180
8 84 60 72 19 0 7 0.00 M M 5.1 17 180 M M 3 24 180
9 68 48 58 5 7 0 1.68 M M 4.6 15 360 M M 7 1 21 30
10 66 41 54 2 11 0 0.02 M M 3.3 15 40 M M 1 1 22 80
11 66 41 54 2 11 0 0.00 M M 2.7 14 70 M M 0 21 70
12 68 36 52 0 13 0 0.00 M M 0.6 6 200 M M 1 9 220
13 72 38 55 4 10 0 0.00 M M 0.8 9 180 M M 0 1 13 190
14 72 41 57 6 8 0 T M M 1.2 9 110 M M 0 1 15 80
15 70 38 54 3 11 0 T M M 1.3 9 150 M M 1 1 14 160
16 68 53 61 11 4 0 0.00 M M 2.1 8 110 M M 10 13 110
17 70 52 61 11 4 0 0.00 M M 2.3 9 340 M M 8 1 12 330
18 69 40 55 5 10 0 0.00 M M 1.3 7 240 M M 0 1 11 250
19 64 36 50 1 15 0 0.01 M M 3.1 10 90 M M 4 1 17 130
20 54 47 51 2 14 0 0.34 M M 4.6 20 290 M M 10 13 31 290
21 57 44 51 3 14 0 0.00 M M 10.2 18 340 M M 10 27 320
22 55 33 44 -4 21 0 T M M 5.6 14 260 M M 2 19 260
23 62 29 46 -2 19 0 0.00 M M 0.8 7 170 M M 0 1 11 170
24 61 32 47 0 18 0 0.00 M M 3.3 12 60 M M 0 17 40
25 56 31 44 -3 21 0 T M M 1.7 8 190 M M 0 12 70
26 46 29 38 -9 27 0 0.07 M M 6.9 25 280 M M 6 1 36 280
27 53 23 38 -8 27 0 0.00 M M 3.0 18 290 M M 0 26 280
28 58 26 42 -4 23 0 0.00 M M 1.4 6 190 M M 0 M M
29 67 27 47 1 18 0 0.00 M M 1.6 9 190 M M 0 18 14 200
30 50 37 44 -2 21 0 1.60 0.0 0 3.8 16 100 M M 9 13 29 110
================================================================================
SM 1966 1166 393 17 3.72 0.0 86.5 M 78
================================================================================
AV 65.5 38.9 2.9 FASTST M M 3 MAX(MPH)
MISC ----> 25 280 36 280
================================================================================
NOTES:
# LAST OF SEVERAL OCCURRENCES
COLUMN 17 PEAK WIND IN M.P.H.
PRELIMINARY LOCAL CLIMATOLOGICAL DATA (WS FORM: F-6) , PAGE 2
STATION: RUSSELLVILLE
MONTH: NOVEMBER
YEAR: 2023
LATITUDE: 35 15 N
LONGITUDE: 93 6 W
[TEMPERATURE DATA] [PRECIPITATION DATA] SYMBOLS USED IN COLUMN 16
AVERAGE MONTHLY: 52.2 TOTAL FOR MONTH: 3.72 1 = FOG OR MIST
DPTR FM NORMAL: 1.7 DPTR FM NORMAL: -0.88 2 = FOG REDUCING VISIBILITY
HIGHEST: 85 ON 6 GRTST 24HR 1.70 ON 9-10 TO 1/4 MILE OR LESS
LOWEST: 23 ON 27 3 = THUNDER
SNOW, ICE PELLETS, HAIL 4 = ICE PELLETS
TOTAL MONTH: 0.0 INCH 5 = HAIL
GRTST 24HR 0.0 6 = FREEZING RAIN OR DRIZZLE
GRTST DEPTH: 0 7 = DUSTSTORM OR SANDSTORM:
VSBY 1/2 MILE OR LESS
8 = SMOKE OR HAZE
[NO. OF DAYS WITH] [WEATHER - DAYS WITH] 9 = BLOWING SNOW
X = TORNADO
MAX 32 OR BELOW: 0 0.01 INCH OR MORE: 6
MAX 90 OR ABOVE: 0 0.10 INCH OR MORE: 3
MIN 32 OR BELOW: 10 0.50 INCH OR MORE: 2
MIN 0 OR BELOW: 0 1.00 INCH OR MORE: 2
[HDD (BASE 65) ]
TOTAL THIS MO. 393 CLEAR (SCALE 0-3) 22
DPTR FM NORMAL -48 PTCLDY (SCALE 4-7) 4
TOTAL FM JUL 1 501 CLOUDY (SCALE 8-10) 4
DPTR FM NORMAL -110
[CDD (BASE 65) ]
TOTAL THIS MO. 17
DPTR FM NORMAL 11 [PRESSURE DATA]
TOTAL FM JAN 1 2227 HIGHEST SLP 30.53 ON 1
DPTR FM NORMAL 240 LOWEST SLP 29.69 ON 20
[REMARKS]
#FINAL-11-23#