000
CXUS54 KTSA 311127
CF6RVS
PRELIMINARY LOCAL CLIMATOLOGICAL DATA (WS FORM: F-6)
STATION: TULSA-RIVERSIDE OKLAHOMA
MONTH: JULY
YEAR: 2022
LATITUDE: 36 2 N
LONGITUDE: 95 59 W
TEMPERATURE IN F: :PCPN: SNOW: WIND :SUNSHINE: SKY :PK WND
================================================================================
1 2 3 4 5 6A 6B 7 8 9 10 11 12 13 14 15 16 17 18
12Z AVG MX 2MIN
DY MAX MIN AVG DEP HDD CDD WTR SNW DPTH SPD SPD DIR MIN PSBL S-S WX SPD DR
================================================================================
1 98 70 84 2 0 19 0.00 0.0 M 5.1 14 170 M M 0 20 180
2 97 72 85 3 0 20 0.00 0.0 M 3.9 15 190 M M 1 21 170
3 97 74 86 4 0 21 0.00 0.0 M 5.6 14 160 M M 1 24 170
4 102 77 90 8 0 25 0.00 0.0 M 7.3 18 190 M M 0 30 190
5 102 73 88 6 0 23 0.00 0.0 M 8.2 17 180 M M 0 24 170
6 104 74 89 6 0 24 0.00 0.0 M 7.3 18 200 M M 0 27 190
7 104 73 89 6 0 24 0.00 0.0 M 7.3 16 180 M M 0 25 200
8 105 79 92 9 0 27 T 0.0 M 5.5 14 10 M M 1 3 22 360
9 97 78 88 5 0 23 0.00 0.0 M 7.6 16 40 M M 1 23 40
10 98 72 85 2 0 20 0.00 0.0 M 4.9 12 30 M M 0 16 60
11 101 69 85 2 0 20 0.00 0.0 M 3.1 10 180 M M 0 17 180
12 93 72 83 0 0 18 T 0.0 M 6.7 20 30 M M 1 27 60
13 99 69 84 1 0 19 0.00 0.0 M 4.4 13 50 M M 0 22 280
14 102 67 85 2 0 20 0.00 0.0 M 3.6 14 130 M M 0 20 130
15 102 72 87 4 0 22 0.00 0.0 M 5.9 17 180 M M 0 28 160
16 103 73 88 4 0 23 0.00 0.0 M 5.7 15 190 M M 0 22 200
17 105 78 92 8 0 27 0.00 0.0 M 5.5 16 30 M M 1 24 30
18 101 73 87 3 0 22 0.00 0.0 M 6.9 16 30 M M 1 23 50
19 109 67 88 4 0 23 0.00 0.0 M 2.7 12 190 M M 0 16 160
20 105 74 90 6 0 25 0.14 0.0 M 4.5 14 190 M M 1 3 19 200
21 102 74 88 4 0 23 0.20 0.0 M 5.2 30 110 M M 2 3 44 110
22 99 73 86 2 0 21 0.00 0.0 M 6.4 24 170 M M 1 34 160
23 103 71 87 3 0 22 0.00 0.0 M 7.9 18 200 M M 0 26 190
24 106 77 92 8 0 27 0.00 0.0 M 6.9 15 190 M M 0 22 220
25 106 75 91 7 0 26 0.00 0.0 M 4.7 15 180 M M 1 21 170
26 108 83 96 12 0 31 0.00 0.0 M 9.4 20 200 M M 0 27 230
27 105 77 91 7 0 26 0.02 0.0 M 4.5 17 110 M M 2 3 30 180
28 95 73 84 0 0 19 0.71 0.0 M 4.0 14 250 M M 3 13 27 240
29 84 73 79 -5 0 14 0.97 0.0 M 4.1 13 30 M M 6 13 16 10
30 86 71 79 -5 0 14 T 0.0 M 5.1 14 350 M M 6 3 27 330
31 91 75 83 -1 0 18 0.38 0.0 M 5.9 13 180 M M 4 1 21 170
================================================================================
SM 3109 2278 0 686 2.42 0.0 175.8 M 33
================================================================================
AV100.3 73.5 5.7 FASTST M M 1 MAX(MPH)
MISC ----> 30 110 44 110
================================================================================
NOTES:
# LAST OF SEVERAL OCCURRENCES
COLUMN 17 PEAK WIND IN M.P.H.
PRELIMINARY LOCAL CLIMATOLOGICAL DATA (WS FORM: F-6) , PAGE 2
STATION: TULSA-RIVERSIDE OKLAHOMA
MONTH: JULY
YEAR: 2022
LATITUDE: 36 2 N
LONGITUDE: 95 59 W
[TEMPERATURE DATA] [PRECIPITATION DATA] SYMBOLS USED IN COLUMN 16
AVERAGE MONTHLY: 86.9 TOTAL FOR MONTH: 2.42 1 = FOG OR MIST
DPTR FM NORMAL: 3.6 DPTR FM NORMAL: -1.40 2 = FOG REDUCING VISIBILITY
HIGHEST: 109 ON 19 GRTST 24HR 1.49 ON 28-29 TO 1/4 MILE OR LESS
LOWEST: 67 ON 19,14 3 = THUNDER
SNOW, ICE PELLETS, HAIL 4 = ICE PELLETS
TOTAL MONTH: 0.0 INCH 5 = HAIL
GRTST 24HR 0.0 6 = FREEZING RAIN OR DRIZZLE
GRTST DEPTH: M ON M 7 = DUSTSTORM OR SANDSTORM:
VSBY 1/2 MILE OR LESS
8 = SMOKE OR HAZE
[NO. OF DAYS WITH] [WEATHER - DAYS WITH] 9 = BLOWING SNOW
X = TORNADO
MAX 32 OR BELOW: 0 0.01 INCH OR MORE: 6
MAX 90 OR ABOVE: 29 0.10 INCH OR MORE: 5
MIN 32 OR BELOW: 0 0.50 INCH OR MORE: 2
MIN 0 OR BELOW: 0 1.00 INCH OR MORE: 0
[HDD (BASE 65) ]
TOTAL THIS MO. 0 CLEAR (SCALE 0-3) 27
DPTR FM NORMAL 0 PTCLDY (SCALE 4-7) 4
TOTAL FM JUL 1 0 CLOUDY (SCALE 8-10) 0
DPTR FM NORMAL 0
[CDD (BASE 65) ]
TOTAL THIS MO. 686
DPTR FM NORMAL 120 [PRESSURE DATA]
TOTAL FM JAN 1 1460 HIGHEST SLP 30.16 ON 30
DPTR FM NORMAL 214 LOWEST SLP 29.69 ON 19
[REMARKS]
#FINAL-07-22#