000
CXUS53 KMPX 031722
CF6RWF
PRELIMINARY LOCAL CLIMATOLOGICAL DATA (WS FORM: F-6)
STATION: REDWOOD FALLS MN
MONTH: MARCH
YEAR: 2021
LATITUDE: 44 32 N
LONGITUDE: 95 5 W
TEMPERATURE IN F: :PCPN: SNOW: WIND :SUNSHINE: SKY :PK WND
================================================================================
1 2 3 4 5 6A 6B 7 8 9 10 11 12 13 14 15 16 17 18
12Z AVG MX 2MIN
DY MAX MIN AVG DEP HDD CDD WTR SNW DPTH SPD SPD DIR MIN PSBL S-S WX SPD DR
================================================================================
1 24 13 19 -6 46 0 T M M 6.8 18 180 M M 3 18 24 180
2 47 24 36 11 29 0 0.00 M M 14.3 23 200 M M 0 32 190
3 49 29 39 13 26 0 0.00 M M 5.9 9 90 M M 0 1 14 110
4 48 32 40 14 25 0 0.00 M M 11.0 21 140 M M 2 26 150
5 48 29 39 13 26 0 0.00 M M 5.2 12 160 M M 3 16 160
6 50 31 41 14 24 0 0.00 M M 10.8 21 140 M M 3 1 26 130
7 63 34 49 22 16 0 0.00 M M 14.9 32 210 M M 0 45 220
8 58 31 45 17 20 0 0.00 M M 7.9 16 140 M M 0 25 120
9 65 43 54 26 11 0 0.00 M M 15.5 26 180 M M 0 33 180
10 45 32 39 10 26 0 0.57 M M 12.1 30 280 M M 8 13 43 270
11 45 29 37 8 28 0 0.02 M M 15.0 30 290 M M 4 1 42 290
12 44 26 35 5 30 0 0.00 M M 5.6 12 160 M M 0 17 150
13 58 30 44 14 21 0 0.00 M M 5.9 18 220 M M 0 24 210
14 45 37 41 11 24 0 0.00 M M 12.8 23 90 M M 1 34 80
15 37 28 33 2 32 0 0.14 M M 12.5 20 110 M M 10 18 30 90
16 32 28 30 -1 35 0 0.14 M M 5.8 12 140 M M 10 12 16 90
17 36 31 34 2 31 0 0.17 M M 6.4 13 360 M M 9 128 19 360
18 47 30 39 7 26 0 0.00 M M 6.3 14 10 M M 1 22 360
19 50 26 38 5 27 0 0.00 M M 9.9 20 160 M M 0 27 160
20 60 33 47 14 18 0 0.00 M M 18.1 30 170 M M 0 40 160
21 60 39 50 16 15 0 0.00 M M 17.0 33 200 M M 4 44 210
22 56 31 44 10 21 0 0.00 M M 6.3 13 170 M M 2 18 50
23 47 39 43 8 22 0 0.79 M M 9.5 22 20 M M 10 1 37 20
24 44 33 39 4 26 0 0.01 M M 12.5 22 310 M M 8 1 34 340
25 53 27 40 4 25 0 0.00 M M 5.1 13 80 M M 4 1 18 80
26 51 29 40 4 25 0 T M M 8.4 15 160 M M 6 21 110
27 46 34 40 3 25 0 0.23 M M 10.1 23 330 M M 9 1 37 360
28 49 27 38 1 27 0 0.00 M M 11.4 20 150 M M 2 27 330
29 78 35 57 19 8 0 0.00 M M 21.8 32 190 M M 0 52 200
30 45 25 35 -3 30 0 0.00 M M 21.4 33 280 M M 4 46 300
31 33 20 27 -12 38 0 T M M 12.3 21 340 M M 5 32 350
================================================================================
SM 1513 935 783 0 2.07 M 338.5 M 108
================================================================================
AV 48.8 30.2 10.9 FASTST M M 3 MAX(MPH)
MISC ----> # 33 200 52 200
================================================================================
NOTES:
# LAST OF SEVERAL OCCURRENCES
COLUMN 17 PEAK WIND IN M.P.H.
PRELIMINARY LOCAL CLIMATOLOGICAL DATA (WS FORM: F-6) , PAGE 2
STATION: REDWOOD FALLS MN
MONTH: MARCH
YEAR: 2021
LATITUDE: 44 32 N
LONGITUDE: 95 5 W
[TEMPERATURE DATA] [PRECIPITATION DATA] SYMBOLS USED IN COLUMN 16
AVERAGE MONTHLY: 39.5 TOTAL FOR MONTH: 2.07 1 = FOG OR MIST
DPTR FM NORMAL: 7.9 DPTR FM NORMAL: 0.47 2 = FOG REDUCING VISIBILITY
HIGHEST: 78 ON 29 GRTST 24HR 0.79 ON 23-23 TO 1/4 MILE OR LESS
LOWEST: 13 ON 1 3 = THUNDER
SNOW, ICE PELLETS, HAIL 4 = ICE PELLETS
TOTAL MONTH: M 5 = HAIL
GRTST 24HR M ON M 6 = FREEZING RAIN OR DRIZZLE
GRTST DEPTH: M ON M 7 = DUSTSTORM OR SANDSTORM:
VSBY 1/2 MILE OR LESS
8 = SMOKE OR HAZE
[NO. OF DAYS WITH] [WEATHER - DAYS WITH] 9 = BLOWING SNOW
X = TORNADO
MAX 32 OR BELOW: 2 0.01 INCH OR MORE: 8
MAX 90 OR ABOVE: 0 0.10 INCH OR MORE: 6
MIN 32 OR BELOW: 22 0.50 INCH OR MORE: 2
MIN 0 OR BELOW: 0 1.00 INCH OR MORE: 0
[HDD (BASE 65) ]
TOTAL THIS MO. 783 CLEAR (SCALE 0-3) 17
DPTR FM NORMAL -254 PTCLDY (SCALE 4-7) 8
TOTAL FM JUL 1 6543 CLOUDY (SCALE 8-10) 6
DPTR FM NORMAL -514
[CDD (BASE 65) ]
TOTAL THIS MO. 0
DPTR FM NORMAL 0 [PRESSURE DATA]
TOTAL FM JAN 1 0 HIGHEST SLP 30.56 ON 31
DPTR FM NORMAL 0 LOWEST SLP 29.24 ON 29
[REMARKS]
#FINAL-03-21#
THE PRECIPITATION DATA FROM MARCH 1ST THROUGH THE 25TH AND ON MARCH 27TH IS FROM THE 8 INCH DIAMETER RAIN GAUGE AT THE REDWOOD FALLS COOP STATION