670
CXUS53 KMPX 012319
CF6RWF
PRELIMINARY LOCAL CLIMATOLOGICAL DATA (WS FORM: F-6)
STATION: REDWOOD FALLS MN
MONTH: JANUARY
YEAR: 2021
LATITUDE: 44 32 N
LONGITUDE: 95 5 W
TEMPERATURE IN F: :PCPN: SNOW: WIND :SUNSHINE: SKY :PK WND
================================================================================
1 2 3 4 5 6A 6B 7 8 9 10 11 12 13 14 15 16 17 18
12Z AVG MX 2MIN
DY MAX MIN AVG DEP HDD CDD WTR SNW DPTH SPD SPD DIR MIN PSBL S-S WX SPD DR
================================================================================
1 24 7 16 1 49 0 0.00 M M 4.7 13 170 M M 2 128 16 160
2 32 10 21 6 44 0 0.00 M M 7.6 14 160 M M 3 12 19 150
3 34 11 23 9 42 0 0.00 M M 8.8 15 180 M M 0 18 18 190
4 40 20 30 16 35 0 0.00 M M 9.9 20 290 M M 2 1 24 280
5 36 15 26 12 39 0 0.00 M M 6.1 14 110 M M 1 21 130
6 35 27 31 17 34 0 0.00 M M 7.9 13 120 M M 9 18 19 120
7 28 20 24 10 41 0 T M M 6.9 17 140 M M 6 12 20 140
8 27 18 23 9 42 0 T M M 3.0 8 10 M M 10 1 11 10
9 26 14 20 6 45 0 0.00 M M 5.1 10 340 M M 10 12 13 340
10 34 26 30 16 35 0 0.00 M M 8.9 16 290 M M 10 1 22 320
11 38 24 31 17 34 0 0.00 M M 10.6 20 220 M M 0 28 240
12 46 19 33 19 32 0 0.00 M M 6.7 13 250 M M 0 18 250
13 48 32 40 26 25 0 0.00 M M 5.4 16 210 M M 4 19 210
14 40 31 36 22 29 0 0.08 M M 16.3 26 330 M M 9 16 47 330
15 32 22 27 13 38 0 0.08 M M 17.5 28 330 M M 10 1 45 340
16 22 19 21 7 44 0 0.03 M M 11.9 21 330 M M 10 18 32 330
17 28 20 24 10 41 0 0.00 M M 8.2 16 320 M M 8 18 22 340
18 26 18 22 8 43 0 T M M 7.3 15 300 M M 7 1 19 310
19 21 1 11 -3 54 0 0.04 M M 8.5 23 320 M M 7 18 33 340
20 40 3 22 8 43 0 0.03 M M 16.7 25 210 M M 0 36 270
21 34 8 21 7 44 0 0.00 M M 17.3 25 300 M M 3 42 320
22 20 0 10 -4 55 0 T M M 7.0 14 320 M M 2 21 330
23 22 9 16 2 49 0 T M M 12.0 20 150 M M 6 18 24 150
24 21 8 15 1 50 0 0.22 M M 5.8 14 340 M M 6 18 19 360
25 18 8 13 -2 52 0 0.00 M M 7.5 15 70 M M 8 22 50
26 20 7 14 -1 51 0 0.00 M M 6.1 12 20 M M 6 19 20
27 16 9 13 -2 52 0 0.00 M M 3.0 10 120 M M 10 16 130
28 23 5 14 -1 51 0 0.00 M M 13.4 24 150 M M 7 18 29 170
29 24 19 22 7 43 0 T M M 13.0 25 130 M M 10 18 32 130
30 29 24 27 12 38 0 T M M 9.1 16 120 M M 10 18 25 100
31 29 25 27 12 38 0 T M M 11.4 18 330 M M 10 18 30 330
================================================================================
SM 913 479 1312 0 0.48 M 283.6 M 186
================================================================================
AV 29.5 15.5 9.1 FASTST M M 6 MAX(MPH)
MISC ----> 28 330 47 330
================================================================================
NOTES:
# LAST OF SEVERAL OCCURRENCES
COLUMN 17 PEAK WIND IN M.P.H.
PRELIMINARY LOCAL CLIMATOLOGICAL DATA (WS FORM: F-6) , PAGE 2
STATION: REDWOOD FALLS MN
MONTH: JANUARY
YEAR: 2021
LATITUDE: 44 32 N
LONGITUDE: 95 5 W
[TEMPERATURE DATA] [PRECIPITATION DATA] SYMBOLS USED IN COLUMN 16
AVERAGE MONTHLY: 22.5 TOTAL FOR MONTH: 0.48 1 = FOG OR MIST
DPTR FM NORMAL: 8.1 DPTR FM NORMAL: -0.12 2 = FOG REDUCING VISIBILITY
HIGHEST: 48 ON 13 GRTST 24HR 0.38 ON 14-15 TO 1/4 MILE OR LESS
LOWEST: 0 ON 22 3 = THUNDER
SNOW, ICE PELLETS, HAIL 4 = ICE PELLETS
TOTAL MONTH: M 5 = HAIL
GRTST 24HR M ON M 6 = FREEZING RAIN OR DRIZZLE
GRTST DEPTH: M ON M 7 = DUSTSTORM OR SANDSTORM:
VSBY 1/2 MILE OR LESS
8 = SMOKE OR HAZE
[NO. OF DAYS WITH] [WEATHER - DAYS WITH] 9 = BLOWING SNOW
X = TORNADO
MAX 32 OR BELOW: 20 0.01 INCH OR MORE: 6
MAX 90 OR ABOVE: 0 0.10 INCH OR MORE: 1
MIN 32 OR BELOW: 31 0.50 INCH OR MORE: 0
MIN 0 OR BELOW: 1 1.00 INCH OR MORE: 0
[HDD (BASE 65) ]
TOTAL THIS MO. 1312 CLEAR (SCALE 0-3) 9
DPTR FM NORMAL -255 PTCLDY (SCALE 4-7) 11
TOTAL FM JUL 1 4208 CLOUDY (SCALE 8-10) 11
DPTR FM NORMAL -538
[CDD (BASE 65) ]
TOTAL THIS MO. 0
DPTR FM NORMAL 0 [PRESSURE DATA]
TOTAL FM JAN 1 0 HIGHEST SLP 30.63 ON 27
DPTR FM NORMAL 0 LOWEST SLP 29.44 ON 14
[REMARKS]
#FINAL-01-21#
THE PRECIPITATION DATA ARE FROM THE 8 INCH DIAMETER RAIN GAUGE AT THE REDWOOD FALLS COOP STATION WITH AN OBSERVATION TIME OF 7AM.