000
CXUS55 KPIH 011100
CF6RXE
PRELIMINARY LOCAL CLIMATOLOGICAL DATA (WS FORM: F-6)
STATION: REXBURG
MONTH: JUNE
YEAR: 2022
LATITUDE: 43 49 N
LONGITUDE: 111 48 W
TEMPERATURE IN F: :PCPN: SNOW: WIND :SUNSHINE: SKY :PK WND
================================================================================
1 2 3 4 5 6A 6B 7 8 9 10 11 12 13 14 15 16 17 18
12Z AVG MX 2MIN
DY MAX MIN AVG DEP HDD CDD WTR SNW DPTH SPD SPD DIR MIN PSBL S-S WX SPD DR
================================================================================
1 69 41 55 -2 10 0 0.00 M M 4.3 13 240 M M 2 19 240
2 75 44 60 3 5 0 0.00 M M 4.4 12 40 M M 0 18 230
3 80 50 65 8 0 0 0.00 M M 9.0 24 220 M M 1 34 220
4 74 48 61 3 4 0 0.01 M M 7.7 21 270 M M 4 35 280
5 66 49 58 0 7 0 0.10 M M 9.0 21 190 M M 4 3 32 190
6 71 49 60 2 5 0 T M M 10.6 21 200 M M 3 3 30 200
7 71 43 57 -1 8 0 0.00 M M 5.8 15 200 M M 1 22 200
8 75 42 59 1 6 0 0.00 M M 3.6 9 60 M M 3 14 50
9 80 48 64 5 1 0 0.00 M M 5.8 13 160 M M 0 20 210
10 84 53 69 10 0 4 0.00 M M 10.9 23 200 M M 0 34 200
11 82 53 68 9 0 3 0.00 M M 10.6 28 240 M M 1 40 190
12 61 55 58 -1 7 0 0.66 M M 6.9 24 170 M M 8 18 38 150
13 59 45 52 -8 13 0 0.08 M M 18.6 30 200 M M 5 45 200
14 59 37 48 -12 17 0 0.02 M M 16.0 30 220 M M 5 46 220
15 67 39 53 -7 12 0 0.00 M M 10.0 20 200 M M 0 28 200
16 89 40 65 5 0 0 0.00 M M 7.8 20 210 M M 0 29 220
17 93 61 77 17 0 12 0.00 M M 12.8 28 150 M M 1 45 160
18 83 52 68 7 0 3 0.02 M M 7.9 17 230 M M 1 24 240
19 69 51 60 -1 5 0 0.00 M M 9.1 24 200 M M 3 36 200
20 61 44 53 -8 12 0 0.05 M M 7.8 22 230 M M 5 3 34 240
21 73 39 56 -5 9 0 0.00 M M 3.6 12 260 M M 0 16 260
22 83 42 63 1 2 0 0.00 M M 5.1 14 180 M M 0 21 180
23 88 48 68 6 0 3 0.00 M M 8.7 21 230 M M 0 30 230
24 83 55 69 7 0 4 0.00 M M 14.6 32 230 M M 3 45 240
25 78 45 62 -1 3 0 0.00 M M 7.7 16 20 M M 0 24 30
26 84 46 65 2 0 0 0.00 M M 4.8 10 60 M M 0 17 50
27 89 47 68 5 0 3 0.00 M M 3.3 12 220 M M 0 17 180
28 93 52 73 9 0 8 0.00 M M 8.3 20 220 M M 0 30 200
29 83 60 72 8 0 7 0.00 M M 14.8 28 200 M M 0 43 220
30 84 45 65 1 0 0 0.00 M M 4.4 9 150 M M 0 16 160
================================================================================
SM 2306 1423 126 47 0.94 M 253.9 M 50
================================================================================
AV 76.9 47.4 8.5 FASTST M M 2 MAX(MPH)
MISC ----> 32 230 46 220
================================================================================
NOTES:
# LAST OF SEVERAL OCCURRENCES
COLUMN 17 PEAK WIND IN M.P.H.
PRELIMINARY LOCAL CLIMATOLOGICAL DATA (WS FORM: F-6) , PAGE 2
STATION: REXBURG
MONTH: JUNE
YEAR: 2022
LATITUDE: 43 49 N
LONGITUDE: 111 48 W
[TEMPERATURE DATA] [PRECIPITATION DATA] SYMBOLS USED IN COLUMN 16
AVERAGE MONTHLY: 62.2 TOTAL FOR MONTH: 0.94 1 = FOG OR MIST
DPTR FM NORMAL: 1.9 DPTR FM NORMAL: -0.49 2 = FOG REDUCING VISIBILITY
HIGHEST: 93 ON 28,17 GRTST 24HR 0.74 ON 12-13 TO 1/4 MILE OR LESS
LOWEST: 37 ON 14 3 = THUNDER
SNOW, ICE PELLETS, HAIL 4 = ICE PELLETS
TOTAL MONTH: M 5 = HAIL
GRTST 24HR M ON M 6 = FREEZING RAIN OR DRIZZLE
GRTST DEPTH: M ON M 7 = DUSTSTORM OR SANDSTORM:
VSBY 1/2 MILE OR LESS
8 = SMOKE OR HAZE
[NO. OF DAYS WITH] [WEATHER - DAYS WITH] 9 = BLOWING SNOW
X = TORNADO
MAX 32 OR BELOW: 0 0.01 INCH OR MORE: 7
MAX 90 OR ABOVE: 2 0.10 INCH OR MORE: 2
MIN 32 OR BELOW: 0 0.50 INCH OR MORE: 1
MIN 0 OR BELOW: 0 1.00 INCH OR MORE: 0
[HDD (BASE 65) ]
TOTAL THIS MO. 126 CLEAR (SCALE 0-3) 23
DPTR FM NORMAL -40 PTCLDY (SCALE 4-7) 7
TOTAL FM JUL 1 7768 CLOUDY (SCALE 8-10) 0
DPTR FM NORMAL -127
[CDD (BASE 65) ]
TOTAL THIS MO. 47
DPTR FM NORMAL 24 [PRESSURE DATA]
TOTAL FM JAN 1 50 HIGHEST SLP 30.38 ON 21
DPTR FM NORMAL 24 LOWEST SLP 29.45 ON 17
[REMARKS]
#FINAL-06-22#