000
CXUS54 KEWX 011010
CF6RYW
PRELIMINARY LOCAL CLIMATOLOGICAL DATA (WS FORM: F-6)
STATION: LAGO VISTA
MONTH: NOVEMBER
YEAR: 2020
LATITUDE: 30 30 N
LONGITUDE: 97 58 W
TEMPERATURE IN F: :PCPN: SNOW: WIND :SUNSHINE: SKY :PK WND
================================================================================
1 2 3 4 5 6A 6B 7 8 9 10 11 12 13 14 15 16 17 18
12Z AVG MX 2MIN
DY MAX MIN AVG DEP HDD CDD WTR SNW DPTH SPD SPD DIR MIN PSBL S-S WX SPD DR
================================================================================
1 75 50 63 M 2 0 0.00 M M 7.4 15 30 M M 0 21 40
2 73 48 61 M 4 0 0.00 M M 5.1 9 20 M M 0 M M
3 78 51 65 M 0 0 0.00 M M 6.0 8 150 M M 0 M M
4 77 53 65 M 0 0 0.00 M M 6.7 12 170 M M 0 17 200
5 79 58 69 M 0 4 0.00 M M 5.7 10 210 M M 2 M M
6 76 58 67 M 0 2 0.00 M M 4.5 7 90 M M 5 12 M M
7 77 56 67 M 0 2 0.00 M M 3.7 7 120 M M 1 M M
8 78 59 69 M 0 4 0.00 M M 6.1 9 200 M M 4 1 16 140
9 80 63 72 M 0 7 0.00 M M 6.3 12 170 M M 5 21 170
10 75 62 69 M 0 4 0.00 M M 6.3 12 10 M M 7 18 10
11 79 52 66 M 0 1 0.00 M M 6.7 13 20 M M 1 M M
12 79 59 69 M 0 4 0.00 M M 3.5 9 190 M M 4 1 M M
13 78 63 71 M 0 6 0.00 M M 3.4 9 100 M M 8 1 M M
14 82 68 75 M 0 10 0.00 M M 8.2 14 190 M M 7 25 200
15 72 50 61 M 4 0 0.00 M M 9.4 18 30 M M 0 29 20
16 72 43 58 M 7 0 0.00 M M 3.5 8 20 M M 0 M M
17 73 47 60 M 5 0 0.00 M M 4.1 9 80 M M 0 M M
18 75 52 64 M 1 0 0.00 M M 5.6 9 150 M M 0 17 180
19 78 57 68 M 0 3 0.00 M M 6.6 9 170 M M 5 1 21 200
20 78 60 69 M 0 4 0.00 M M 5.6 10 180 M M 5 1 17 180
21 77 64 71 M 0 6 0.00 M M 3.1 7 150 M M 9 1 M M
22 76 53 65 M 0 0 0.11 M M 5.4 14 30 M M 10 20 20
23 65 47 56 M 9 0 0.00 M M 6.1 10 150 M M 6 1 18 150
24 78 57 68 M 0 3 0.05 M M 8.3 15 200 M M 8 1 27 180
25 70 49 60 M 5 0 0.28 M M 5.8 10 20 M M 2 17 360
26 75 49 62 M 3 0 0.00 M M 2.8 7 190 M M 1 M M
27 65 56 61 M 4 0 0.02 M M 7.7 15 30 M M 10 12 21 30
28 56 47 52 M 13 0 0.43 M M 7.8 14 40 M M 10 20 40
29 52 42 47 M 18 0 0.01 M M 7.7 10 350 M M 8 21 350
30 53 32 43 M 22 0 0.00 M M 7.0 13 340 M M 0 23 330
================================================================================
SM 2201 1605 97 60 0.90 M 176.1 M 118
================================================================================
AV 73.4 53.5 5.9 FASTST M M 4 MAX(MPH)
MISC ----> # 18 30 # 29 20
================================================================================
NOTES:
# LAST OF SEVERAL OCCURRENCES
COLUMN 17 PEAK WIND IN M.P.H.
PRELIMINARY LOCAL CLIMATOLOGICAL DATA (WS FORM: F-6) , PAGE 2
STATION: LAGO VISTA
MONTH: NOVEMBER
YEAR: 2020
LATITUDE: 30 30 N
LONGITUDE: 97 58 W
[TEMPERATURE DATA] [PRECIPITATION DATA] SYMBOLS USED IN COLUMN 16
AVERAGE MONTHLY: 63.4 TOTAL FOR MONTH: 0.90 1 = FOG OR MIST
DPTR FM NORMAL: M DPTR FM NORMAL: M 2 = FOG REDUCING VISIBILITY
HIGHEST: 82 ON 14 GRTST 24HR 0.43 ON 28-28 TO 1/4 MILE OR LESS
LOWEST: 32 ON 30 3 = THUNDER
SNOW, ICE PELLETS, HAIL 4 = ICE PELLETS
TOTAL MONTH: M 5 = HAIL
GRTST 24HR M ON M 6 = FREEZING RAIN OR DRIZZLE
GRTST DEPTH: M ON M 7 = DUSTSTORM OR SANDSTORM:
VSBY 1/2 MILE OR LESS
8 = SMOKE OR HAZE
[NO. OF DAYS WITH] [WEATHER - DAYS WITH] 9 = BLOWING SNOW
X = TORNADO
MAX 32 OR BELOW: 0 0.01 INCH OR MORE: 6
MAX 90 OR ABOVE: 0 0.10 INCH OR MORE: 3
MIN 32 OR BELOW: 1 0.50 INCH OR MORE: 0
MIN 0 OR BELOW: 0 1.00 INCH OR MORE: 0
[HDD (BASE 65) ]
TOTAL THIS MO. 97 CLEAR (SCALE 0-3) 14
DPTR FM NORMAL M PTCLDY (SCALE 4-7) 11
TOTAL FM JUL 1 194 CLOUDY (SCALE 8-10) 5
DPTR FM NORMAL M
[CDD (BASE 65) ]
TOTAL THIS MO. 60
DPTR FM NORMAL M [PRESSURE DATA]
TOTAL FM JAN 1 2927 HIGHEST SLP M ON M
DPTR FM NORMAL M LOWEST SLP M ON M
[REMARKS]
#FINAL-11-20#