000
CXUS56 KSTO 151111
CF6SAC
PRELIMINARY LOCAL CLIMATOLOGICAL DATA (WS FORM: F-6)
STATION: SACRAMENTO EXEC. AIRPORT CA
MONTH: JANUARY
YEAR: 2022
LATITUDE: 38 31 N
LONGITUDE: 121 30 W
TEMPERATURE IN F: :PCPN: SNOW: WIND :SUNSHINE: SKY :PK WND
================================================================================
1 2 3 4 5 6A 6B 7 8 9 10 11 12 13 14 15 16 17 18
12Z AVG MX 2MIN
DY MAX MIN AVG DEP HDD CDD WTR SNW DPTH SPD SPD DIR MIN PSBL S-S WX SPD DR
================================================================================
1 51 33 42 -5 23 0 0.00 0.0 M 4.4 14 330 M M 0 19 330
2 52 28 40 -7 25 0 0.00 M M 0.8 8 220 M M 0 12 9 210
3 53 31 42 -5 23 0 0.01 M M 7.6 15 140 M M 5 12 24 160
4 57 50 54 7 11 0 0.00 0.0 M 5.7 14 140 M M 8 8 16 180
5 60 44 52 5 13 0 0.00 0.0 M 3.9 10 330 M M 7 12 13 210
6 53 47 50 3 15 0 0.00 0.0 M 2.0 7 130 M M 10 12 12 120
7 55 42 49 2 16 0 0.04 M M 5.3 10 150 M M 7 1 15 150
8 57 38 48 1 17 0 0.00 M M 5.0 15 340 M M 5 12 17 350
9 57 35 46 -1 19 0 0.00 0.0 M 3.1 10 20 M M 1 12 13 320
10 61 38 50 3 15 0 0.00 0.0 M 3.6 13 330 M M 2 12 18 250
11 58 36 47 0 18 0 0.00 0.0 M 0.6 7 140 M M 0 1 9 120
12 61 36 49 2 16 0 0.00 0.0 M 0.7 8 230 M M 1 12 9 170
13 61 39 50 3 15 0 0.00 0.0 M 1.7 7 290 M M 3 12 8 290
14 65 34 50 3 15 0 0.00 M M 3.6 14 350 M M 2 12 21 340
15 55 36 46 -1 19 0 0.00 M M 1.6 7 10 M M 5 128 7 90
16 58 39 49 1 16 0 0.00 M M 1.9 8 330 M M 1 12 14 240
17 58 34 46 -2 19 0 0.00 M M 0.4 5 330 M M 4 12 7 320
18 59 35 47 -1 18 0 0.00 M M 1.0 9 280 M M 1 128 10 270
19 61 36 49 1 16 0 0.00 M M 1.9 8 340 M M 2 12 13 330
20 63 35 49 1 16 0 0.00 0.0 M 0.7 9 160 M M 0 1 13 140
21 64 42 53 5 12 0 0.00 0.0 M 14.4 28 340 M M 0 1 36 330
22 64 40 52 4 13 0 0.00 0.0 M 11.2 30 20 M M 0 128 36 20
23 63 34 49 1 16 0 0.00 0.0 M 1.1 7 220 M M 3 128 8 220
24 62 33 48 0 17 0 0.00 0.0 M 1.1 6 270 M M 0 1 8 140
25 66 35 51 3 14 0 0.00 M M 2.5 8 120 M M 1 12 11 140
26 62 34 48 0 17 0 0.00 M M 2.8 8 350 M M 0 1 14 330
27 64 32 48 -1 17 0 0.00 0.0 M 1.0 7 320 M M 0 1 10 340
28 62 34 48 -1 17 0 0.00 M M 1.1 7 260 M M 0 1 10 260
29 64 33 49 0 16 0 0.00 0.0 M 1.1 7 290 M M 0 1 9 290
30 61 33 47 -2 18 0 0.00 0.0 M 2.2 7 120 M M 0 18 10 120
31 61 39 50 1 15 0 0.00 0.0 M 4.6 16 350 M M 0 1 18 350
================================================================================
SM 1848 1135 517 0 0.05 0.0 98.6 M 68
================================================================================
AV 59.6 36.6 3.2 FASTST M M 2 MAX(MPH)
MISC ----> 30 20 # 36 20
================================================================================
NOTES:
# LAST OF SEVERAL OCCURRENCES
COLUMN 17 PEAK WIND IN M.P.H.
PRELIMINARY LOCAL CLIMATOLOGICAL DATA (WS FORM: F-6) , PAGE 2
STATION: SACRAMENTO EXEC. AIRPORT CA
MONTH: JANUARY
YEAR: 2022
LATITUDE: 38 31 N
LONGITUDE: 121 30 W
[TEMPERATURE DATA] [PRECIPITATION DATA] SYMBOLS USED IN COLUMN 16
AVERAGE MONTHLY: 48.1 TOTAL FOR MONTH: 0.05 1 = FOG OR MIST
DPTR FM NORMAL: 0.5 DPTR FM NORMAL: -3.61 2 = FOG REDUCING VISIBILITY
HIGHEST: 66 ON 25 GRTST 24HR 0.27 ON 3- 4 TO 1/4 MILE OR LESS
LOWEST: 28 ON 2 3 = THUNDER
SNOW, ICE PELLETS, HAIL 4 = ICE PELLETS
TOTAL MONTH: 0.0 INCH 5 = HAIL
GRTST 24HR 0.0 6 = FREEZING RAIN OR DRIZZLE
GRTST DEPTH: M ON M 7 = DUSTSTORM OR SANDSTORM:
VSBY 1/2 MILE OR LESS
8 = SMOKE OR HAZE
[NO. OF DAYS WITH] [WEATHER - DAYS WITH] 9 = BLOWING SNOW
X = TORNADO
MAX 32 OR BELOW: 0 0.01 INCH OR MORE: 2
MAX 90 OR ABOVE: 0 0.10 INCH OR MORE: 0
MIN 32 OR BELOW: 3 0.50 INCH OR MORE: 0
MIN 0 OR BELOW: 0 1.00 INCH OR MORE: 0
[HDD (BASE 65) ]
TOTAL THIS MO. 517 CLEAR (SCALE 0-3) 23
DPTR FM NORMAL -22 PTCLDY (SCALE 4-7) 6
TOTAL FM JUL 1 1543 CLOUDY (SCALE 8-10) 2
DPTR FM NORMAL 37
[CDD (BASE 65) ]
TOTAL THIS MO. 0
DPTR FM NORMAL 0 [PRESSURE DATA]
TOTAL FM JAN 1 0 HIGHEST SLP 30.49 ON 10
DPTR FM NORMAL 0 LOWEST SLP 29.92 ON 7
[REMARKS]
#FINAL-01-22#