000
CXUS55 KTWC 010855
CF6SAD
PRELIMINARY LOCAL CLIMATOLOGICAL DATA (WS FORM: F-6)
STATION: SAFFORD AZ AIRPORT
MONTH: DECEMBER
YEAR: 2022
LATITUDE: 32 50 N
LONGITUDE: 109 38 W
TEMPERATURE IN F: :PCPN: SNOW: WIND :SUNSHINE: SKY :PK WND
================================================================================
1 2 3 4 5 6A 6B 7 8 9 10 11 12 13 14 15 16 17 18
12Z AVG MX 2MIN
DY MAX MIN AVG DEP HDD CDD WTR SNW DPTH SPD SPD DIR MIN PSBL S-S WX SPD DR
================================================================================
1 72 36 54 4 11 0 0.00 M M 6.9 17 140 M M 0 23 130
2 70 35 53 4 12 0 0.00 M M 4.6 12 280 M M 0 17 320
3 59 39 49 0 16 0 0.51 M M 6.0 15 30 M M 6 13 21 280
4 57 49 53 4 12 0 0.43 M M 5.0 12 130 M M 10 1 14 120
5 63 47 55 7 10 0 0.00 M M 3.7 12 270 M M 6 12 15 260
6 68 41 55 7 10 0 0.00 M M 4.3 12 120 M M 0 15 90
7 64 41 53 5 12 0 0.00 M M 3.9 21 290 M M 5 26 290
8 62 35 49 1 16 0 0.00 M M 2.5 8 310 M M 0 10 230
9 63 38 51 4 14 0 0.00 M M 2.7 9 350 M M 0 14 290
10 65 32 49 2 16 0 0.00 M M 3.2 8 120 M M 0 11 140
11 69 32 51 4 14 0 0.00 M M 6.0 14 110 M M 0 19 110
12 56 37 47 0 18 0 0.24 M M 13.4 29 180 M M 3 1 43 180
13 48 34 41 -5 24 0 0.06 M M 7.9 23 330 M M 5 1 32 330
14 47 29 38 -8 27 0 0.00 M M 6.4 17 310 M M 4 12 24 310
15 51 24 38 -8 27 0 0.00 M M 4.1 13 280 M M 0 17 260
16 52 29 41 -5 24 0 0.00 M M 4.1 12 280 M M 0 14 270
17 53 24 39 -7 26 0 0.00 M M 5.1 16 120 M M 0 20 130
18 53 41 47 1 18 0 T M M 7.8 16 110 M M 6 22 120
19 59 30 45 -1 20 0 0.00 M M 3.4 13 290 M M M 17 280
20 60 30 45 -1 20 0 0.00 M M 6.7 18 120 M M M 24 110
21 60 28 44 -2 21 0 0.00 M M 2.7 12 90 M M M 14 90
22 64 27 46 0 19 0 0.00 M M 5.4 17 290 M M M 22 300
23 60 33 47 1 18 0 0.00 M M 7.9 16 90 M M M 21 90
24 56 31 44 -2 21 0 0.00 M M 7.1 16 130 M M M 21 120
25 63 29 46 0 19 0 0.00 M M 4.1 16 170 M M 0 20 170
26 69 29 49 3 16 0 0.00 M M 7.1 13 150 M M 0 20 90
27 66 46 56 10 9 0 0.00 M M 7.8 17 120 M M 1 23 120
28 55 40 48 2 17 0 T M M 7.4 23 320 M M 7 31 310
29 59 32 46 0 19 0 0.02 M M 4.7 12 80 M M 2 12 15 90
30 55 43 49 3 16 0 0.04 M M 4.0 15 300 M M 8 1 19 300
31 60 38 49 3 16 0 0.00 M M 4.5 10 310 M M 2 1 13 300
================================================================================
SM 1858 1079 538 0 1.30 M 170.4 M 65
================================================================================
AV 59.9 34.8 5.5 FASTST M M 3 MAX(MPH)
MISC ----> 29 180 43 180
================================================================================
NOTES:
# LAST OF SEVERAL OCCURRENCES
COLUMN 17 PEAK WIND IN M.P.H.
PRELIMINARY LOCAL CLIMATOLOGICAL DATA (WS FORM: F-6) , PAGE 2
STATION: SAFFORD AZ AIRPORT
MONTH: DECEMBER
YEAR: 2022
LATITUDE: 32 50 N
LONGITUDE: 109 38 W
[TEMPERATURE DATA] [PRECIPITATION DATA] SYMBOLS USED IN COLUMN 16
AVERAGE MONTHLY: 47.4 TOTAL FOR MONTH: 1.30 1 = FOG OR MIST
DPTR FM NORMAL: 0.8 DPTR FM NORMAL: 0.45 2 = FOG REDUCING VISIBILITY
HIGHEST: 72 ON 1 GRTST 24HR 0.79 ON 3- 4 TO 1/4 MILE OR LESS
LOWEST: 24 ON 17,15 3 = THUNDER
SNOW, ICE PELLETS, HAIL 4 = ICE PELLETS
TOTAL MONTH: M 5 = HAIL
GRTST 24HR M ON M 6 = FREEZING RAIN OR DRIZZLE
GRTST DEPTH: M ON M 7 = DUSTSTORM OR SANDSTORM:
VSBY 1/2 MILE OR LESS
8 = SMOKE OR HAZE
[NO. OF DAYS WITH] [WEATHER - DAYS WITH] 9 = BLOWING SNOW
X = TORNADO
MAX 32 OR BELOW: 0 0.01 INCH OR MORE: 6
MAX 90 OR ABOVE: 0 0.10 INCH OR MORE: 3
MIN 32 OR BELOW: 14 0.50 INCH OR MORE: 1
MIN 0 OR BELOW: 0 1.00 INCH OR MORE: 0
[HDD (BASE 65) ]
TOTAL THIS MO. 538 CLEAR (SCALE 0-3) 16
DPTR FM NORMAL -31 PTCLDY (SCALE 4-7) 8
TOTAL FM JUL 1 1034 CLOUDY (SCALE 8-10) 7
DPTR FM NORMAL 128
[CDD (BASE 65) ]
TOTAL THIS MO. 0
DPTR FM NORMAL 0 [PRESSURE DATA]
TOTAL FM JAN 1 2730 HIGHEST SLP M ON M
DPTR FM NORMAL 17 LOWEST SLP 29.64 ON 12
[REMARKS]
#FINAL-12-22#