000
CXUS56 KSGX 011145
CF6SAN
PRELIMINARY LOCAL CLIMATOLOGICAL DATA (WS FORM: F-6)
STATION: SAN DIEGO INTL AIRPORT CA
MONTH: FEBRUARY
YEAR: 2024
LATITUDE: 32 43 N
LONGITUDE: 117 10 W
TEMPERATURE IN F: :PCPN: SNOW: WIND :SUNSHINE: SKY :PK WND
================================================================================
1 2 3 4 5 6A 6B 7 8 9 10 11 12 13 14 15 16 17 18
12Z AVG MX 2MIN
DY MAX MIN AVG DEP HDD CDD WTR SNW DPTH SPD SPD DIR MIN PSBL S-S WX SPD DR
================================================================================
1 61 55 58 -1 7 0 0.82 M M 11.6 23 130 M M 7 1 31 130
2 62 54 58 -1 7 0 0.08 M M 9.9 18 270 M M 7 1 23 260
3 62 49 56 -3 9 0 T M M 4.2 10 260 M M 6 17 250
4 64 50 57 -2 8 0 T M M 11.1 22 150 M M 5 31 180
5 64 54 59 0 6 0 1.04 M M 8.5 20 150 M M 9 1 25 150
6 60 54 57 -2 8 0 0.88 M M 9.8 21 150 M M 8 13 27 140
7 61 50 56 -3 9 0 0.51 M M 9.5 22 280 M M 7 138 28 270
8 60 51 56 -3 9 0 0.25 M M 10.5 25 260 M M 7 1 34 270
9 60 50 55 -4 10 0 0.17 M M 5.5 16 260 M M 8 1 23 220
10 62 47 55 -4 10 0 0.00 M M 4.2 16 280 M M 3 21 320
11 65 42 54 -5 11 0 0.00 M M 4.1 14 280 M M 0 18 250
12 64 42 53 -6 12 0 0.00 M M 3.0 16 320 M M 1 20 320
13 63 44 54 -5 11 0 0.00 M M 3.2 15 280 M M 4 17 210
14 63 47 55 -4 10 0 0.00 M M 3.7 15 300 M M 3 19 290
15 64 49 57 -2 8 0 0.00 M M 5.7 16 300 M M 6 23 310
16 64 56 60 1 5 0 0.00 M M 5.2 14 290 M M 9 18 290
17 62 52 57 -2 8 0 0.00 M M 2.7 12 290 M M 9 14 310
18 65 50 58 -1 7 0 0.00 M M 2.6 12 280 M M 6 15 240
19 66 55 61 2 4 0 0.02 M M 7.1 14 190 M M 8 18 25 200
20 64 58 61 2 4 0 0.39 M M 5.1 12 150 M M 10 18 19 150
21 65 54 60 1 5 0 0.42 M M 4.4 15 270 M M 7 1 22 240
22 64 50 57 -2 8 0 0.00 M M 4.1 15 280 M M 4 20 300
23 74 51 63 4 2 0 0.00 M M 3.5 14 320 M M 7 19 310
24 75 55 65 6 0 0 0.00 M M 2.4 10 300 M M 8 16 290
25 65 53 59 0 6 0 0.00 M M 3.4 12 290 M M 8 15 300
26 63 56 60 0 5 0 T M M 3.3 12 300 M M 9 16 310
27 67 56 62 2 3 0 0.00 M M 5.0 13 280 M M 6 8 22 200
28 65 54 60 0 5 0 0.00 M M 4.8 15 280 M M 7 18 280
29 66 59 63 3 2 0 0.00 M M 5.3 10 260 M M 9 17 270
================================================================================
SM 1860 1497 199 0 4.58 M 163.4 M 188
================================================================================
AV 64.1 51.6 5.6 FASTST M M 6 MAX(MPH)
MISC ----> 25 260 34 270
================================================================================
NOTES:
# LAST OF SEVERAL OCCURRENCES
COLUMN 17 PEAK WIND IN M.P.H.
PRELIMINARY LOCAL CLIMATOLOGICAL DATA (WS FORM: F-6) , PAGE 2
STATION: SAN DIEGO INTL AIRPORT CA
MONTH: FEBRUARY
YEAR: 2024
LATITUDE: 32 43 N
LONGITUDE: 117 10 W
[TEMPERATURE DATA] [PRECIPITATION DATA] SYMBOLS USED IN COLUMN 16
AVERAGE MONTHLY: 57.9 TOTAL FOR MONTH: 4.58 1 = FOG OR MIST
DPTR FM NORMAL: -1.1 DPTR FM NORMAL: 2.38 2 = FOG REDUCING VISIBILITY
HIGHEST: 75 ON 24 GRTST 24HR 1.90 ON 5- 6 TO 1/4 MILE OR LESS
LOWEST: 42 ON 12,11 3 = THUNDER
SNOW, ICE PELLETS, HAIL 4 = ICE PELLETS
TOTAL MONTH: M 5 = HAIL
GRTST 24HR M ON M 6 = FREEZING RAIN OR DRIZZLE
GRTST DEPTH: M ON M 7 = DUSTSTORM OR SANDSTORM:
VSBY 1/2 MILE OR LESS
8 = SMOKE OR HAZE
[NO. OF DAYS WITH] [WEATHER - DAYS WITH] 9 = BLOWING SNOW
X = TORNADO
MAX 32 OR BELOW: 0 0.01 INCH OR MORE: 10
MAX 90 OR ABOVE: 0 0.10 INCH OR MORE: 8
MIN 32 OR BELOW: 0 0.50 INCH OR MORE: 4
MIN 0 OR BELOW: 0 1.00 INCH OR MORE: 1
[HDD (BASE 65) ]
TOTAL THIS MO. 199 CLEAR (SCALE 0-3) 4
DPTR FM NORMAL 26 PTCLDY (SCALE 4-7) 16
TOTAL FM JUL 1 733 CLOUDY (SCALE 8-10) 9
DPTR FM NORMAL 18
[CDD (BASE 65) ]
TOTAL THIS MO. 0
DPTR FM NORMAL -5 [PRESSURE DATA]
TOTAL FM JAN 1 0 HIGHEST SLP 30.25 ON 22
DPTR FM NORMAL -8 LOWEST SLP 29.68 ON 6
[REMARKS]
#FINAL-02-24#