000
CXUS54 KEWX 051239
CF6SAT
PRELIMINARY LOCAL CLIMATOLOGICAL DATA (WS FORM: F-6)
STATION: SAN ANTONIO
MONTH: JUNE
YEAR: 2021
LATITUDE: 29 31 N
LONGITUDE: 98 28 W
TEMPERATURE IN F: :PCPN: SNOW: WIND :SUNSHINE: SKY :PK WND
================================================================================
1 2 3 4 5 6A 6B 7 8 9 10 11 12 13 14 15 16 17 18
12Z AVG MX 2MIN
DY MAX MIN AVG DEP HDD CDD WTR SNW DPTH SPD SPD DIR MIN PSBL S-S WX SPD DR
================================================================================
1 85 69 77 -4 0 12 0.21 0.0 0 7.3 36 120 M M 6 3 48 130
2 86 69 78 -3 0 13 T 0.0 0 4.3 21 340 M M 6 28 350
3 76 66 71 -10 0 6 1.04 0.0 0 6.8 21 10 M M 9 13 29 10
4 82 66 74 -7 0 9 0.00 0.0 0 4.0 10 30 M M 8 13 13 40
5 84 66 75 -6 0 10 0.38 0.0 0 4.2 24 30 M M 7 13 36 20
6 88 69 79 -3 0 14 T 0.0 0 10.0 21 130 M M 8 1 26 130
7 90 77 84 2 0 19 0.00 0.0 0 11.9 20 140 M M 9 18 25 140
8 90 77 84 2 0 19 T 0.0 0 11.7 22 130 M M 8 18 30 140
9 90 76 83 1 0 18 0.00 0.0 0 11.7 20 150 M M 8 26 150
10 90 75 83 1 0 18 0.00 0.0 0 11.0 21 150 M M 6 28 150
11 90 76 83 1 0 18 0.00 0.0 0 11.5 20 160 M M 6 27 170
12 92 75 84 2 0 19 0.00 0.0 0 8.9 16 120 M M 5 21 130
13 95 75 85 3 0 20 0.00 0.0 0 4.9 15 190 M M 4 20 190
14 96 76 86 3 0 21 0.00 0.0 0 5.4 22 100 M M 3 30 110
15 95 73 84 1 0 19 0.18 0.0 0 6.6 29 60 M M 4 3 39 70
16 93 71 82 -1 0 17 0.00 0.0 0 6.4 16 90 M M 3 23 60
17 94 73 84 1 0 19 0.00 0.0 0 6.6 14 120 M M 2 20 130
18 92 76 84 1 0 19 0.00 0.0 0 5.7 15 100 M M 4 20 100
19 92 69 81 -2 0 16 0.00 0.0 0 7.8 18 160 M M 3 26 140
20 92 77 85 2 0 20 0.00 0.0 0 12.4 21 140 M M 7 29 150
21 93 80 87 4 0 22 T 0.0 0 10.9 17 140 M M 7 22 160
22 90 75 83 0 0 18 0.04 0.0 0 8.2 26 170 M M 7 13 36 170
23 94 78 86 3 0 21 T 0.0 0 11.3 21 130 M M 6 27 140
24 95 78 87 4 0 22 0.00 0.0 0 13.6 23 130 M M 6 30 130
25 94 77 86 3 0 21 0.00 0.0 0 15.1 28 130 M M 6 34 130
26 95 77 86 2 0 21 0.00 0.0 0 14.2 24 140 M M 5 32 150
27 88 74 81 -3 0 16 0.01 0.0 0 7.2 22 110 M M 7 3 28 110
28 90 74 82 -2 0 17 T 0.0 0 8.0 20 130 M M 7 27 120
29 87 73 80 -4 0 15 0.57 0.0 0 6.4 21 110 M M 9 3 25 120
30 91 74 83 -1 0 18 0.01 0.0 0 7.3 22 110 M M 7 3 28 110
================================================================================
SM 2709 2211 0 517 2.44 0.0 261.3 M 183
================================================================================
AV 90.3 73.7 8.7 FASTST M M 6 MAX(MPH)
MISC ----> 36 120 48 130
================================================================================
NOTES:
# LAST OF SEVERAL OCCURRENCES
COLUMN 17 PEAK WIND IN M.P.H.
PRELIMINARY LOCAL CLIMATOLOGICAL DATA (WS FORM: F-6) , PAGE 2
STATION: SAN ANTONIO
MONTH: JUNE
YEAR: 2021
LATITUDE: 29 31 N
LONGITUDE: 98 28 W
[TEMPERATURE DATA] [PRECIPITATION DATA] SYMBOLS USED IN COLUMN 16
AVERAGE MONTHLY: 82.0 TOTAL FOR MONTH: 2.44 1 = FOG OR MIST
DPTR FM NORMAL: -0.6 DPTR FM NORMAL: -0.84 2 = FOG REDUCING VISIBILITY
HIGHEST: 96 ON 14 GRTST 24HR 1.04 ON 3- 3 TO 1/4 MILE OR LESS
LOWEST: 66 ON 5, 4 3 = THUNDER
SNOW, ICE PELLETS, HAIL 4 = ICE PELLETS
TOTAL MONTH: 0.0 INCH 5 = HAIL
GRTST 24HR 0.0 6 = FREEZING RAIN OR DRIZZLE
GRTST DEPTH: 0 7 = DUSTSTORM OR SANDSTORM:
VSBY 1/2 MILE OR LESS
8 = SMOKE OR HAZE
[NO. OF DAYS WITH] [WEATHER - DAYS WITH] 9 = BLOWING SNOW
X = TORNADO
MAX 32 OR BELOW: 0 0.01 INCH OR MORE: 8
MAX 90 OR ABOVE: 22 0.10 INCH OR MORE: 5
MIN 32 OR BELOW: 0 0.50 INCH OR MORE: 2
MIN 0 OR BELOW: 0 1.00 INCH OR MORE: 1
[HDD (BASE 65) ]
TOTAL THIS MO. 0 CLEAR (SCALE 0-3) 3
DPTR FM NORMAL 0 PTCLDY (SCALE 4-7) 22
TOTAL FM JUL 1 1358 CLOUDY (SCALE 8-10) 5
DPTR FM NORMAL -81
[CDD (BASE 65) ]
TOTAL THIS MO. 517
DPTR FM NORMAL -9 [PRESSURE DATA]
TOTAL FM JAN 1 1158 HIGHEST SLP 30.05 ON 30
DPTR FM NORMAL 7 LOWEST SLP 29.67 ON 6
[REMARKS]
#FINAL-06-21#