000
CXUS52 KCHS 042017
CF6SAV
PRELIMINARY LOCAL CLIMATOLOGICAL DATA (WS FORM: F-6)
STATION: SAVANNAH GA
MONTH: DECEMBER
YEAR: 2022
LATITUDE: 32 7 N
LONGITUDE: 81 12 W
TEMPERATURE IN F: :PCPN: SNOW: WIND :SUNSHINE: SKY :PK WND
================================================================================
1 2 3 4 5 6A 6B 7 8 9 10 11 12 13 14 15 16 17 18
12Z AVG MX 2MIN
DY MAX MIN AVG DEP HDD CDD WTR SNW DPTH SPD SPD DIR MIN PSBL S-S WX SPD DR
================================================================================
1 60 42 51 -5 14 0 0.00 0.0 0 7.2 16 70 M M 2 20 40
2 67 45 56 1 9 0 0.00 0.0 0 6.5 14 40 M M 2 1 17 40
3 79 53 66 11 0 1 0.00 0.0 0 4.3 17 210 M M 5 18 23 200
4 69 55 62 7 3 0 T 0.0 0 4.4 12 350 M M 8 14 350
5 64 58 61 6 4 0 0.02 0.0 0 5.0 10 130 M M 7 128 14 110
6 76 55 66 11 0 1 T 0.0 0 3.5 9 60 M M 9 8 11 70
7 81 59 70 16 0 5 0.00 0.0 0 3.5 10 300 M M 2 18 16 300
8 82 61 72 18 0 7 0.00 0.0 0 3.6 14 310 M M 2 18 18 330
9 74 59 67 13 0 2 T 0.0 0 6.9 14 110 M M 5 18 16 100
10 59 54 57 3 8 0 0.10 0.0 0 6.3 10 20 M M 10 1 14 10
11 69 51 60 6 5 0 T 0.0 0 4.7 10 10 M M 9 12 310
12 61 53 57 3 8 0 0.01 0.0 0 4.9 14 10 M M 9 17 20
13 60 47 54 0 11 0 0.00 0.0 0 9.4 20 50 M M 8 27 40
14 67 47 57 4 8 0 0.02 0.0 0 8.0 14 170 M M 10 18 19 120
15 75 49 62 9 3 0 0.14 0.0 0 12.2 25 280 M M 5 1 29 270
16 63 41 52 -1 13 0 0.00 0.0 0 8.6 20 270 M M 0 26 290
17 66 39 53 0 12 0 T 0.0 0 5.7 14 210 M M 6 17 200
18 58 36 47 -6 18 0 0.00 0.0 0 9.0 17 310 M M 1 22 310
19 58 29 44 -9 21 0 0.00 0.0 0 6.8 15 60 M M 3 18 50
20 49 42 46 -6 19 0 1.03 0.0 0 10.0 16 40 M M 10 1 22 20
21 50 41 46 -6 19 0 0.27 0.0 0 10.4 17 30 M M 10 18 24 30
22 50 44 47 -5 18 0 0.12 0.0 0 7.8 15 280 M M 10 1 20 280
23 55 27 41 -11 24 0 0.02 0.0 0 16.3 31 290 M M 3 1 42 280
24 33 19 26 -26 39 0 0.00 0.0 0 13.9 24 290 M M 4 29 290
25 45 21 33 -19 32 0 0.00 0.0 0 7.7 18 260 M M 1 23 260
26 50 22 36 -16 29 0 0.00 0.0 0 2.3 10 270 M M 1 1 14 270
27 55 25 40 -12 25 0 0.00 0.0 0 2.0 9 360 M M 1 11 340
28 62 26 44 -8 21 0 0.00 0.0 0 2.7 9 110 M M 0 12 40
29 73 36 55 4 10 0 0.00 0.0 0 4.2 15 110 M M 4 16 110
30 73 50 62 11 3 0 T 0.0 0 5.4 16 100 M M 8 18 19 100
31 70 56 63 12 2 0 0.01 0.0 0 6.6 22 170 M M 8 12 29 170
================================================================================
SM 1953 1342 378 16 1.74 0.0 209.8 M 163
================================================================================
AV 63.0 43.3 6.8 FASTST M M 5 MAX(MPH)
MISC ----> 31 290 42 280
================================================================================
NOTES:
# LAST OF SEVERAL OCCURRENCES
COLUMN 17 PEAK WIND IN M.P.H.
PRELIMINARY LOCAL CLIMATOLOGICAL DATA (WS FORM: F-6) , PAGE 2
STATION: SAVANNAH GA
MONTH: DECEMBER
YEAR: 2022
LATITUDE: 32 7 N
LONGITUDE: 81 12 W
[TEMPERATURE DATA] [PRECIPITATION DATA] SYMBOLS USED IN COLUMN 16
AVERAGE MONTHLY: 53.1 TOTAL FOR MONTH: 1.74 1 = FOG OR MIST
DPTR FM NORMAL: -0.1 DPTR FM NORMAL: -1.47 2 = FOG REDUCING VISIBILITY
HIGHEST: 82 ON 8 GRTST 24HR 1.21 ON 20-21 TO 1/4 MILE OR LESS
LOWEST: 19 ON 24 3 = THUNDER
SNOW, ICE PELLETS, HAIL 4 = ICE PELLETS
TOTAL MONTH: 0.0 INCH 5 = HAIL
GRTST 24HR 0.0 6 = FREEZING RAIN OR DRIZZLE
GRTST DEPTH: 0 7 = DUSTSTORM OR SANDSTORM:
VSBY 1/2 MILE OR LESS
8 = SMOKE OR HAZE
[NO. OF DAYS WITH] [WEATHER - DAYS WITH] 9 = BLOWING SNOW
X = TORNADO
MAX 32 OR BELOW: 0 0.01 INCH OR MORE: 10
MAX 90 OR ABOVE: 0 0.10 INCH OR MORE: 5
MIN 32 OR BELOW: 7 0.50 INCH OR MORE: 1
MIN 0 OR BELOW: 0 1.00 INCH OR MORE: 1
[HDD (BASE 65) ]
TOTAL THIS MO. 378 CLEAR (SCALE 0-3) 11
DPTR FM NORMAL -1 PTCLDY (SCALE 4-7) 10
TOTAL FM JUL 1 599 CLOUDY (SCALE 8-10) 10
DPTR FM NORMAL -39
[CDD (BASE 65) ]
TOTAL THIS MO. 16
DPTR FM NORMAL 4 [PRESSURE DATA]
TOTAL FM JAN 1 2616 HIGHEST SLP 30.48 ON 2
DPTR FM NORMAL 20 LOWEST SLP 29.73 ON 15
[REMARKS]
#FINAL-12-22#