000
CXUS52 KCHS 190815
CF6SAV
PRELIMINARY LOCAL CLIMATOLOGICAL DATA (WS FORM: F-6)
STATION: SAVANNAH GA
MONTH: APRIL
YEAR: 2024
LATITUDE: 32 7 N
LONGITUDE: 81 12 W
TEMPERATURE IN F: :PCPN: SNOW: WIND :SUNSHINE: SKY :PK WND
================================================================================
1 2 3 4 5 6A 6B 7 8 9 10 11 12 13 14 15 16 17 18
12Z AVG MX 2MIN
DY MAX MIN AVG DEP HDD CDD WTR SNW DPTH SPD SPD DIR MIN PSBL S-S WX SPD DR
================================================================================
1 83 63 73 10 0 8 0.00 0.0 0 9.5 17 260 M M 6 23 260
2 83 63 73 9 0 8 0.00 0.0 0 7.9 20 230 M M 6 8 25 240
3 72 56 64 0 1 0 1.02 0.0 0 11.0 20 170 M M 7 13 27 200
4 68 49 59 -5 6 0 0.00 0.0 0 13.0 26 270 M M 1 38 250
5 71 45 58 -6 7 0 0.00 0.0 0 8.5 22 310 M M 0 29 310
6 67 42 55 -9 10 0 0.00 0.0 0 6.6 17 20 M M 2 23 30
7 72 44 58 -7 7 0 0.00 0.0 0 3.4 14 160 M M 4 23 100
8 76 50 63 -2 2 0 0.00 0.0 0 5.7 15 160 M M 5 21 140
9 79 57 68 3 0 3 0.00 0.0 0 7.8 16 170 M M 6 1 25 200
10 81 66 74 9 0 9 0.02 0.0 0 11.0 22 170 M M 8 29 170
11 83 65 74 8 0 9 3.40 0.0 0 16.4 35 260 M M 8 13 45 260
12 76 57 67 1 0 2 0.00 0.0 0 15.3 30 270 M M 1 38 250
13 78 49 64 -2 1 0 0.00 0.0 0 8.4 21 310 M M 1 29 310
14 85 52 69 3 0 4 0.00 0.0 0 4.8 16 150 M M 1 20 160
15 87 62 75 9 0 10 0.00 0.0 0 7.9 16 290 M M 1 22 240
16 85 58 72 5 0 7 0.00 0.0 0 5.3 15 180 M M 5 18 180
17 84 61 73 6 0 8 0.00 0.0 0 7.4 16 200 M M 7 1 21 210
18 90 67 79 12 0 14 0.00 0.0 0 5.4 16 190 M M 4 25 200
================================================================================
SM 1420 1006 34 82 4.44 0.0 155.3 M 73
================================================================================
AV 78.9 55.9 8.6 FASTST M M 4 MAX(MPH)
MISC ----> 35 260 45 260
================================================================================
NOTES:
# LAST OF SEVERAL OCCURRENCES
COLUMN 17 PEAK WIND IN M.P.H.
PRELIMINARY LOCAL CLIMATOLOGICAL DATA (WS FORM: F-6) , PAGE 2
STATION: SAVANNAH GA
MONTH: APRIL
YEAR: 2024
LATITUDE: 32 7 N
LONGITUDE: 81 12 W
[TEMPERATURE DATA] [PRECIPITATION DATA] SYMBOLS USED IN COLUMN 16
AVERAGE MONTHLY: 67.4 TOTAL FOR MONTH: 4.44 1 = FOG OR MIST
DPTR FM NORMAL: 2.2 DPTR FM NORMAL: 2.34 2 = FOG REDUCING VISIBILITY
HIGHEST: 90 ON 18 GRTST 24HR 3.42 ON 10-11 TO 1/4 MILE OR LESS
LOWEST: 42 ON 6 3 = THUNDER
SNOW, ICE PELLETS, HAIL 4 = ICE PELLETS
TOTAL MONTH: 0.0 INCH 5 = HAIL
GRTST 24HR 0.0 6 = FREEZING RAIN OR DRIZZLE
GRTST DEPTH: 0 7 = DUSTSTORM OR SANDSTORM:
VSBY 1/2 MILE OR LESS
8 = SMOKE OR HAZE
[NO. OF DAYS WITH] [WEATHER - DAYS WITH] 9 = BLOWING SNOW
X = TORNADO
MAX 32 OR BELOW: 0 0.01 INCH OR MORE: 3
MAX 90 OR ABOVE: 1 0.10 INCH OR MORE: 2
MIN 32 OR BELOW: 0 0.50 INCH OR MORE: 2
MIN 0 OR BELOW: 0 1.00 INCH OR MORE: 2
[HDD (BASE 65) ]
TOTAL THIS MO. 34 CLEAR (SCALE 0-3) 7
DPTR FM NORMAL -17 PTCLDY (SCALE 4-7) 11
TOTAL FM JUL 1 1355 CLOUDY (SCALE 8-10) 0
DPTR FM NORMAL -301
[CDD (BASE 65) ]
TOTAL THIS MO. 82
DPTR FM NORMAL 28 [PRESSURE DATA]
TOTAL FM JAN 1 157 HIGHEST SLP M ON M
DPTR FM NORMAL 43 LOWEST SLP 29.49 ON 3
[REMARKS]