000
CXUS53 KIWX 011137
CF6SBN
PRELIMINARY LOCAL CLIMATOLOGICAL DATA (WS FORM: F-6)
STATION: SOUTH BEND
MONTH: APRIL
YEAR: 2023
LATITUDE: 41 42 N
LONGITUDE: 86 19 W
TEMPERATURE IN F: :PCPN: SNOW: WIND :SUNSHINE: SKY :PK WND
================================================================================
1 2 3 4 5 6A 6B 7 8 9 10 11 12 13 14 15 16 17 18
12Z AVG MX 2MIN
DY MAX MIN AVG DEP HDD CDD WTR SNW DPTH SPD SPD DIR MIN PSBL S-S WX SPD DR
================================================================================
1 53 33 43 1 22 0 0.25 T 0 15.2 30 320 M M 7 13 44 320
2 52 23 38 -5 27 0 0.00 0.0 0 9.6 25 160 M M 3 1 34 160
3 63 39 51 8 14 0 0.01 0.0 0 7.1 14 60 M M 6 21 40
4 62 47 55 11 10 0 T 0.0 0 14.8 29 110 M M 10 1 39 130
5 74 39 57 13 8 0 0.73 0.0 0 17.1 33 260 M M 4 138 52 200
6 51 33 42 -2 23 0 0.00 0.0 0 9.8 20 310 M M 0 27 270
7 56 29 43 -2 22 0 0.00 0.0 0 4.2 14 20 M M 0 18 30
8 61 36 49 4 16 0 0.00 0.0 0 8.3 21 150 M M 0 25 140
9 66 39 53 7 12 0 0.00 0.0 0 6.2 14 130 M M 0 19 130
10 68 41 55 9 10 0 0.00 0.0 0 7.0 14 250 M M 0 20 210
11 77 45 61 15 4 0 0.00 0.0 0 10.5 21 250 M M 0 31 220
12 81 56 69 22 0 4 0.00 0.0 0 14.3 28 250 M M 0 39 250
13 82 51 67 20 0 2 0.00 0.0 0 7.6 17 210 M M 0 24 250
14 84 47 66 18 0 1 0.00 0.0 0 4.4 15 160 M M 2 21 130
15 82 62 72 24 0 7 T 0.0 0 6.5 30 250 M M 3 44 250
16 70 38 54 6 11 0 0.12 0.0 0 14.7 30 250 M M 9 1 39 230
17 39 32 36 -13 29 0 0.11 T 0 16.1 28 270 M M 10 18 43 300
18 53 35 44 -5 21 0 0.00 0.0 0 11.7 26 310 M M 5 8 37 290
19 70 35 53 4 12 0 0.10 0.0 0 11.7 28 120 M M 2 3 35 120
20 80 53 67 17 0 2 0.08 0.0 0 14.4 29 210 M M 5 3 38 200
21 62 46 54 4 11 0 0.02 0.0 0 7.6 22 310 M M 4 29 310
22 52 35 44 -7 21 0 0.19 T 0 7.3 23 270 M M 9 1 33 270
23 45 35 40 -11 25 0 0.02 T 0 7.9 16 240 M M 9 21 240
24 51 31 41 -10 24 0 T T 0 7.1 20 320 M M 5 1 29 320
25 47 31 39 -13 26 0 0.18 0.0 0 5.8 15 20 M M 8 18 20 20
26 53 27 40 -12 25 0 0.00 0.0 0 7.7 17 360 M M 0 23 350
27 65 30 48 -4 17 0 0.00 0.0 0 7.0 18 130 M M 0 23 140
28 57 44 51 -2 14 0 0.14 0.0 0 8.9 21 360 M M 8 1 27 350
29 67 38 53 0 12 0 0.15 0.0 0 5.8 22 310 M M 4 138 28 310
30 50 39 45 -9 20 0 0.20 T 0 10.3 28 300 M M 8 1 37 300
================================================================================
SM 1873 1169 436 16 2.30 T 286.6 M 121
================================================================================
AV 62.4 39.0 9.6 FASTST M M 4 MAX(MPH)
MISC ----> 33 260 52 200
================================================================================
NOTES:
# LAST OF SEVERAL OCCURRENCES
COLUMN 17 PEAK WIND IN M.P.H.
PRELIMINARY LOCAL CLIMATOLOGICAL DATA (WS FORM: F-6) , PAGE 2
STATION: SOUTH BEND
MONTH: APRIL
YEAR: 2023
LATITUDE: 41 42 N
LONGITUDE: 86 19 W
[TEMPERATURE DATA] [PRECIPITATION DATA] SYMBOLS USED IN COLUMN 16
AVERAGE MONTHLY: 50.7 TOTAL FOR MONTH: 2.30 1 = FOG OR MIST
DPTR FM NORMAL: 2.6 DPTR FM NORMAL: -1.19 2 = FOG REDUCING VISIBILITY
HIGHEST: 84 ON 14 GRTST 24HR 1.70 ON 31- 1 TO 1/4 MILE OR LESS
LOWEST: 23 ON 2 3 = THUNDER
SNOW, ICE PELLETS, HAIL 4 = ICE PELLETS
TOTAL MONTH: T 5 = HAIL
GRTST 24HR T ON 1- 1 6 = FREEZING RAIN OR DRIZZLE
GRTST DEPTH: 0 7 = DUSTSTORM OR SANDSTORM:
VSBY 1/2 MILE OR LESS
8 = SMOKE OR HAZE
[NO. OF DAYS WITH] [WEATHER - DAYS WITH] 9 = BLOWING SNOW
X = TORNADO
MAX 32 OR BELOW: 0 0.01 INCH OR MORE: 14
MAX 90 OR ABOVE: 0 0.10 INCH OR MORE: 10
MIN 32 OR BELOW: 7 0.50 INCH OR MORE: 1
MIN 0 OR BELOW: 0 1.00 INCH OR MORE: 0
[HDD (BASE 65) ]
TOTAL THIS MO. 436 CLEAR (SCALE 0-3) 14
DPTR FM NORMAL -78 PTCLDY (SCALE 4-7) 10
TOTAL FM JUL 1 5277 CLOUDY (SCALE 8-10) 6
DPTR FM NORMAL -850
[CDD (BASE 65) ]
TOTAL THIS MO. 16
DPTR FM NORMAL 10 [PRESSURE DATA]
TOTAL FM JAN 1 16 HIGHEST SLP 30.59 ON 7
DPTR FM NORMAL 8 LOWEST SLP 29.33 ON 1
[REMARKS]
#FINAL-04-23#