000
CXUS53 KIWX 010910
CF6SBN
PRELIMINARY LOCAL CLIMATOLOGICAL DATA (WS FORM: F-6)
STATION: SOUTH BEND
MONTH: FEBRUARY
YEAR: 2023
LATITUDE: 41 42 N
LONGITUDE: 86 19 W
TEMPERATURE IN F: :PCPN: SNOW: WIND :SUNSHINE: SKY :PK WND
================================================================================
1 2 3 4 5 6A 6B 7 8 9 10 11 12 13 14 15 16 17 18
12Z AVG MX 2MIN
DY MAX MIN AVG DEP HDD CDD WTR SNW DPTH SPD SPD DIR MIN PSBL S-S WX SPD DR
================================================================================
1 24 3 14 -10 51 0 0.00 0.0 3 9.3 17 220 M M 0 23 200
2 36 18 27 3 38 0 T T 2 15.5 25 320 M M 3 35 340
3 21 12 17 -7 48 0 0.01 0.3 1 11.1 24 340 M M 10 8 33 320
4 39 13 26 2 39 0 0.00 0.0 1 15.3 24 210 M M 2 35 210
5 44 30 37 12 28 0 0.00 0.0 T 14.6 23 220 M M 4 33 230
6 41 20 31 6 34 0 0.00 0.0 T 10.3 24 150 M M 2 1 36 160
7 51 30 41 16 24 0 0.00 0.0 0 13.7 23 250 M M 6 18 35 230
8 43 22 33 8 32 0 T 0.0 0 5.1 12 120 M M 1 18 15 130
9 57 35 46 21 19 0 1.08 0.0 0 15.4 31 230 M M 10 18 43 250
10 39 25 32 6 33 0 T 0.0 0 11.9 24 320 M M 5 1 32 310
11 44 20 32 6 33 0 0.00 0.0 0 6.4 16 210 M M 0 20 220
12 52 24 38 12 27 0 0.00 0.0 0 6.6 15 230 M M 0 21 230
13 46 29 38 12 27 0 0.00 0.0 0 9.3 23 310 M M 0 30 300
14 55 26 41 14 24 0 T 0.0 0 13.0 31 180 M M 3 45 180
15 54 38 46 19 19 0 0.02 0.0 0 19.4 33 240 M M 10 48 250
16 39 27 33 6 32 0 0.20 T T 11.1 22 350 M M 10 16 27 350
17 28 20 24 -4 41 0 T T 0 11.0 21 360 M M 6 30 360
18 46 21 34 6 31 0 0.00 0.0 0 13.7 22 230 M M 0 31 230
19 54 37 46 18 19 0 0.00 0.0 0 14.1 26 240 M M 3 38 220
20 50 24 37 9 28 0 0.00 0.0 0 5.1 14 330 M M 1 18 18 320
21 39 28 34 5 31 0 0.00 0.0 0 12.5 30 300 M M 4 41 300
22 35 32 34 5 31 0 1.32 0.0 0 13.2 22 100 M M 10 16 33 100
23 52 28 40 10 25 0 0.01 0.0 0 15.2 28 250 M M 10 12 37 250
24 33 26 30 0 35 0 0.01 T 0 9.3 22 280 M M 9 29 290
25 39 26 33 3 32 0 0.07 1.0 1 8.4 18 220 M M 7 12 24 220
26 48 26 37 7 28 0 0.00 0.0 0 6.9 18 220 M M 1 1 24 210
27 50 35 43 12 22 0 1.36 0.0 0 14.7 30 290 M M 9 13 42 310
28 50 36 43 12 22 0 0.00 0.0 0 10.5 29 290 M M 6 41 300
================================================================================
SM 1209 711 853 0 4.08 1.3 322.6 M 132
================================================================================
AV 43.2 25.4 11.5 FASTST M M 5 MAX(MPH)
MISC ----> 33 240 48 250
================================================================================
NOTES:
# LAST OF SEVERAL OCCURRENCES
COLUMN 17 PEAK WIND IN M.P.H.
PRELIMINARY LOCAL CLIMATOLOGICAL DATA (WS FORM: F-6) , PAGE 2
STATION: SOUTH BEND
MONTH: FEBRUARY
YEAR: 2023
LATITUDE: 41 42 N
LONGITUDE: 86 19 W
[TEMPERATURE DATA] [PRECIPITATION DATA] SYMBOLS USED IN COLUMN 16
AVERAGE MONTHLY: 34.3 TOTAL FOR MONTH: 4.08 1 = FOG OR MIST
DPTR FM NORMAL: 7.2 DPTR FM NORMAL: 1.77 2 = FOG REDUCING VISIBILITY
HIGHEST: 57 ON 9 GRTST 24HR 1.36 ON 27-27 TO 1/4 MILE OR LESS
LOWEST: 3 ON 1 3 = THUNDER
SNOW, ICE PELLETS, HAIL 4 = ICE PELLETS
TOTAL MONTH: 1.3 INCHES 5 = HAIL
GRTST 24HR 1.0 ON 25-25 6 = FREEZING RAIN OR DRIZZLE
GRTST DEPTH: 3 ON 1 7 = DUSTSTORM OR SANDSTORM:
VSBY 1/2 MILE OR LESS
8 = SMOKE OR HAZE
[NO. OF DAYS WITH] [WEATHER - DAYS WITH] 9 = BLOWING SNOW
X = TORNADO
MAX 32 OR BELOW: 3 0.01 INCH OR MORE: 9
MAX 90 OR ABOVE: 0 0.10 INCH OR MORE: 4
MIN 32 OR BELOW: 23 0.50 INCH OR MORE: 3
MIN 0 OR BELOW: 0 1.00 INCH OR MORE: 3
[HDD (BASE 65) ]
TOTAL THIS MO. 853 CLEAR (SCALE 0-3) 12
DPTR FM NORMAL -208 PTCLDY (SCALE 4-7) 8
TOTAL FM JUL 1 4006 CLOUDY (SCALE 8-10) 8
DPTR FM NORMAL -728
[CDD (BASE 65) ]
TOTAL THIS MO. 0
DPTR FM NORMAL 0 [PRESSURE DATA]
TOTAL FM JAN 1 0 HIGHEST SLP 30.66 ON 24
DPTR FM NORMAL 0 LOWEST SLP 29.12 ON 27
[REMARKS]
#FINAL-02-23#