000
CXUS53 KIWX 010810
CF6SBN
PRELIMINARY LOCAL CLIMATOLOGICAL DATA (WS FORM: F-6)
STATION: SOUTH BEND
MONTH: JUNE
YEAR: 2022
LATITUDE: 41 42 N
LONGITUDE: 86 19 W
TEMPERATURE IN F: :PCPN: SNOW: WIND :SUNSHINE: SKY :PK WND
================================================================================
1 2 3 4 5 6A 6B 7 8 9 10 11 12 13 14 15 16 17 18
12Z AVG MX 2MIN
DY MAX MIN AVG DEP HDD CDD WTR SNW DPTH SPD SPD DIR MIN PSBL S-S WX SPD DR
================================================================================
1 79 54 67 3 0 2 0.03 0.0 0 7.8 20 350 M M 4 3 25 350
2 75 52 64 -1 1 0 T 0.0 0 5.6 17 340 M M 2 23 340
3 80 51 66 1 0 1 0.00 0.0 0 8.2 22 310 M M 0 30 300
4 75 45 60 -6 5 0 T 0.0 0 3.9 14 10 M M 4 18 10
5 85 59 72 6 0 7 0.06 0.0 0 5.7 13 120 M M 6 19 240
6 77 59 68 2 0 3 1.09 0.0 0 4.3 15 300 M M 4 13 20 280
7 70 53 62 -4 3 0 T 0.0 M 7.5 16 340 M M 5 1 22 320
8 68 50 59 -8 6 0 0.56 M M 7.2 23 310 M M 5 1 29 310
9 76 54 65 -2 0 0 0.00 0.0 0 7.5 18 320 M M 5 26 280
10 79 53 66 -1 0 1 0.00 0.0 0 5.5 17 280 M M 2 27 220
11 75 54 65 -3 0 0 T 0.0 0 6.9 15 190 M M 3 1 22 190
12 83 60 72 4 0 7 0.00 0.0 0 3.7 12 350 M M 5 18 16 360
13 90 64 77 9 0 12 0.19 0.0 M 9.3 26 150 M M 3 138 35 20
14 95 74 85 16 0 20 0.00 0.0 0 9.9 16 190 M M 0 1 23 190
15 94 77 86 17 0 21 0.00 0.0 0 12.5 23 190 M M 0 32 200
16 96 73 85 16 0 20 0.01 0.0 0 11.0 28 250 M M 1 38 250
17 81 63 72 3 0 7 0.00 0.0 0 11.1 23 350 M M 0 29 300
18 77 51 64 -6 1 0 0.00 0.0 0 8.5 18 30 M M 0 25 310
19 83 49 66 -4 0 1 0.00 0.0 0 5.1 13 220 M M 0 17 270
20 92 62 77 7 0 12 0.00 0.0 0 9.5 16 220 M M 0 22 240
21 99 67 83 13 0 18 0.00 0.0 0 11.6 23 260 M M 0 34 260
22 86 64 75 4 0 10 0.00 0.0 0 9.1 18 330 M M 0 27 290
23 84 57 71 0 0 6 0.00 0.0 0 5.3 16 330 M M 0 24 350
24 91 53 72 1 0 7 0.00 0.0 0 3.5 13 110 M M 0 17 80
25 79 62 71 0 0 6 0.01 0.0 0 6.3 15 200 M M 4 20 190
26 79 62 71 0 0 6 0.28 0.0 M 9.8 20 320 M M 5 13 26 310
27 74 53 64 -8 1 0 0.00 0.0 0 7.3 23 320 M M 0 29 320
28 84 48 66 -6 0 1 0.00 0.0 0 5.3 14 240 M M 0 8 19 210
29 89 64 77 5 0 12 0.00 0.0 0 6.9 17 250 M M 1 24 240
30 93 67 80 8 0 15 0.00 0.0 0 10.0 20 200 M M 0 28 200
================================================================================
SM 2488 1754 17 195 2.23 0.0 225.8 M 59
================================================================================
AV 82.9 58.5 7.5 FASTST M M 2 MAX(MPH)
MISC ----> 28 250 38 250
================================================================================
NOTES:
# LAST OF SEVERAL OCCURRENCES
COLUMN 17 PEAK WIND IN M.P.H.
PRELIMINARY LOCAL CLIMATOLOGICAL DATA (WS FORM: F-6) , PAGE 2
STATION: SOUTH BEND
MONTH: JUNE
YEAR: 2022
LATITUDE: 41 42 N
LONGITUDE: 86 19 W
[TEMPERATURE DATA] [PRECIPITATION DATA] SYMBOLS USED IN COLUMN 16
AVERAGE MONTHLY: 70.7 TOTAL FOR MONTH: 2.23 1 = FOG OR MIST
DPTR FM NORMAL: 1.9 DPTR FM NORMAL: -1.81 2 = FOG REDUCING VISIBILITY
HIGHEST: 99 ON 21 GRTST 24HR 1.09 ON 6- 6 TO 1/4 MILE OR LESS
LOWEST: 45 ON 4 3 = THUNDER
SNOW, ICE PELLETS, HAIL 4 = ICE PELLETS
TOTAL MONTH: 0.0 INCH 5 = HAIL
GRTST 24HR 0.0 6 = FREEZING RAIN OR DRIZZLE
GRTST DEPTH: 0 7 = DUSTSTORM OR SANDSTORM:
VSBY 1/2 MILE OR LESS
8 = SMOKE OR HAZE
[NO. OF DAYS WITH] [WEATHER - DAYS WITH] 9 = BLOWING SNOW
X = TORNADO
MAX 32 OR BELOW: 0 0.01 INCH OR MORE: 8
MAX 90 OR ABOVE: 8 0.10 INCH OR MORE: 4
MIN 32 OR BELOW: 0 0.50 INCH OR MORE: 2
MIN 0 OR BELOW: 0 1.00 INCH OR MORE: 1
[HDD (BASE 65) ]
TOTAL THIS MO. 17 CLEAR (SCALE 0-3) 20
DPTR FM NORMAL -27 PTCLDY (SCALE 4-7) 10
TOTAL FM JUL 1 5784 CLOUDY (SCALE 8-10) 0
DPTR FM NORMAL -618
[CDD (BASE 65) ]
TOTAL THIS MO. 195
DPTR FM NORMAL 39 [PRESSURE DATA]
TOTAL FM JAN 1 312 HIGHEST SLP 30.30 ON 19
DPTR FM NORMAL 100 LOWEST SLP 29.66 ON 6
[REMARKS]
#FINAL-06-22#