000
CXUS51 KAKQ 040836
CF6SBY
PRELIMINARY LOCAL CLIMATOLOGICAL DATA (WS FORM: F-6)
STATION: SALISBURY MD
MONTH: JANUARY
YEAR: 2022
LATITUDE: 38 20 N
LONGITUDE: 75 30 W
TEMPERATURE IN F: :PCPN: SNOW: WIND :SUNSHINE: SKY :PK WND
================================================================================
1 2 3 4 5 6A 6B 7 8 9 10 11 12 13 14 15 16 17 18
12Z AVG MX 2MIN
DY MAX MIN AVG DEP HDD CDD WTR SNW DPTH SPD SPD DIR MIN PSBL S-S WX SPD DR
================================================================================
1 70 54 62 24 3 0 0.39 0.0 0 7.7 24 220 M M 9 1 34 220
2 70 51 61 23 4 0 0.42 0.0 0 9.2 21 10 M M 8 1 29 10
3 51 21 36 -2 29 0 1.46 3.8 0 14.4 29 20 M M 7 12 39 10
4 35 17 26 -11 39 0 0.01 0.0 4 3.4 12 10 M M 0 1 13 350
5 45 20 33 -4 32 0 0.01 0.0 0 4.8 13 240 M M 7 1 19 250
6 49 30 40 3 25 0 0.03 0.0 0 5.2 13 60 M M 1 1 15 60
7 37 25 31 -6 34 0 0.13 0.7 1 14.8 25 310 M M 4 18 34 310
8 36 21 29 -8 36 0 0.00 0.0 0 5.7 14 330 M M 0 20 320
9 54 24 39 2 26 0 0.30 0.0 0 9.3 18 200 M M 7 1 24 210
10 48 24 36 -1 29 0 0.01 T 0 10.7 21 330 M M 2 27 330
11 29 17 23 -14 42 0 T T 0 9.3 21 290 M M 2 26 320
12 46 17 32 -5 33 0 0.00 0.0 0 8.1 22 210 M M 0 28 220
13 49 26 38 1 27 0 0.00 0.0 0 3.1 8 110 M M 0 11 100
14 52 30 41 4 24 0 0.00 0.0 0 14.5 26 330 M M 1 36 330
15 30 20 25 -11 40 0 0.00 0.0 0 9.0 21 330 M M 0 27 330
16 55 17 36 0 29 0 0.90 0.0 0 12.0 36 100 M M 5 1 49 100
17 54 34 44 8 21 0 0.01 0.0 0 17.8 30 250 M M 7 42 250
18 42 23 33 -3 32 0 0.00 0.0 0 11.1 23 290 M M 4 31 290
19 53 23 38 2 27 0 0.01 0.0 0 12.3 23 210 M M 2 31 200
20 46 27 37 1 28 0 0.40 0.5 0 7.2 15 10 M M 7 1 22 10
21 27 19 23 -13 42 0 0.03 0.4 T 10.7 17 20 M M 7 18 23 360
22 35 19 27 -9 38 0 0.04 0.6 1 8.2 15 10 M M 4 18 18 340
23 40 17 29 -7 36 0 0.00 0.0 1 1.6 8 140 M M 1 9 140
24 43 22 33 -3 32 0 0.00 0.0 T 3.1 12 10 M M 1 15 190
25 46 31 39 3 26 0 0.00 0.0 0 5.8 12 340 M M 6 14 10
26 34 19 27 -9 38 0 0.00 0.0 0 9.7 20 350 M M 3 25 330
27 40 15 28 -8 37 0 0.00 0.0 0 1.6 9 260 M M 1 13 20
28 43 25 34 -3 31 0 0.15 3.5 0 4.9 14 360 M M 7 1 19 360
29 32 20 26 -11 39 0 0.16 4.4 7 18.6 30 320 M M 7 189 39 310
30 29 5 17 -20 48 0 0.00 0.0 7 5.1 14 270 M M 2 18 260
31 38 15 27 -10 38 0 0.00 0.0 5 6.7 16 50 M M 1 20 50
================================================================================
SM 1358 728 965 0 4.46 13.9 265.6 M 113
================================================================================
AV 43.8 23.5 8.6 FASTST M M 4 MAX(MPH)
MISC ----> 36 100 49 100
================================================================================
NOTES:
# LAST OF SEVERAL OCCURRENCES
COLUMN 17 PEAK WIND IN M.P.H.
PRELIMINARY LOCAL CLIMATOLOGICAL DATA (WS FORM: F-6) , PAGE 2
STATION: SALISBURY MD
MONTH: JANUARY
YEAR: 2022
LATITUDE: 38 20 N
LONGITUDE: 75 30 W
[TEMPERATURE DATA] [PRECIPITATION DATA] SYMBOLS USED IN COLUMN 16
AVERAGE MONTHLY: 33.6 TOTAL FOR MONTH: 4.46 1 = FOG OR MIST
DPTR FM NORMAL: -3.2 DPTR FM NORMAL: 0.95 2 = FOG REDUCING VISIBILITY
HIGHEST: 70 ON 2, 1 GRTST 24HR 1.46 ON 3- 3 TO 1/4 MILE OR LESS
LOWEST: 5 ON 30 3 = THUNDER
SNOW, ICE PELLETS, HAIL 4 = ICE PELLETS
TOTAL MONTH: 13.9 INCHES 5 = HAIL
GRTST 24HR 4.4 ON 29-29 6 = FREEZING RAIN OR DRIZZLE
GRTST DEPTH: 7 ON 30,29 7 = DUSTSTORM OR SANDSTORM:
VSBY 1/2 MILE OR LESS
8 = SMOKE OR HAZE
[NO. OF DAYS WITH] [WEATHER - DAYS WITH] 9 = BLOWING SNOW
X = TORNADO
MAX 32 OR BELOW: 5 0.01 INCH OR MORE: 17
MAX 90 OR ABOVE: 0 0.10 INCH OR MORE: 9
MIN 32 OR BELOW: 28 0.50 INCH OR MORE: 2
MIN 0 OR BELOW: 0 1.00 INCH OR MORE: 1
[HDD (BASE 65) ]
TOTAL THIS MO. 965 CLEAR (SCALE 0-3) 16
DPTR FM NORMAL 89 PTCLDY (SCALE 4-7) 14
TOTAL FM JUL 1 2164 CLOUDY (SCALE 8-10) 1
DPTR FM NORMAL -238
[CDD (BASE 65) ]
TOTAL THIS MO. 0
DPTR FM NORMAL 0 [PRESSURE DATA]
TOTAL FM JAN 1 0 HIGHEST SLP 30.69 ON 8
DPTR FM NORMAL 0 LOWEST SLP 29.18 ON 17
[REMARKS]
#FINAL-01-22#