118
CXUS56 KSTO 131747
CF6SCK
PRELIMINARY LOCAL CLIMATOLOGICAL DATA (WS FORM: F-6)
STATION: STOCKTON AIRPORT CA
MONTH: JANUARY
YEAR: 2021
LATITUDE: 37 54 N
LONGITUDE: 121 15 W
TEMPERATURE IN F: :PCPN: SNOW: WIND :SUNSHINE: SKY :PK WND
================================================================================
1 2 3 4 5 6A 6B 7 8 9 10 11 12 13 14 15 16 17 18
12Z AVG MX 2MIN
DY MAX MIN AVG DEP HDD CDD WTR SNW DPTH SPD SPD DIR MIN PSBL S-S WX SPD DR
================================================================================
1 57 38 48 4 17 0 0.00 0.0 0 6.4 15 130 M M 3 128 19 130
2 57 45 51 7 14 0 0.01 0.0 0 4.7 9 250 M M 9 18 12 120
3 59 41 50 5 15 0 0.00 0.0 0 1.8 10 80 M M 5 128 12 80
4 59 42 51 6 14 0 0.15 0.0 0 9.5 24 140 M M 5 18 31 140
5 53 34 44 -1 21 0 0.00 0.0 0 5.3 14 300 M M 5 12 16 320
6 57 35 46 1 19 0 T 0.0 0 2.7 17 80 M M 3 128 21 80
7 53 40 47 2 18 0 0.00 0.0 0 5.4 13 340 M M 6 128 19 120
8 57 42 50 5 15 0 0.00 0.0 0 4.4 14 130 M M 8 128 17 130
9 57 37 47 2 18 0 0.00 0.0 0 5.0 10 90 M M 1 18 12 90
10 55 39 47 2 18 0 0.00 0.0 0 5.3 12 290 M M 5 128 14 130
11 58 37 48 3 17 0 0.00 0.0 0 3.2 9 120 M M 3 128 12 280
12 60 41 51 6 14 0 0.00 0.0 0 2.2 10 120 M M 5 18 12 120
13 69 41 55 10 10 0 0.00 0.0 0 5.1 12 320 M M 1 128 26 320
14 65 43 54 9 11 0 0.00 0.0 0 3.8 9 300 M M 2 128 11 290
15 66 40 53 7 12 0 0.00 0.0 0 4.8 15 280 M M 4 128 18 290
16 72 45 59 13 6 0 0.00 0.0 0 3.8 12 290 M M 0 18 19 280
17 72 40 56 10 9 0 0.00 0.0 0 1.3 7 120 M M 2 128 8 240
18 78 45 62 16 3 0 0.00 0.0 0 14.3 26 340 M M 0 18 34 350
19 72 42 57 11 8 0 0.00 0.0 0 16.0 30 360 M M 0 36 350
20 68 40 54 8 11 0 0.00 M 0 5.7 10 320 M M 0 25 320
21 67 35 51 5 14 0 0.00 0.0 0 3.6 10 320 M M 0 13 90
22 55 45 50 4 15 0 0.66 0.0 0 5.2 21 220 M M 9 1 26 230
23 57 41 49 3 16 0 0.03 0.0 0 6.3 17 300 M M 4 1 22 300
24 55 35 45 -2 20 0 0.27 0.0 0 6.8 18 250 M M 5 18 22 250
25 55 40 48 1 17 0 T 0.0 0 13.9 23 290 M M 5 28 280
26 55 32 44 -3 21 0 T 0.0 0 18.1 45 130 M M 4 57 140
27 52 43 48 1 17 0 1.37 M 0 22.2 45 140 M M 7 1 58 140
28 53 47 50 3 15 0 1.43 0.0 0 10.7 18 150 M M 10 1 23 150
29 58 44 51 3 14 0 0.05 0.0 0 3.5 17 120 M M 5 22 120
30 62 43 53 5 12 0 0.00 0.0 0 5.3 13 170 M M 7 15 150
31 65 50 58 10 7 0 0.00 0.0 0 7.3 15 140 M M 4 18 130
================================================================================
SM 1878 1262 438 0 3.97 0.0 213.6 M 127
================================================================================
AV 60.6 40.7 6.9 FASTST M M 4 MAX(MPH)
MISC ----> # 45 130 # 58 140
================================================================================
NOTES:
# LAST OF SEVERAL OCCURRENCES
COLUMN 17 PEAK WIND IN M.P.H.
PRELIMINARY LOCAL CLIMATOLOGICAL DATA (WS FORM: F-6) , PAGE 2
STATION: STOCKTON AIRPORT CA
MONTH: JANUARY
YEAR: 2021
LATITUDE: 37 54 N
LONGITUDE: 121 15 W
[TEMPERATURE DATA] [PRECIPITATION DATA] SYMBOLS USED IN COLUMN 16
AVERAGE MONTHLY: 50.7 TOTAL FOR MONTH: 3.97 1 = FOG OR MIST
DPTR FM NORMAL: 4.8 DPTR FM NORMAL: 1.23 2 = FOG REDUCING VISIBILITY
HIGHEST: 78 ON 18 GRTST 24HR 1.43 ON 28-28 TO 1/4 MILE OR LESS
LOWEST: 32 ON 26 3 = THUNDER
SNOW, ICE PELLETS, HAIL 4 = ICE PELLETS
TOTAL MONTH: 0.0 INCH 5 = HAIL
GRTST 24HR 0.0 6 = FREEZING RAIN OR DRIZZLE
GRTST DEPTH: 0 7 = DUSTSTORM OR SANDSTORM:
VSBY 1/2 MILE OR LESS
8 = SMOKE OR HAZE
[NO. OF DAYS WITH] [WEATHER - DAYS WITH] 9 = BLOWING SNOW
X = TORNADO
MAX 32 OR BELOW: 0 0.01 INCH OR MORE: 8
MAX 90 OR ABOVE: 0 0.10 INCH OR MORE: 5
MIN 32 OR BELOW: 1 0.50 INCH OR MORE: 3
MIN 0 OR BELOW: 0 1.00 INCH OR MORE: 2
[HDD (BASE 65) ]
TOTAL THIS MO. 438 CLEAR (SCALE 0-3) 11
DPTR FM NORMAL -157 PTCLDY (SCALE 4-7) 17
TOTAL FM JUL 1 1297 CLOUDY (SCALE 8-10) 3
DPTR FM NORMAL -358
[CDD (BASE 65) ]
TOTAL THIS MO. 0
DPTR FM NORMAL 0 [PRESSURE DATA]
TOTAL FM JAN 1 0 HIGHEST SLP 30.42 ON 13
DPTR FM NORMAL 0 LOWEST SLP 29.72 ON 28
[REMARKS]
#FINAL-01-21#