000
CXUS56 KSTO 030501
CF6SCK
PRELIMINARY LOCAL CLIMATOLOGICAL DATA (WS FORM: F-6)
STATION: STOCKTON AIRPORT CA
MONTH: OCTOBER
YEAR: 2023
LATITUDE: 37 54 N
LONGITUDE: 121 15 W
TEMPERATURE IN F: :PCPN: SNOW: WIND :SUNSHINE: SKY :PK WND
================================================================================
1 2 3 4 5 6A 6B 7 8 9 10 11 12 13 14 15 16 17 18
12Z AVG MX 2MIN
DY MAX MIN AVG DEP HDD CDD WTR SNW DPTH SPD SPD DIR MIN PSBL S-S WX SPD DR
================================================================================
1 78 60 69 -1 0 4 0.00 M M 6.9 15 300 M M 5 19 290
2 82 50 66 -4 0 1 0.00 M M 6.2 14 290 M M 0 21 290
3 87 52 70 0 0 5 0.00 M M 3.8 8 310 M M 0 11 60
4 90 54 72 2 0 7 0.00 M M 2.4 9 280 M M 0 13 290
5 95 56 76 7 0 11 0.00 M M 3.8 10 10 M M 0 14 360
6 96 58 77 8 0 12 0.00 M M 3.5 10 320 M M 0 13 310
7 98 58 78 9 0 13 0.00 M M 2.1 8 360 M M 0 12 260
8 94 58 76 8 0 11 0.00 M M 5.1 13 310 M M 0 16 310
9 73 58 66 -2 0 1 0.00 M M 7.3 14 300 M M 3 17 290
10 77 58 68 0 0 3 0.00 M M 9.3 20 270 M M 6 23 270
11 75 53 64 -3 1 0 0.00 M M 11.6 22 320 M M 0 32 300
12 80 49 65 -2 0 0 0.00 M M 4.7 13 320 M M 0 19 320
13 84 48 66 -1 0 1 0.00 M M 6.1 14 320 M M 0 19 350
14 83 59 71 5 0 6 0.00 M M 4.8 12 290 M M 3 30 320
15 85 52 69 3 0 4 0.00 M M 3.5 9 310 M M 1 1 11 290
16 84 53 69 3 0 4 0.00 0.0 M 6.8 18 310 M M 0 24 310
17 86 58 72 7 0 7 0.00 M M 6.8 14 320 M M 0 18 320
18 91 55 73 8 0 8 0.00 M M 2.3 8 350 M M 0 11 330
19 93 53 73 9 0 8 0.00 M M 2.0 8 280 M M 0 8 11 320
20 89 56 73 9 0 8 0.00 M M 5.2 14 310 M M 0 8 17 310
21 77 55 66 2 0 1 0.00 M M 6.8 15 300 M M 0 20 300
22 77 55 66 3 0 1 0.19 M M 5.7 20 260 M M 6 18 25 270
23 78 58 68 5 0 3 0.00 M M 8.0 20 330 M M 4 26 320
24 78 51 65 2 0 0 0.00 M M 3.6 10 280 M M 0 18 14 290
25 73 52 63 1 2 0 0.00 M M 11.6 23 270 M M 3 30 250
26 69 45 57 -5 8 0 0.00 M M 7.4 14 310 M M 1 17 310
27 71 37 54 -8 11 0 0.00 M M 4.5 12 280 M M 0 14 270
28 70 38 54 -7 11 0 0.00 0.0 M 7.6 20 330 M M 0 28 350
29 72 36 54 -7 11 0 0.00 M M 3.8 12 250 M M 0 17 150
30 75 38 57 -3 8 0 0.00 M M 1.1 7 270 M M 0 8 9 20
31 75 38 57 -3 8 0 0.00 M M 1.5 7 280 M M 0 8 9 300
================================================================================
SM 2535 1601 60 119 0.19 0.0 165.8 M 32
================================================================================
AV 81.8 51.6 5.3 FASTST M M 1 MAX(MPH)
MISC ----> 23 270 32 300
================================================================================
NOTES:
# LAST OF SEVERAL OCCURRENCES
COLUMN 17 PEAK WIND IN M.P.H.
PRELIMINARY LOCAL CLIMATOLOGICAL DATA (WS FORM: F-6) , PAGE 2
STATION: STOCKTON AIRPORT CA
MONTH: OCTOBER
YEAR: 2023
LATITUDE: 37 54 N
LONGITUDE: 121 15 W
[TEMPERATURE DATA] [PRECIPITATION DATA] SYMBOLS USED IN COLUMN 16
AVERAGE MONTHLY: 66.7 TOTAL FOR MONTH: 0.19 1 = FOG OR MIST
DPTR FM NORMAL: 1.2 DPTR FM NORMAL: -0.50 2 = FOG REDUCING VISIBILITY
HIGHEST: 98 ON 7 GRTST 24HR 0.19 ON 22-22 TO 1/4 MILE OR LESS
LOWEST: 36 ON 29 3 = THUNDER
SNOW, ICE PELLETS, HAIL 4 = ICE PELLETS
TOTAL MONTH: 0.0 INCH 5 = HAIL
GRTST 24HR 0.0 6 = FREEZING RAIN OR DRIZZLE
GRTST DEPTH: M ON M 7 = DUSTSTORM OR SANDSTORM:
VSBY 1/2 MILE OR LESS
8 = SMOKE OR HAZE
[NO. OF DAYS WITH] [WEATHER - DAYS WITH] 9 = BLOWING SNOW
X = TORNADO
MAX 32 OR BELOW: 0 0.01 INCH OR MORE: 1
MAX 90 OR ABOVE: 7 0.10 INCH OR MORE: 1
MIN 32 OR BELOW: 0 0.50 INCH OR MORE: 0
MIN 0 OR BELOW: 0 1.00 INCH OR MORE: 0
[HDD (BASE 65) ]
TOTAL THIS MO. 60 CLEAR (SCALE 0-3) 25
DPTR FM NORMAL -4 PTCLDY (SCALE 4-7) 6
TOTAL FM JUL 1 60 CLOUDY (SCALE 8-10) 0
DPTR FM NORMAL -6
[CDD (BASE 65) ]
TOTAL THIS MO. 119
DPTR FM NORMAL 41 [PRESSURE DATA]
TOTAL FM JAN 1 1563 HIGHEST SLP 30.23 ON 30
DPTR FM NORMAL -1 LOWEST SLP 29.74 ON 22
[REMARKS]
#FINAL-10-23#