000
CXUS56 KLOX 011655
CF6SDB
PRELIMINARY LOCAL CLIMATOLOGICAL DATA (WS FORM: F-6)
STATION: SANDBERG CA
MONTH: JANUARY
YEAR: 2020
LATITUDE: 34 45 N
LONGITUDE: 118 44 W
TEMPERATURE IN F: :PCPN: SNOW: WIND :SUNSHINE: SKY :PK WND
================================================================================
1 2 3 4 5 6A 6B 7 8 9 10 11 12 13 14 15 16 17 18
12Z AVG MX 2MIN
DY MAX MIN AVG DEP HDD CDD WTR SNW DPTH SPD SPD DIR MIN PSBL S-S WX SPD DR
================================================================================
1 56 38 47 5 18 0 0.00 0.0 0 17.7 44 330 M M 1 56 330
2 49 38 44 2 21 0 0.00 0.0 0 12.0 56 330 M M 3 12 65 330
3 60 45 53 11 12 0 0.00 0.0 0 9.2 18 50 M M 0 22 60
4 54 42 48 6 17 0 0.00 0.0 0 11.2 30 320 M M 0 34 320
5 47 37 42 -1 23 0 T M 0 25.1 46 320 M M 5 128 54 320
6 52 38 45 2 20 0 0.00 0.0 0 20.2 30 50 M M 0 36 50
7 55 44 50 7 15 0 0.00 0.0 0 13.4 24 60 M M 0 29 60
8 51 31 41 -2 24 0 T M 0 19.5 43 330 M M 2 128 53 320
9 45 32 39 -4 26 0 0.01 M 0 20.7 41 320 M M 6 128 52 320
10 51 32 42 -1 23 0 T M 0 10.2 25 330 M M 2 12 31 330
11 49 34 42 -1 23 0 0.00 0.0 0 14.8 51 310 M M 4 12 56 330
12 47 33 40 -3 25 0 T M 0 22.2 39 330 M M 2 12 45 320
13 49 32 41 -2 24 0 T M 0 23.5 45 320 M M 1 12 50 330
14 50 33 42 -1 23 0 0.00 0.0 0 18.9 38 310 M M 3 12 44 310
15 52 32 42 -1 23 0 0.00 0.0 0 9.3 25 320 M M 0 12 30 320
16 46 33 40 -3 25 0 0.07 M 0 16.6 31 190 M M 3 128 42 170
17 46 31 39 -4 26 0 0.00 0.0 0 16.9 30 330 M M 2 1 38 330
18 49 39 44 1 21 0 0.00 0.0 0 25.3 33 60 M M 0 38 70
19 55 43 49 6 16 0 0.00 0.0 0 25.5 32 70 M M 0 44 70
20 56 38 47 4 18 0 0.02 M 0 15.1 24 90 M M 4 32 100
21 51 38 45 2 20 0 0.00 0.0 0 11.9 23 320 M M 3 1 27 180
22 54 40 47 4 18 0 0.00 0.0 0 12.6 28 320 M M 3 1 33 320
23 60 46 53 10 12 0 0.00 0.0 0 12.0 20 50 M M 0 24 50
24 59 44 52 9 13 0 0.00 0.0 0 17.8 45 330 M M 0 53 330
25 61 42 52 9 13 0 0.00 0.0 0 12.0 36 330 M M 0 39 330
26 55 44 50 7 15 0 T M 0 12.1 29 310 M M 3 12 37 320
27 53 40 47 4 18 0 0.00 0.0 0 16.6 46 330 M M 4 1 56 320
28 55 39 47 4 18 0 0.00 0.0 0 13.2 39 330 M M 2 1 50 340
29 52 39 46 3 19 0 T M 0 14.8 39 340 M M 4 128 50 330
30 62 42 52 9 13 0 0.00 0.0 0 9.3 25 60 M M 0 32 60
31 61 48 55 12 10 0 0.00 0.0 0 14.7 26 60 M M 0 32 60
================================================================================
SM 1642 1187 592 0 0.10 0.0 494.3 M 57
================================================================================
AV 53.0 38.3 15.9 FASTST M M 2 MAX(MPH)
MISC ----> # 56 330 # 65 330
================================================================================
NOTES:
# LAST OF SEVERAL OCCURRENCES
COLUMN 17 PEAK WIND IN M.P.H.
PRELIMINARY LOCAL CLIMATOLOGICAL DATA (WS FORM: F-6) , PAGE 2
STATION: SANDBERG CA
MONTH: JANUARY
YEAR: 2020
LATITUDE: 34 45 N
LONGITUDE: 118 44 W
[TEMPERATURE DATA] [PRECIPITATION DATA] SYMBOLS USED IN COLUMN 16
AVERAGE MONTHLY: 45.6 TOTAL FOR MONTH: 0.10 1 = FOG OR MIST
DPTR FM NORMAL: 2.6 DPTR FM NORMAL: -2.31 2 = FOG REDUCING VISIBILITY
HIGHEST: 62 ON 30 GRTST 24HR 0.07 ON 16-16 TO 1/4 MILE OR LESS
LOWEST: 31 ON 17, 8 3 = THUNDER
SNOW, ICE PELLETS, HAIL 4 = ICE PELLETS
TOTAL MONTH: 0.0 INCH 5 = HAIL
GRTST 24HR 0.0 6 = FREEZING RAIN OR DRIZZLE
GRTST DEPTH: 0 7 = DUSTSTORM OR SANDSTORM:
VSBY 1/2 MILE OR LESS
8 = SMOKE OR HAZE
[NO. OF DAYS WITH] [WEATHER - DAYS WITH] 9 = BLOWING SNOW
X = TORNADO
MAX 32 OR BELOW: 0 0.01 INCH OR MORE: 3
MAX 90 OR ABOVE: 0 0.10 INCH OR MORE: 0
MIN 32 OR BELOW: 6 0.50 INCH OR MORE: 0
MIN 0 OR BELOW: 0 1.00 INCH OR MORE: 0
[HDD (BASE 65) ]
TOTAL THIS MO. 592 CLEAR (SCALE 0-3) 23
DPTR FM NORMAL -92 PTCLDY (SCALE 4-7) 8
TOTAL FM JUL 1 1907 CLOUDY (SCALE 8-10) 0
DPTR FM NORMAL -258
[CDD (BASE 65) ]
TOTAL THIS MO. 0
DPTR FM NORMAL 0 [PRESSURE DATA]
TOTAL FM JAN 1 0 HIGHEST SLP 30.54 ON 6
DPTR FM NORMAL 0 LOWEST SLP 29.84 ON 9
[REMARKS]
#FINAL-01-20#