000
CXUS53 KLMK 101359
CF6SDF
PRELIMINARY LOCAL CLIMATOLOGICAL DATA (WS FORM: F-6)
STATION: LOUISVILLE KY
MONTH: APRIL
YEAR: 2020
LATITUDE: 38 10 N
LONGITUDE: 85 44 W
TEMPERATURE IN F: :PCPN: SNOW: WIND :SUNSHINE: SKY :PK WND
================================================================================
1 2 3 4 5 6A 6B 7 8 9 10 11 12 13 14 15 16 17 18
12Z AVG MX 2MIN
DY MAX MIN AVG DEP HDD CDD WTR SNW DPTH SPD SPD DIR MIN PSBL S-S WX SPD DR
================================================================================
1 57 44 51 -2 14 0 0.00 0.0 0 8.1 17 360 M M 9 20 360
2 66 39 53 -1 12 0 0.00 0.0 0 2.0 12 360 M M 5 17 360
3 73 46 60 6 5 0 0.00 0.0 0 1.8 9 270 M M 6 12 270
4 76 52 64 10 1 0 T 0.0 0 5.7 20 290 M M 7 27 280
5 71 49 60 5 5 0 0.02 0.0 0 7.2 14 340 M M 7 1 23 10
6 76 52 64 9 1 0 0.00 0.0 0 3.8 14 280 M M 7 19 270
7 81 58 70 15 0 5 0.00 0.0 0 9.2 23 250 M M 7 32 250
8 85 61 73 17 0 8 0.36 0.0 0 12.3 39 320 M M 7 13 54 320
9 63 41 52 -4 13 0 T 0.0 0 15.6 32 310 M M 5 43 320
10 56 36 46 -10 19 0 0.00 0.0 0 10.7 21 270 M M 1 31 320
11 68 39 54 -3 11 0 T 0.0 0 6.1 17 190 M M 6 24 150
12 63 54 59 2 6 0 0.70 0.0 0 9.1 23 80 M M 9 13 32 180
13 58 43 51 -6 14 0 1.00 0.0 0 12.6 33 290 M M 9 13 49 290
14 51 37 44 -14 21 0 0.00 0.0 0 8.0 16 290 M M 8 28 330
15 58 30 44 -14 21 0 T 0.0 0 10.4 28 280 M M 3 42 290
16 56 31 44 -14 21 0 0.00 0.0 0 2.9 13 350 M M 3 16 350
17 59 44 52 -7 13 0 0.31 0.0 0 10.2 21 230 M M 10 1 28 220
18 58 38 48 -11 17 0 T 0.0 0 6.9 20 360 M M 4 24 330
19 62 42 52 -7 13 0 0.00 0.0 0 4.6 10 250 M M 8 15 260
20 70 44 57 -3 8 0 T 0.0 0 5.7 21 270 M M 5 36 250
21 65 49 57 -3 8 0 0.00 0.0 0 13.1 31 290 M M 2 47 290
22 73 39 56 -4 9 0 0.00 0.0 0 5.8 16 200 M M 5 24 180
23 63 54 59 -1 6 0 0.88 0.0 0 7.2 14 170 M M 10 1 18 180
24 69 55 62 1 3 0 T 0.0 0 6.9 17 350 M M 8 1 21 350
25 65 52 59 -2 6 0 0.27 0.0 0 6.7 15 160 M M 8 1 20 130
26 63 46 55 -6 10 0 0.38 0.0 0 9.2 20 320 M M 9 1 27 330
27 70 40 55 -7 10 0 0.00 0.0 0 5.3 14 240 M M 2 20 250
28 76 60 68 6 0 3 T 0.0 0 10.9 20 230 M M 9 28 220
29 70 53 62 0 3 0 0.13 0.0 0 13.8 33 280 M M 8 1 52 280
30 54 49 52 -11 13 0 0.03 0.0 0 11.0 21 290 M M 10 1 29 270
================================================================================
SM 1975 1377 283 16 4.08 0.0 242.8 M 197
================================================================================
AV 65.8 45.9 8.1 FASTST M M 7 MAX(MPH)
MISC ----> # 39 320 # 54 320
================================================================================
NOTES:
# LAST OF SEVERAL OCCURRENCES
COLUMN 17 PEAK WIND IN M.P.H.
PRELIMINARY LOCAL CLIMATOLOGICAL DATA (WS FORM: F-6) , PAGE 2
STATION: LOUISVILLE KY
MONTH: APRIL
YEAR: 2020
LATITUDE: 38 10 N
LONGITUDE: 85 44 W
[TEMPERATURE DATA] [PRECIPITATION DATA] SYMBOLS USED IN COLUMN 16
AVERAGE MONTHLY: 55.9 TOTAL FOR MONTH: 4.08 1 = FOG OR MIST
DPTR FM NORMAL: -2.1 DPTR FM NORMAL: 0.07 2 = FOG REDUCING VISIBILITY
HIGHEST: 85 ON 8 GRTST 24HR 1.00 ON 13-13 TO 1/4 MILE OR LESS
LOWEST: 30 ON 15 3 = THUNDER
SNOW, ICE PELLETS, HAIL 4 = ICE PELLETS
TOTAL MONTH: 0.0 INCH 5 = HAIL
GRTST 24HR 0.0 6 = FREEZING RAIN OR DRIZZLE
GRTST DEPTH: 0 7 = DUSTSTORM OR SANDSTORM:
VSBY 1/2 MILE OR LESS
8 = SMOKE OR HAZE
[NO. OF DAYS WITH] [WEATHER - DAYS WITH] 9 = BLOWING SNOW
X = TORNADO
MAX 32 OR BELOW: 0 0.01 INCH OR MORE: 10
MAX 90 OR ABOVE: 0 0.10 INCH OR MORE: 8
MIN 32 OR BELOW: 2 0.50 INCH OR MORE: 3
MIN 0 OR BELOW: 0 1.00 INCH OR MORE: 1
[HDD (BASE 65) ]
TOTAL THIS MO. 283 CLEAR (SCALE 0-3) 4
DPTR FM NORMAL 37 PTCLDY (SCALE 4-7) 15
TOTAL FM JUL 1 3538 CLOUDY (SCALE 8-10) 11
DPTR FM NORMAL -487
[CDD (BASE 65) ]
TOTAL THIS MO. 16
DPTR FM NORMAL -21 [PRESSURE DATA]
TOTAL FM JAN 1 33 HIGHEST SLP 30.39 ON 16
DPTR FM NORMAL -10 LOWEST SLP 29.34 ON 13
[REMARKS]
#FINAL-04-20#