000
CXUS55 KPSR 011005
CF6SDL
PRELIMINARY LOCAL CLIMATOLOGICAL DATA (WS FORM: F-6)
STATION: SCOTTSDALE AZ
MONTH: SEPTEMBER
YEAR: 2022
LATITUDE: 33 37 N
LONGITUDE: 111 54 W
TEMPERATURE IN F: :PCPN: SNOW: WIND :SUNSHINE: SKY :PK WND
================================================================================
1 2 3 4 5 6A 6B 7 8 9 10 11 12 13 14 15 16 17 18
12Z AVG MX 2MIN
DY MAX MIN AVG DEP HDD CDD WTR SNW DPTH SPD SPD DIR MIN PSBL S-S WX SPD DR
================================================================================
1 105 85 95 4 0 30 0.00 M M 3.8 14 120 M M 0 24 240
2 105 84 95 4 0 30 0.00 M M 3.6 22 60 M M 0 33 70
3 106 84 95 4 0 30 0.00 M M 4.4 17 130 M M 0 31 70
4 107 87 97 7 0 32 0.00 M M 5.8 13 180 M M 0 21 70
5 107 82 95 5 0 30 0.00 M M 3.5 12 210 M M 0 22 120
6 107 84 96 6 0 31 0.00 M M 3.7 15 140 M M 0 20 150
7 105 84 95 5 0 30 0.00 M M 2.3 14 260 M M 0 22 270
8 102 82 92 2 0 27 0.00 M M 3.8 12 280 M M 0 18 260
9 99 75 87 -2 0 22 M M M 4.6 23 240 M M 1 38 36 240
10 93 73 83 -6 0 18 M M M 2.6 9 240 M M 2 1 14 250
11 100 80 90 1 0 25 M M M 2.9 13 210 M M 1 3 18 200
12 M M M M M M 0.00 M M 4.4 12 260 M M 1 17 130
13 93 79 86 -2 0 21 0.00 M M 4.5 13 260 M M 2 18 240
14 95 76 86 -2 0 21 0.00 M M 2.5 10 260 M M 1 15 260
15 96 75 86 -1 0 21 0.00 M M 2.5 12 190 M M 1 17 190
16 95 75 85 -2 0 20 0.00 M M 3.3 10 240 M M 0 15 230
17 97 74 86 -1 0 21 0.00 M M 3.0 12 200 M M 0 20 200
18 99 70 85 -1 0 20 0.00 M M 2.5 10 190 M M 0 19 140
19 101 76 89 3 0 24 0.00 M M 3.0 10 190 M M 0 16 180
20 97 77 87 2 0 22 M M M 3.3 18 160 M M 2 30 160
21 89 76 83 -2 0 18 M M M 3.4 12 150 M M 5 1 18 150
22 92 77 85 0 0 20 T M M 2.2 9 300 M M 1 1 16 310
23 98 78 88 4 0 23 0.00 M M 4.6 21 30 M M 1 3 29 360
24 101 75 88 4 0 23 0.00 M M 2.7 10 270 M M 0 16 270
25 102 73 88 5 0 23 0.00 M M 1.8 12 180 M M 0 17 150
26 103 76 90 7 0 25 0.00 M M 6.4 18 90 M M 0 3 28 80
27 101 85 93 11 0 28 0.00 M M 8.0 15 80 M M 0 24 90
28 100 80 90 8 0 25 0.00 M M 5.5 18 30 M M 0 3 23 180
29 96 76 86 4 0 21 0.00 M M 3.4 13 110 M M 0 18 120
30 96 74 85 4 0 20 0.00 M M 3.4 12 150 M M 0 19 150
================================================================================
SM 2887 2272 0 701 T M 111.4 M 18
================================================================================
AV 99.6 78.3 3.7 FASTST M M 1 MAX(MPH)
MISC ----> 23 240 36 240
================================================================================
NOTES:
# LAST OF SEVERAL OCCURRENCES
COLUMN 17 PEAK WIND IN M.P.H.
PRELIMINARY LOCAL CLIMATOLOGICAL DATA (WS FORM: F-6) , PAGE 2
STATION: SCOTTSDALE AZ
MONTH: SEPTEMBER
YEAR: 2022
LATITUDE: 33 37 N
LONGITUDE: 111 54 W
[TEMPERATURE DATA] [PRECIPITATION DATA] SYMBOLS USED IN COLUMN 16
AVERAGE MONTHLY: 88.9 TOTAL FOR MONTH: T 1 = FOG OR MIST
DPTR FM NORMAL: 2.2 DPTR FM NORMAL: -0.60 2 = FOG REDUCING VISIBILITY
HIGHEST: 107 ON 6, 5 GRTST 24HR T ON 9- 9 TO 1/4 MILE OR LESS
LOWEST: 70 ON 18 3 = THUNDER
SNOW, ICE PELLETS, HAIL 4 = ICE PELLETS
TOTAL MONTH: M 5 = HAIL
GRTST 24HR M ON M 6 = FREEZING RAIN OR DRIZZLE
GRTST DEPTH: M ON M 7 = DUSTSTORM OR SANDSTORM:
VSBY 1/2 MILE OR LESS
8 = SMOKE OR HAZE
[NO. OF DAYS WITH] [WEATHER - DAYS WITH] 9 = BLOWING SNOW
X = TORNADO
MAX 32 OR BELOW: 0 0.01 INCH OR MORE: 0
MAX 90 OR ABOVE: 28 0.10 INCH OR MORE: 0
MIN 32 OR BELOW: 0 0.50 INCH OR MORE: 0
MIN 0 OR BELOW: 0 1.00 INCH OR MORE: 0
[HDD (BASE 65) ]
TOTAL THIS MO. 0 CLEAR (SCALE 0-3) 29
DPTR FM NORMAL 0 PTCLDY (SCALE 4-7) 1
TOTAL FM JUL 1 0 CLOUDY (SCALE 8-10) 0
DPTR FM NORMAL 0
[CDD (BASE 65) ]
TOTAL THIS MO. 701
DPTR FM NORMAL 49 [PRESSURE DATA]
TOTAL FM JAN 1 4138 HIGHEST SLP 30.00 ON 7
DPTR FM NORMAL 341 LOWEST SLP 29.57 ON 9
[REMARKS]
#FINAL-09-22#