000
CXUS55 KPSR 011005
CF6SDL
PRELIMINARY LOCAL CLIMATOLOGICAL DATA (WS FORM: F-6)
STATION: SCOTTSDALE AZ
MONTH: MARCH
YEAR: 2020
LATITUDE: 33 37 N
LONGITUDE: 111 54 W
TEMPERATURE IN F: :PCPN: SNOW: WIND :SUNSHINE: SKY :PK WND
================================================================================
1 2 3 4 5 6A 6B 7 8 9 10 11 12 13 14 15 16 17 18
12Z AVG MX 2MIN
DY MAX MIN AVG DEP HDD CDD WTR SNW DPTH SPD SPD DIR MIN PSBL S-S WX SPD DR
================================================================================
1 74 53 64 4 1 0 0.00 M M 4.3 17 230 M M 1 23 240
2 66 49 58 -2 7 0 0.09 M M 3.0 21 90 M M 3 3 31 90
3 74 48 61 1 4 0 0.00 M M 3.6 17 250 M M 2 27 240
4 72 49 61 1 4 0 0.00 M M 3.0 9 150 M M 0 12 140
5 84 50 67 7 0 2 0.00 M M 3.1 16 50 M M 0 20 50
6 84 67 76 16 0 11 0.00 M M 7.4 17 90 M M 0 24 100
7 82 58 70 9 0 5 0.00 M M 7.3 20 210 M M 0 26 190
8 73 59 66 5 0 1 0.00 M M 4.0 14 260 M M 4 19 160
9 75 53 64 3 1 0 0.00 M M 3.3 12 210 M M 2 17 190
10 74 60 67 6 0 2 0.20 M M 4.0 13 40 M M 8 1 15 80
11 66 59 63 1 2 0 0.76 M M 1.3 7 230 M M 8 1 9 160
12 71 61 66 4 0 1 0.51 M M 2.5 22 200 M M 8 13 33 200
13 65 51 58 -4 7 0 0.70 M M 5.4 23 240 M M 7 13 33 240
14 72 48 60 -2 5 0 0.00 M M 2.6 10 200 M M 1 14 150
15 75 51 63 1 2 0 0.00 M M 2.1 10 270 M M 0 14 270
16 76 52 64 1 1 0 0.00 M M 3.2 12 210 M M 0 16 200
17 72 57 65 2 0 0 0.00 M M 3.4 13 220 M M 1 17 210
18 67 47 57 -6 8 0 0.40 M M 5.5 23 250 M M 7 13 34 240
19 63 48 56 -7 9 0 T M M 5.0 13 260 M M 7 16 180
20 69 45 57 -6 8 0 0.00 M M 2.6 10 200 M M 1 15 210
21 72 50 61 -3 4 0 0.00 M M 3.5 13 240 M M 0 16 240
22 73 51 62 -2 3 0 0.00 M M 1.9 9 190 M M 0 11 200
23 75 55 65 1 0 0 0.00 M M 4.5 20 220 M M 1 26 260
24 76 50 63 -1 2 0 0.00 M M 3.3 12 250 M M 0 15 260
25 76 52 64 0 1 0 0.00 M M 1.9 9 340 M M 0 12 140
26 68 57 63 -2 2 0 0.00 M M 5.8 16 240 M M 1 20 240
27 63 50 57 -8 8 0 0.00 M M 7.0 20 250 M M 4 28 230
28 69 44 57 -8 8 0 0.00 M M 2.4 9 220 M M 0 14 270
29 75 49 62 -3 3 0 0.00 M M 3.5 14 250 M M 0 20 240
30 76 49 63 -3 2 0 0.00 M M 2.4 9 250 M M 0 15 240
31 81 52 67 1 0 2 0.00 M M 1.8 9 260 M M 0 12 250
================================================================================
SM 2258 1624 92 24 2.66 M 114.6 M 66
================================================================================
AV 72.8 52.4 3.7 FASTST M M 2 MAX(MPH)
MISC ----> # 23 240 34 240
================================================================================
NOTES:
# LAST OF SEVERAL OCCURRENCES
COLUMN 17 PEAK WIND IN M.P.H.
PRELIMINARY LOCAL CLIMATOLOGICAL DATA (WS FORM: F-6) , PAGE 2
STATION: SCOTTSDALE AZ
MONTH: MARCH
YEAR: 2020
LATITUDE: 33 37 N
LONGITUDE: 111 54 W
[TEMPERATURE DATA] [PRECIPITATION DATA] SYMBOLS USED IN COLUMN 16
AVERAGE MONTHLY: 62.6 TOTAL FOR MONTH: 2.66 1 = FOG OR MIST
DPTR FM NORMAL: 0.0 DPTR FM NORMAL: 1.43 2 = FOG REDUCING VISIBILITY
HIGHEST: 84 ON 6, 5 GRTST 24HR 0.95 ON 10-11 TO 1/4 MILE OR LESS
LOWEST: 44 ON 28 3 = THUNDER
SNOW, ICE PELLETS, HAIL 4 = ICE PELLETS
TOTAL MONTH: M 5 = HAIL
GRTST 24HR M ON M 6 = FREEZING RAIN OR DRIZZLE
GRTST DEPTH: M ON M 7 = DUSTSTORM OR SANDSTORM:
VSBY 1/2 MILE OR LESS
8 = SMOKE OR HAZE
[NO. OF DAYS WITH] [WEATHER - DAYS WITH] 9 = BLOWING SNOW
X = TORNADO
MAX 32 OR BELOW: 0 0.01 INCH OR MORE: 6
MAX 90 OR ABOVE: 0 0.10 INCH OR MORE: 5
MIN 32 OR BELOW: 0 0.50 INCH OR MORE: 3
MIN 0 OR BELOW: 0 1.00 INCH OR MORE: 0
[HDD (BASE 65) ]
TOTAL THIS MO. 92 CLEAR (SCALE 0-3) 23
DPTR FM NORMAL -35 PTCLDY (SCALE 4-7) 6
TOTAL FM JUL 1 1079 CLOUDY (SCALE 8-10) 2
DPTR FM NORMAL -94
[CDD (BASE 65) ]
TOTAL THIS MO. 24
DPTR FM NORMAL -28 [PRESSURE DATA]
TOTAL FM JAN 1 27 HIGHEST SLP 30.20 ON 5
DPTR FM NORMAL -31 LOWEST SLP 29.64 ON 18
[REMARKS]
#FINAL-03-20#