000
CXUS54 KFWD 072133
CF6SEP
PRELIMINARY LOCAL CLIMATOLOGICAL DATA (WS FORM: F-6)
STATION: STEPHENVILLE
MONTH: MARCH
YEAR: 2022
LATITUDE: 32 13 N
LONGITUDE: 98 11 W
TEMPERATURE IN F: :PCPN: SNOW: WIND :SUNSHINE: SKY :PK WND
================================================================================
1 2 3 4 5 6A 6B 7 8 9 10 11 12 13 14 15 16 17 18
12Z AVG MX 2MIN
DY MAX MIN AVG DEP HDD CDD WTR SNW DPTH SPD SPD DIR MIN PSBL S-S WX SPD DR
================================================================================
1 74 37 56 5 9 0 0.00 M M 2.5 8 240 M M 0 M M
2 78 38 58 7 7 0 0.00 M M 3.1 8 180 M M 0 M M
3 80 43 62 11 3 0 0.00 M M 2.9 10 230 M M 0 M M
4 74 49 62 11 3 0 0.00 M M 9.7 16 160 M M 5 29 160
5 80 61 71 19 0 6 0.00 M M 11.3 17 190 M M 5 24 190
6 79 37 58 6 7 0 0.00 M M 12.7 21 340 M M 8 29 190
7 51 33 42 -10 23 0 0.00 M M 13.7 22 350 M M 7 30 350
8 50 32 41 -11 24 0 0.00 M M 4.9 8 20 M M 4 M M
9 61 23 42 -11 23 0 0.00 M M 4.7 10 110 M M 0 18 130
10 73 33 53 0 12 0 0.00 M M 6.6 17 350 M M 0 25 350
11 39 28 34 -19 31 0 0.00 M M 18.1 24 350 M M 8 31 340
12 58 20 39 -15 26 0 0.00 M M 4.4 9 220 M M 0 16 170
13 66 28 47 -7 18 0 0.00 M M 9.8 18 190 M M 0 25 190
14 81 50 66 12 0 1 0.00 M M 13.0 21 290 M M 3 28 250
15 72 46 59 5 6 0 0.00 M M 10.1 17 330 M M 0 24 330
16 83 39 61 6 4 0 0.00 M M 6.6 14 190 M M 0 23 170
17 83 53 68 13 0 3 0.00 M M 14.1 22 180 M M 1 37 180
18 66 44 55 0 10 0 0.00 M M 13.9 23 310 M M 1 32 300
19 77 34 56 0 9 0 0.00 M M 3.0 12 260 M M 0 16 260
20 80 45 63 7 2 0 0.00 M M 11.1 23 150 M M 0 30 160
21 80 56 68 12 0 3 0.05 M M 12.9 29 170 M M 6 41 170
22 59 43 51 -5 14 0 0.00 M M 13.6 21 300 M M 6 35 310
23 64 41 53 -4 12 0 0.00 M M 9.5 22 320 M M 2 31 300
24 69 33 51 -6 14 0 0.00 M M 7.7 23 320 M M 0 30 320
25 85 40 63 6 2 0 0.00 M M 3.3 9 130 M M 0 M M
26 92 47 70 12 0 5 0.00 M M 4.7 14 240 M M 0 17 240
27 93 58 76 18 0 11 0.00 M M 8.9 16 210 M M 0 23 210
28 87 55 71 13 0 6 0.00 M M 12.3 20 160 M M 0 26 160
29 77 64 71 13 0 6 0.00 M M 17.4 23 170 M M 3 33 160
30 71 42 57 -2 8 0 0.10 M M 10.1 22 310 M M 3 30 320
31 72 44 58 -1 7 0 0.00 M M 5.4 13 330 M M 3 17 340
================================================================================
SM 2254 1296 274 41 0.15 M 281.9 M 65
================================================================================
AV 72.7 41.8 9.1 FASTST M M 2 MAX(MPH)
MISC ----> 29 170 41 170
================================================================================
NOTES:
# LAST OF SEVERAL OCCURRENCES
COLUMN 17 PEAK WIND IN M.P.H.
PRELIMINARY LOCAL CLIMATOLOGICAL DATA (WS FORM: F-6) , PAGE 2
STATION: STEPHENVILLE
MONTH: MARCH
YEAR: 2022
LATITUDE: 32 13 N
LONGITUDE: 98 11 W
[TEMPERATURE DATA] [PRECIPITATION DATA] SYMBOLS USED IN COLUMN 16
AVERAGE MONTHLY: 57.3 TOTAL FOR MONTH: 0.15 1 = FOG OR MIST
DPTR FM NORMAL: 2.5 DPTR FM NORMAL: -2.71 2 = FOG REDUCING VISIBILITY
HIGHEST: 93 ON 27 GRTST 24HR 0.10 ON 30-30 TO 1/4 MILE OR LESS
LOWEST: 20 ON 12 3 = THUNDER
SNOW, ICE PELLETS, HAIL 4 = ICE PELLETS
TOTAL MONTH: M 5 = HAIL
GRTST 24HR M ON M 6 = FREEZING RAIN OR DRIZZLE
GRTST DEPTH: M ON M 7 = DUSTSTORM OR SANDSTORM:
VSBY 1/2 MILE OR LESS
8 = SMOKE OR HAZE
[NO. OF DAYS WITH] [WEATHER - DAYS WITH] 9 = BLOWING SNOW
X = TORNADO
MAX 32 OR BELOW: 0 0.01 INCH OR MORE: 2
MAX 90 OR ABOVE: 2 0.10 INCH OR MORE: 1
MIN 32 OR BELOW: 5 0.50 INCH OR MORE: 0
MIN 0 OR BELOW: 0 1.00 INCH OR MORE: 0
[HDD (BASE 65) ]
TOTAL THIS MO. 274 CLEAR (SCALE 0-3) 22
DPTR FM NORMAL -60 PTCLDY (SCALE 4-7) 9
TOTAL FM JUL 1 1961 CLOUDY (SCALE 8-10) 0
DPTR FM NORMAL -616
[CDD (BASE 65) ]
TOTAL THIS MO. 41
DPTR FM NORMAL 24 [PRESSURE DATA]
TOTAL FM JAN 1 42 HIGHEST SLP M ON M
DPTR FM NORMAL 22 LOWEST SLP M ON M
[REMARKS]
#FINAL-03-22#