000
CXUS55 KSEW 010930
CF6SEW
PRELIMINARY LOCAL CLIMATOLOGICAL DATA (WS FORM: F-6)
STATION: SEATTLE WA WFO
MONTH: SEPTEMBER
YEAR: 2022
LATITUDE: 47 41 N
LONGITUDE: 122 15 W
TEMPERATURE IN F: :PCPN: SNOW: WIND :SUNSHINE: SKY :PK WND
================================================================================
1 2 3 4 5 6A 6B 7 8 9 10 11 12 13 14 15 16 17 18
12Z AVG MX 2MIN
DY MAX MIN AVG DEP HDD CDD WTR SNW DPTH SPD SPD DIR MIN PSBL S-S WX SPD DR
================================================================================
1 78 59 69 4 0 4 0.00 0.0 0 M M M M M M M M
2 83 58 71 6 0 6 0.00 0.0 0 M M M M M M M M
3 73 60 67 2 0 2 0.04 0.0 0 M M M M M M M M
4 77 60 69 4 0 4 0.06 0.0 0 M M M M M M M M
5 76 58 67 2 0 2 0.00 0.0 0 M M M M M M M M
6 78 55 67 3 0 2 0.00 0.0 0 M M M M M M M M
7 78 55 67 3 0 2 0.00 0.0 0 M M M M M M M M
8 72 51 62 -2 3 0 0.00 0.0 0 M M M M M M M M
9 76 55 66 2 0 1 0.00 0.0 0 M M M M M M M M
10 88 56 72 8 0 7 0.00 0.0 0 M M M M M M 8 M M
11 78 57 68 4 0 3 T 0.0 0 M M M M M M 8 M M
12 76 61 69 6 0 4 0.00 0.0 0 M M M M M M 8 M M
13 73 62 68 5 0 3 0.00 0.0 0 M M M M M M M M
14 72 60 66 3 0 1 0.00 0.0 0 M M M M M M 8 M M
15 69 58 64 1 1 0 0.00 0.0 0 M M M M M M M M
16 68 57 63 1 2 0 0.00 0.0 0 M M M M M M M M
17 67 54 61 -1 4 0 0.00 0.0 0 M M M M M M M M
18 74 53 64 2 1 0 0.00 0.0 0 M M M M M M M M
19 76 48 62 0 3 0 0.00 0.0 0 M M M M M M 8 M M
20 76 53 65 4 0 0 0.00 0.0 0 M M M M M M 8 M M
21 78 52 65 4 0 0 0.00 0.0 0 M M M M M M 8 M M
22 73 52 63 2 2 0 0.00 0.0 0 M M M M M M M M
23 72 56 64 4 1 0 0.00 0.0 0 M M M M M M M M
24 74 55 65 5 0 0 0.00 0.0 0 M M M M M M M M
25 80 52 66 6 0 1 0.00 0.0 0 M M M M M M M M
26 80 54 67 7 0 2 0.00 0.0 0 M M M M M M M M
27 79 52 66 7 0 1 0.00 0.0 0 M M M M M M M M
28 67 55 61 2 4 0 0.03 0.0 0 M M M M M M M M
29 72 54 63 4 2 0 0.00 0.0 0 M M M M M M M M
30 72 56 64 6 1 0 0.00 0.0 0 M M M M M M M M
================================================================================
SM 2255 1668 24 45 0.13 0.0 M M M
================================================================================
AV 75.2 55.6 M FASTST M M M MAX(MPH)
MISC ----> M M M M
================================================================================
NOTES:
# LAST OF SEVERAL OCCURRENCES
COLUMN 17 PEAK WIND IN M.P.H.
PRELIMINARY LOCAL CLIMATOLOGICAL DATA (WS FORM: F-6) , PAGE 2
STATION: SEATTLE WA WFO
MONTH: SEPTEMBER
YEAR: 2022
LATITUDE: 47 41 N
LONGITUDE: 122 15 W
[TEMPERATURE DATA] [PRECIPITATION DATA] SYMBOLS USED IN COLUMN 16
AVERAGE MONTHLY: 65.4 TOTAL FOR MONTH: 0.13 1 = FOG OR MIST
DPTR FM NORMAL: 3.1 DPTR FM NORMAL: -1.61 2 = FOG REDUCING VISIBILITY
HIGHEST: 88 ON 10 GRTST 24HR 0.06 ON 4- 4 TO 1/4 MILE OR LESS
LOWEST: 48 ON 19 3 = THUNDER
SNOW, ICE PELLETS, HAIL 4 = ICE PELLETS
TOTAL MONTH: 0.0 INCH 5 = HAIL
GRTST 24HR 0.0 6 = FREEZING RAIN OR DRIZZLE
GRTST DEPTH: 0 7 = DUSTSTORM OR SANDSTORM:
VSBY 1/2 MILE OR LESS
8 = SMOKE OR HAZE
[NO. OF DAYS WITH] [WEATHER - DAYS WITH] 9 = BLOWING SNOW
X = TORNADO
MAX 32 OR BELOW: 0 0.01 INCH OR MORE: 3
MAX 90 OR ABOVE: 0 0.10 INCH OR MORE: 0
MIN 32 OR BELOW: 0 0.50 INCH OR MORE: 0
MIN 0 OR BELOW: 0 1.00 INCH OR MORE: 0
[HDD (BASE 65) ]
TOTAL THIS MO. 24 CLEAR (SCALE 0-3) 0
DPTR FM NORMAL -82 PTCLDY (SCALE 4-7) 0
TOTAL FM JUL 1 43 CLOUDY (SCALE 8-10) 30
DPTR FM NORMAL -119
[CDD (BASE 65) ]
TOTAL THIS MO. 45
DPTR FM NORMAL 21 [PRESSURE DATA]
TOTAL FM JAN 1 395 HIGHEST SLP M ON M
DPTR FM NORMAL 185 LOWEST SLP M ON M
[REMARKS]
#FINAL-09-22#