000
CXUS52 KMLB 010623
CF6SFB
PRELIMINARY LOCAL CLIMATOLOGICAL DATA (WS FORM: F-6)
STATION: SANFORD
MONTH: OCTOBER
YEAR: 2022
LATITUDE: 28 46 N
LONGITUDE: 81 15 W
TEMPERATURE IN F: :PCPN: SNOW: WIND :SUNSHINE: SKY :PK WND
================================================================================
1 2 3 4 5 6A 6B 7 8 9 10 11 12 13 14 15 16 17 18
12Z AVG MX 2MIN
DY MAX MIN AVG DEP HDD CDD WTR SNW DPTH SPD SPD DIR MIN PSBL S-S WX SPD DR
================================================================================
1 84 63 74 -5 0 9 0.00 0.0 0 4.5 12 280 M M 0 16 350
2 86 65 76 -3 0 11 0.00 0.0 0 6.4 16 270 M M 0 22 320
3 82 64 73 -6 0 8 0.00 0.0 0 9.4 17 10 M M 2 23 20
4 80 63 72 -7 0 7 0.00 0.0 0 10.9 20 30 M M 1 27 20
5 82 63 73 -5 0 8 0.00 0.0 0 5.2 13 70 M M 0 15 340
6 84 62 73 -5 0 8 0.00 0.0 0 2.9 12 80 M M 0 15 330
7 85 62 74 -4 0 9 0.00 0.0 0 3.6 13 100 M M 0 16 100
8 85 63 74 -4 0 9 0.00 0.0 0 5.8 14 70 M M 0 18 80
9 86 64 75 -3 0 10 0.00 0.0 0 6.5 16 70 M M 2 21 40
10 85 72 79 2 0 14 0.00 0.0 0 7.5 16 60 M M 3 20 60
11 88 70 79 2 0 14 0.00 0.0 0 6.0 15 70 M M 1 18 60
12 85 72 79 2 0 14 0.38 0.0 0 4.8 21 100 M M 2 13 24 100
13 85 71 78 2 0 13 0.00 0.0 0 4.9 12 230 M M 4 16 280
14 86 71 79 3 0 14 0.00 0.0 0 7.8 14 50 M M 0 18 40
15 86 70 78 2 0 13 0.00 0.0 0 7.5 16 50 M M 1 20 50
16 86 68 77 1 0 12 0.00 0.0 0 6.0 13 100 M M 0 16 100
17 87 70 79 4 0 14 0.14 0.0 0 6.0 16 320 M M 3 13 19 330
18 82 62 72 -3 0 7 0.00 0.0 0 8.2 21 340 M M 4 28 340
19 69 53 61 -14 4 0 0.00 0.0 0 12.6 23 360 M M 0 30 340
20 72 54 63 -11 2 0 0.00 0.0 0 8.3 15 340 M M 5 19 340
21 76 58 67 -7 0 2 0.00 0.0 0 9.2 15 40 M M 1 19 50
22 81 60 71 -3 0 6 0.00 0.0 0 10.0 20 40 M M 0 25 20
23 83 60 72 -2 0 7 0.00 0.0 0 6.5 16 50 M M 0 19 40
24 83 64 74 1 0 9 0.00 0.0 0 5.5 14 50 M M 6 18 40
25 84 62 73 0 0 8 0.00 0.0 0 3.8 13 80 M M 0 17 300
26 87 63 75 2 0 10 0.00 0.0 0 5.3 15 260 M M 2 20 230
27 87 69 78 5 0 13 0.17 0.0 0 2.8 17 70 M M 6 13 20 70
28 79 71 75 3 0 10 0.01 0.0 0 6.2 17 50 M M 10 21 50
29 86 71 79 7 0 14 0.00 0.0 0 7.8 16 60 M M 6 20 50
30 86 69 78 6 0 13 0.00 0.0 0 6.0 15 100 M M 5 1 19 80
31 87 70 79 7 0 14 0.00 0.0 0 3.6 12 110 M M 2 15 90
================================================================================
SM 2584 2019 6 300 0.70 0.0 201.5 M 66
================================================================================
AV 83.4 65.1 6.5 FASTST M M 2 MAX(MPH)
MISC ----> 23 360 30 340
================================================================================
NOTES:
# LAST OF SEVERAL OCCURRENCES
COLUMN 17 PEAK WIND IN M.P.H.
PRELIMINARY LOCAL CLIMATOLOGICAL DATA (WS FORM: F-6) , PAGE 2
STATION: SANFORD
MONTH: OCTOBER
YEAR: 2022
LATITUDE: 28 46 N
LONGITUDE: 81 15 W
[TEMPERATURE DATA] [PRECIPITATION DATA] SYMBOLS USED IN COLUMN 16
AVERAGE MONTHLY: 74.2 TOTAL FOR MONTH: 0.70 1 = FOG OR MIST
DPTR FM NORMAL: -1.3 DPTR FM NORMAL: -3.20 2 = FOG REDUCING VISIBILITY
HIGHEST: 88 ON 11 GRTST 24HR 0.38 ON 12-12 TO 1/4 MILE OR LESS
LOWEST: 53 ON 19 3 = THUNDER
SNOW, ICE PELLETS, HAIL 4 = ICE PELLETS
TOTAL MONTH: 0.0 INCH 5 = HAIL
GRTST 24HR 0.0 6 = FREEZING RAIN OR DRIZZLE
GRTST DEPTH: 0 7 = DUSTSTORM OR SANDSTORM:
VSBY 1/2 MILE OR LESS
8 = SMOKE OR HAZE
[NO. OF DAYS WITH] [WEATHER - DAYS WITH] 9 = BLOWING SNOW
X = TORNADO
MAX 32 OR BELOW: 0 0.01 INCH OR MORE: 4
MAX 90 OR ABOVE: 0 0.10 INCH OR MORE: 3
MIN 32 OR BELOW: 0 0.50 INCH OR MORE: 0
MIN 0 OR BELOW: 0 1.00 INCH OR MORE: 0
[HDD (BASE 65) ]
TOTAL THIS MO. 6 CLEAR (SCALE 0-3) 22
DPTR FM NORMAL 0 PTCLDY (SCALE 4-7) 8
TOTAL FM JUL 1 6 CLOUDY (SCALE 8-10) 1
DPTR FM NORMAL 3
[CDD (BASE 65) ]
TOTAL THIS MO. 300
DPTR FM NORMAL -34 [PRESSURE DATA]
TOTAL FM JAN 1 3520 HIGHEST SLP M ON M
DPTR FM NORMAL 180 LOWEST SLP 29.76 ON 18
[REMARKS]
#FINAL-10-22#