000
CXUS52 KMLB 022226
CF6SFB
PRELIMINARY LOCAL CLIMATOLOGICAL DATA (WS FORM: F-6)
STATION: SANFORD
MONTH: JANUARY
YEAR: 2022
LATITUDE: 28 46 N
LONGITUDE: 81 15 W
TEMPERATURE IN F: :PCPN: SNOW: WIND :SUNSHINE: SKY :PK WND
================================================================================
1 2 3 4 5 6A 6B 7 8 9 10 11 12 13 14 15 16 17 18
12Z AVG MX 2MIN
DY MAX MIN AVG DEP HDD CDD WTR SNW DPTH SPD SPD DIR MIN PSBL S-S WX SPD DR
================================================================================
1 85 67 76 15 0 11 0.00 0.0 0 6.3 15 200 M M 1 1 20 190
2 85 65 75 14 0 10 0.00 0.0 0 7.5 16 210 M M 5 23 210
3 74 52 63 2 2 0 0.01 0.0 0 12.7 25 280 M M 2 1 34 300
4 75 50 63 3 2 0 0.00 0.0 0 7.8 17 60 M M 1 22 60
5 79 54 67 7 0 2 0.00 0.0 0 4.3 17 220 M M 6 1 24 230
6 74 54 64 4 1 0 0.00 0.0 0 4.8 13 200 M M 2 17 200
7 74 55 65 5 0 0 0.01 0.0 0 7.4 16 320 M M 4 20 350
8 78 53 66 6 0 1 0.00 0.0 0 7.8 18 80 M M 1 24 80
9 82 60 71 11 0 6 0.00 0.0 0 6.8 21 120 M M 2 26 130
10 80 60 70 10 0 5 T 0.0 0 8.9 21 10 M M 5 27 20
11 72 52 62 2 3 0 0.00 0.0 0 11.7 21 40 M M 2 28 30
12 75 54 65 5 0 0 0.00 0.0 0 7.2 17 50 M M 1 27 40
13 74 53 64 4 1 0 0.00 0.0 0 7.1 17 270 M M 2 22 280
14 69 50 60 0 5 0 0.00 0.0 0 7.9 15 320 M M 0 8 20 320
15 73 43 58 -2 7 0 0.00 0.0 0 4.5 12 140 M M 0 15 320
16 69 59 64 4 1 0 0.29 0.0 0 17.3 29 240 M M 7 1 38 230
17 62 48 55 -5 10 0 0.00 0.0 0 14.2 26 260 M M 2 34 260
18 62 40 51 -9 14 0 0.00 0.0 0 5.7 18 330 M M 0 23 340
19 75 42 59 -1 6 0 0.00 0.0 0 4.1 14 90 M M 1 17 100
20 80 50 65 5 0 0 0.00 0.0 0 4.1 18 230 M M 2 23 230
21 76 56 66 6 0 1 0.00 0.0 0 5.3 17 360 M M 3 22 350
22 58 46 52 -8 13 0 0.04 0.0 0 11.5 18 360 M M 10 1 26 10
23 54 38 46 -14 19 0 0.00 0.0 0 9.8 15 330 M M 7 22 290
24 64 34 49 -12 16 0 0.00 0.0 0 6.0 13 360 M M 0 18 350
25 55 49 52 -9 13 0 0.19 0.0 0 4.2 12 150 M M 7 1 15 150
26 63 51 57 -4 8 0 0.56 0.0 0 8.2 14 10 M M 10 1 19 350
27 68 58 63 2 2 0 0.01 0.0 0 11.4 20 360 M M 10 1 24 350
28 70 55 63 2 2 0 0.01 0.0 0 9.8 21 290 M M 8 18 24 290
29 56 36 46 -15 19 0 0.00 0.0 0 14.1 29 300 M M 1 38 300
30 58 31 45 -16 20 0 0.00 0.0 0 5.4 13 360 M M 0 17 10
31 70 38 54 -7 11 0 0.00 0.0 0 5.1 10 120 M M 0 17 280
================================================================================
SM 2189 1553 175 36 1.12 0.0 248.9 M 102
================================================================================
AV 70.6 50.1 8.0 FASTST M M 3 MAX(MPH)
MISC ----> # 29 240 # 38 230
================================================================================
NOTES:
# LAST OF SEVERAL OCCURRENCES
COLUMN 17 PEAK WIND IN M.P.H.
PRELIMINARY LOCAL CLIMATOLOGICAL DATA (WS FORM: F-6) , PAGE 2
STATION: SANFORD
MONTH: JANUARY
YEAR: 2022
LATITUDE: 28 46 N
LONGITUDE: 81 15 W
[TEMPERATURE DATA] [PRECIPITATION DATA] SYMBOLS USED IN COLUMN 16
AVERAGE MONTHLY: 60.4 TOTAL FOR MONTH: 1.12 1 = FOG OR MIST
DPTR FM NORMAL: 0.0 DPTR FM NORMAL: -1.24 2 = FOG REDUCING VISIBILITY
HIGHEST: 85 ON 2, 1 GRTST 24HR 0.56 ON 26-26 TO 1/4 MILE OR LESS
LOWEST: 31 ON 30 3 = THUNDER
SNOW, ICE PELLETS, HAIL 4 = ICE PELLETS
TOTAL MONTH: 0.0 INCH 5 = HAIL
GRTST 24HR 0.0 6 = FREEZING RAIN OR DRIZZLE
GRTST DEPTH: 0 7 = DUSTSTORM OR SANDSTORM:
VSBY 1/2 MILE OR LESS
8 = SMOKE OR HAZE
[NO. OF DAYS WITH] [WEATHER - DAYS WITH] 9 = BLOWING SNOW
X = TORNADO
MAX 32 OR BELOW: 0 0.01 INCH OR MORE: 8
MAX 90 OR ABOVE: 0 0.10 INCH OR MORE: 3
MIN 32 OR BELOW: 1 0.50 INCH OR MORE: 1
MIN 0 OR BELOW: 0 1.00 INCH OR MORE: 0
[HDD (BASE 65) ]
TOTAL THIS MO. 175 CLEAR (SCALE 0-3) 20
DPTR FM NORMAL -13 PTCLDY (SCALE 4-7) 8
TOTAL FM JUL 1 232 CLOUDY (SCALE 8-10) 3
DPTR FM NORMAL -136
[CDD (BASE 65) ]
TOTAL THIS MO. 36
DPTR FM NORMAL -11 [PRESSURE DATA]
TOTAL FM JAN 1 36 HIGHEST SLP 30.41 ON 8
DPTR FM NORMAL -11 LOWEST SLP 29.70 ON 16
[REMARKS]
#FINAL-01-22#