000
CXUS56 KMTR 011000
CF6SFO
PRELIMINARY LOCAL CLIMATOLOGICAL DATA (WS FORM: F-6)
STATION: SAN FRANCISCO AIRPORT
MONTH: NOVEMBER
YEAR: 2023
LATITUDE: 37 37 N
LONGITUDE: 122 23 W
TEMPERATURE IN F: :PCPN: SNOW: WIND :SUNSHINE: SKY :PK WND
================================================================================
1 2 3 4 5 6A 6B 7 8 9 10 11 12 13 14 15 16 17 18
12Z AVG MX 2MIN
DY MAX MIN AVG DEP HDD CDD WTR SNW DPTH SPD SPD DIR MIN PSBL S-S WX SPD DR
================================================================================
1 73 50 62 2 3 0 0.00 M M 3.3 12 290 M M 3 8 15 290
2 76 54 65 5 0 0 0.00 M M 4.7 16 280 M M 5 8 20 280
3 79 58 69 10 0 4 0.00 M M 7.6 21 280 M M 4 8 26 280
4 75 59 67 8 0 2 0.00 M M 7.8 26 290 M M 5 1 31 290
5 72 59 66 7 0 1 0.04 M M 5.6 16 230 M M 8 18 20 190
6 70 60 65 6 0 0 0.01 M M 8.4 16 220 M M 6 20 230
7 66 57 62 4 3 0 0.00 M M 11.0 23 290 M M 2 1 28 260
8 75 50 63 5 2 0 0.00 M M 6.2 18 280 M M 1 22 290
9 66 48 57 -1 8 0 0.00 M M 6.6 21 290 M M 4 24 290
10 71 49 60 2 5 0 0.00 M M 4.5 17 290 M M 5 8 20 280
11 71 51 61 4 4 0 0.00 M M 4.4 16 290 M M 3 21 290
12 70 51 61 4 4 0 0.00 M M 5.0 14 280 M M 4 8 17 290
13 67 52 60 3 5 0 0.00 M M 4.3 17 230 M M 4 8 21 230
14 73 56 65 8 0 0 0.03 M M 7.4 21 170 M M 6 28 180
15 68 58 63 7 2 0 0.06 M M 6.0 17 150 M M 8 23 200
16 69 58 64 8 1 0 0.20 M M 3.5 10 60 M M 8 38 12 250
17 65 57 61 5 4 0 0.29 M M 5.5 16 130 M M 8 18 23 150
18 65 56 61 5 4 0 0.48 M M 13.5 32 300 M M 8 18 42 310
19 63 51 57 1 8 0 T M M 10.5 20 290 M M 2 8 23 360
20 69 52 61 6 4 0 0.00 M M 6.6 22 10 M M 1 28 10
21 64 48 56 1 9 0 0.00 M M 4.3 9 90 M M 5 10 290
22 67 48 58 3 7 0 0.00 M M 2.7 14 290 M M 7 8 15 290
23 70 52 61 6 4 0 0.00 M M 7.5 18 290 M M 2 18 22 290
24 63 52 58 4 7 0 0.00 M M 8.4 22 10 M M 0 26 20
25 64 47 56 2 9 0 0.00 M M 6.2 15 50 M M 1 17 60
26 62 46 54 0 11 0 0.00 M M 3.1 7 70 M M 7 10 140
27 65 45 55 1 10 0 0.00 M M 2.8 12 60 M M 4 8 14 70
28 62 45 54 0 11 0 0.08 M M 2.5 8 160 M M 3 8 10 170
29 63 53 58 5 7 0 0.23 M M 6.1 15 290 M M 5 18 19 290
30 63 53 58 5 7 0 T M M 13.3 26 290 M M 4 33 290
================================================================================
SM 2046 1575 139 7 1.42 M 189.3 M 133
================================================================================
AV 68.2 52.5 6.3 FASTST M M 4 MAX(MPH)
MISC ----> 32 300 42 310
================================================================================
NOTES:
# LAST OF SEVERAL OCCURRENCES
COLUMN 17 PEAK WIND IN M.P.H.
PRELIMINARY LOCAL CLIMATOLOGICAL DATA (WS FORM: F-6) , PAGE 2
STATION: SAN FRANCISCO AIRPORT
MONTH: NOVEMBER
YEAR: 2023
LATITUDE: 37 37 N
LONGITUDE: 122 23 W
[TEMPERATURE DATA] [PRECIPITATION DATA] SYMBOLS USED IN COLUMN 16
AVERAGE MONTHLY: 60.4 TOTAL FOR MONTH: 1.42 1 = FOG OR MIST
DPTR FM NORMAL: 3.9 DPTR FM NORMAL: -0.62 2 = FOG REDUCING VISIBILITY
HIGHEST: 79 ON 3 GRTST 24HR 0.75 ON 17-18 TO 1/4 MILE OR LESS
LOWEST: 45 ON 28,27 3 = THUNDER
SNOW, ICE PELLETS, HAIL 4 = ICE PELLETS
TOTAL MONTH: M 5 = HAIL
GRTST 24HR M ON M 6 = FREEZING RAIN OR DRIZZLE
GRTST DEPTH: M ON M 7 = DUSTSTORM OR SANDSTORM:
VSBY 1/2 MILE OR LESS
8 = SMOKE OR HAZE
[NO. OF DAYS WITH] [WEATHER - DAYS WITH] 9 = BLOWING SNOW
X = TORNADO
MAX 32 OR BELOW: 0 0.01 INCH OR MORE: 9
MAX 90 OR ABOVE: 0 0.10 INCH OR MORE: 4
MIN 32 OR BELOW: 0 0.50 INCH OR MORE: 0
MIN 0 OR BELOW: 0 1.00 INCH OR MORE: 0
[HDD (BASE 65) ]
TOTAL THIS MO. 139 CLEAR (SCALE 0-3) 10
DPTR FM NORMAL -121 PTCLDY (SCALE 4-7) 19
TOTAL FM JUL 1 223 CLOUDY (SCALE 8-10) 1
DPTR FM NORMAL -285
[CDD (BASE 65) ]
TOTAL THIS MO. 7
DPTR FM NORMAL 5 [PRESSURE DATA]
TOTAL FM JAN 1 280 HIGHEST SLP M ON M
DPTR FM NORMAL 79 LOWEST SLP 29.72 ON 15
[REMARKS]
#FINAL-11-23#