000
CXUS53 KSGF 010710
CF6SGF
PRELIMINARY LOCAL CLIMATOLOGICAL DATA (WS FORM: F-6)
STATION: SPRINGFIELD MO
MONTH: OCTOBER
YEAR: 2023
LATITUDE: 37 13 N
LONGITUDE: 93 23 W
TEMPERATURE IN F: :PCPN: SNOW: WIND :SUNSHINE: SKY :PK WND
================================================================================
1 2 3 4 5 6A 6B 7 8 9 10 11 12 13 14 15 16 17 18
12Z AVG MX 2MIN
DY MAX MIN AVG DEP HDD CDD WTR SNW DPTH SPD SPD DIR MIN PSBL S-S WX SPD DR
================================================================================
1 89 65 77 13 0 12 0.00 0.0 0 5.1 10 110 M M 0 16 100
2 86 64 75 11 0 10 0.00 0.0 0 7.8 14 140 M M 1 18 160
3 81 64 73 9 0 8 0.00 0.0 0 10.3 22 150 M M 3 27 190
4 69 63 66 3 0 1 1.53 0.0 0 8.5 29 160 M M 8 13 41 160
5 77 57 67 4 0 2 1.14 0.0 0 5.9 20 330 M M 4 138 26 330
6 70 41 56 -6 9 0 T 0.0 0 6.9 24 340 M M 3 18 32 320
7 62 37 50 -12 15 0 0.00 0.0 0 6.1 15 330 M M 0 18 21 360
8 73 40 57 -5 8 0 0.00 0.0 0 9.7 21 250 M M 0 28 230
9 73 49 61 0 4 0 0.00 0.0 0 5.3 13 320 M M 0 20 350
10 73 43 58 -3 7 0 0.00 0.0 0 5.4 14 150 M M 0 18 160
11 80 56 68 7 0 3 0.00 0.0 0 11.9 20 180 M M 1 27 190
12 68 57 63 3 2 0 0.00 0.0 0 18.5 31 150 M M 3 43 140
13 68 52 60 0 5 0 0.08 0.0 0 13.9 22 260 M M 7 1 33 240
14 57 48 53 -6 12 0 T 0.0 0 11.2 21 320 M M 10 18 30 320
15 56 43 50 -9 15 0 0.08 0.0 0 11.4 22 340 M M 10 1 29 340
16 61 39 50 -9 15 0 0.00 0.0 0 6.5 16 320 M M 1 24 350
17 68 38 53 -5 12 0 0.00 0.0 0 5.7 12 210 M M 0 16 240
18 77 47 62 4 3 0 T 0.0 0 11.5 21 180 M M 2 28 190
19 69 51 60 3 5 0 0.00 0.0 0 8.9 18 270 M M 0 24 280
20 76 50 63 6 2 0 0.00 0.0 0 6.3 16 330 M M 0 8 21 340
21 82 50 66 9 0 1 0.00 0.0 0 4.2 12 320 M M 0 8 16 320
22 74 47 61 5 4 0 0.00 0.0 0 11.1 20 150 M M 0 27 160
23 81 55 68 12 0 3 0.00 0.0 0 13.4 22 190 M M 0 29 200
24 76 65 71 15 0 6 T 0.0 0 13.0 23 150 M M 5 32 140
25 79 66 73 18 0 8 T 0.0 0 13.3 23 190 M M 6 30 170
26 76 64 70 15 0 5 0.04 0.0 0 13.9 24 180 M M 5 1 37 180
27 80 44 62 8 3 0 T 0.0 0 11.5 20 210 M M 9 1 26 220
28 46 40 43 -11 22 0 0.92 0.0 0 9.7 15 50 M M 10 1 19 30
29 41 33 37 -17 28 0 0.45 0.0 0 12.7 22 350 M M 10 1 33 340
30 42 25 34 -19 31 0 0.00 0.0 0 8.6 18 350 M M 0 25 340
31 42 23 33 -20 32 0 0.00 0.0 0 8.6 22 330 M M 0 29 350
================================================================================
SM 2152 1516 234 59 4.24 0.0 296.8 M 98
================================================================================
AV 69.4 48.9 9.6 FASTST M M 3 MAX(MPH)
MISC ----> 31 150 43 140
================================================================================
NOTES:
# LAST OF SEVERAL OCCURRENCES
COLUMN 17 PEAK WIND IN M.P.H.
PRELIMINARY LOCAL CLIMATOLOGICAL DATA (WS FORM: F-6) , PAGE 2
STATION: SPRINGFIELD MO
MONTH: OCTOBER
YEAR: 2023
LATITUDE: 37 13 N
LONGITUDE: 93 23 W
[TEMPERATURE DATA] [PRECIPITATION DATA] SYMBOLS USED IN COLUMN 16
AVERAGE MONTHLY: 59.2 TOTAL FOR MONTH: 4.24 1 = FOG OR MIST
DPTR FM NORMAL: 0.6 DPTR FM NORMAL: 0.64 2 = FOG REDUCING VISIBILITY
HIGHEST: 89 ON 1 GRTST 24HR 1.59 ON 4- 5 TO 1/4 MILE OR LESS
LOWEST: 23 ON 31 3 = THUNDER
SNOW, ICE PELLETS, HAIL 4 = ICE PELLETS
TOTAL MONTH: 0.0 INCH 5 = HAIL
GRTST 24HR 0.0 6 = FREEZING RAIN OR DRIZZLE
GRTST DEPTH: 0 7 = DUSTSTORM OR SANDSTORM:
VSBY 1/2 MILE OR LESS
8 = SMOKE OR HAZE
[NO. OF DAYS WITH] [WEATHER - DAYS WITH] 9 = BLOWING SNOW
X = TORNADO
MAX 32 OR BELOW: 0 0.01 INCH OR MORE: 7
MAX 90 OR ABOVE: 0 0.10 INCH OR MORE: 4
MIN 32 OR BELOW: 2 0.50 INCH OR MORE: 3
MIN 0 OR BELOW: 0 1.00 INCH OR MORE: 2
[HDD (BASE 65) ]
TOTAL THIS MO. 234 CLEAR (SCALE 0-3) 19
DPTR FM NORMAL -4 PTCLDY (SCALE 4-7) 7
TOTAL FM JUL 1 234 CLOUDY (SCALE 8-10) 5
DPTR FM NORMAL -44
[CDD (BASE 65) ]
TOTAL THIS MO. 59
DPTR FM NORMAL 19 [PRESSURE DATA]
TOTAL FM JAN 1 1637 HIGHEST SLP M ON M
DPTR FM NORMAL 100 LOWEST SLP 29.61 ON 11
[REMARKS]
#FINAL-10-23#