000
CXUS56 KMFR 012155
CF6SIY
PRELIMINARY LOCAL CLIMATOLOGICAL DATA (WS FORM: F-6)
STATION: MONTAGUE CA
MONTH: APRIL
YEAR: 2023
LATITUDE: 41 46 N
LONGITUDE: 122 28 W
TEMPERATURE IN F: :PCPN: SNOW: WIND :SUNSHINE: SKY :PK WND
================================================================================
1 2 3 4 5 6A 6B 7 8 9 10 11 12 13 14 15 16 17 18
12Z AVG MX 2MIN
DY MAX MIN AVG DEP HDD CDD WTR SNW DPTH SPD SPD DIR MIN PSBL S-S WX SPD DR
================================================================================
1 52 36 44 -2 21 0 0.04 M M 9.2 18 290 M M 9 25 300
2 49 31 40 -6 25 0 0.01 M M 8.9 30 280 M M 8 37 230
3 47 25 36 -10 29 0 T M M 7.9 25 20 M M 7 8 32 30
4 46 24 35 -11 30 0 0.00 M M 5.1 14 280 M M 8 19 360
5 55 20 38 -8 27 0 0.00 M M 3.9 13 10 M M 5 15 10
6 52 41 47 0 18 0 T M M 15.9 35 180 M M 10 45 170
7 58 40 49 2 16 0 T M M 8.3 23 160 M M 8 30 160
8 61 33 47 0 18 0 0.00 M M 5.0 16 180 M M 3 20 160
9 73 37 55 8 10 0 0.00 M M 6.1 13 10 M M 2 15 300
10 76 37 57 10 8 0 0.03 M M 11.2 31 150 M M 2 39 180
11 58 35 47 -1 18 0 0.00 M M 10.0 25 290 M M 2 32 290
12 48 24 36 -12 29 0 T M M 9.6 32 360 M M 5 40 20
13 58 20 39 -9 26 0 0.00 M M 5.0 16 360 M M 0 20 10
14 65 23 44 -4 21 0 0.00 M M 3.2 12 360 M M 0 22 80
15 70 30 50 2 15 0 0.00 M M 8.2 24 170 M M 0 31 150
16 62 33 48 -1 17 0 0.00 M M 9.3 25 240 M M 2 32 240
17 54 37 46 -3 19 0 T M M 9.0 30 300 M M 6 38 260
18 50 24 37 -12 28 0 0.00 M M 5.6 17 250 M M 7 22 260
19 53 29 41 -9 24 0 T M M 7.6 20 270 M M 6 8 25 280
20 56 23 40 -10 25 0 0.00 M M 2.9 16 300 M M 7 18 22 300
21 66 45 56 6 9 0 T M M 6.9 17 10 M M 7 22 20
22 74 33 54 4 11 0 0.00 M M 4.4 14 10 M M 1 1 18 360
23 72 44 58 7 7 0 0.00 M M 7.9 21 290 M M 3 27 280
24 65 35 50 -1 15 0 0.00 M M 9.9 18 360 M M 0 24 360
25 75 30 53 2 12 0 0.00 M M 2.9 13 10 M M 0 14 360
26 84 34 59 7 6 0 0.00 M M 3.8 14 10 M M 0 17 10
27 85 39 62 10 3 0 0.00 M M 2.3 10 360 M M 0 14 40
28 89 40 65 13 0 0 0.00 M M 5.1 21 160 M M 0 27 150
29 85 46 66 13 0 1 0.00 M M 6.7 22 170 M M 0 34 160
30 75 47 61 8 4 0 0.00 M M 8.5 13 10 M M 0 M M
================================================================================
SM 1913 995 491 1 0.08 M 210.3 M 108
================================================================================
AV 63.8 33.2 7.0 FASTST M M 4 MAX(MPH)
MISC ----> 35 180 45 170
================================================================================
NOTES:
# LAST OF SEVERAL OCCURRENCES
COLUMN 17 PEAK WIND IN M.P.H.
PRELIMINARY LOCAL CLIMATOLOGICAL DATA (WS FORM: F-6) , PAGE 2
STATION: MONTAGUE CA
MONTH: APRIL
YEAR: 2023
LATITUDE: 41 46 N
LONGITUDE: 122 28 W
[TEMPERATURE DATA] [PRECIPITATION DATA] SYMBOLS USED IN COLUMN 16
AVERAGE MONTHLY: 48.5 TOTAL FOR MONTH: 0.08 1 = FOG OR MIST
DPTR FM NORMAL: -0.4 DPTR FM NORMAL: -0.99 2 = FOG REDUCING VISIBILITY
HIGHEST: 89 ON 28 GRTST 24HR 0.04 ON 1- 1 TO 1/4 MILE OR LESS
LOWEST: 20 ON 13, 5 3 = THUNDER
SNOW, ICE PELLETS, HAIL 4 = ICE PELLETS
TOTAL MONTH: M 5 = HAIL
GRTST 24HR M ON M 6 = FREEZING RAIN OR DRIZZLE
GRTST DEPTH: M ON M 7 = DUSTSTORM OR SANDSTORM:
VSBY 1/2 MILE OR LESS
8 = SMOKE OR HAZE
[NO. OF DAYS WITH] [WEATHER - DAYS WITH] 9 = BLOWING SNOW
X = TORNADO
MAX 32 OR BELOW: 0 0.01 INCH OR MORE: 3
MAX 90 OR ABOVE: 0 0.10 INCH OR MORE: 0
MIN 32 OR BELOW: 12 0.50 INCH OR MORE: 0
MIN 0 OR BELOW: 0 1.00 INCH OR MORE: 0
[HDD (BASE 65) ]
TOTAL THIS MO. 491 CLEAR (SCALE 0-3) 17
DPTR FM NORMAL 8 PTCLDY (SCALE 4-7) 8
TOTAL FM JUL 1 4936 CLOUDY (SCALE 8-10) 5
DPTR FM NORMAL 155
[CDD (BASE 65) ]
TOTAL THIS MO. 1
DPTR FM NORMAL 1 [PRESSURE DATA]
TOTAL FM JAN 1 1 HIGHEST SLP M ON M
DPTR FM NORMAL 1 LOWEST SLP 29.78 ON 17
[REMARKS]
#FINAL-04-23#