000
CXUS56 KMFR 011030
CF6SIY
PRELIMINARY LOCAL CLIMATOLOGICAL DATA (WS FORM: F-6)
STATION: MONTAGUE CA
MONTH: DECEMBER
YEAR: 2023
LATITUDE: 41 46 N
LONGITUDE: 122 28 W
TEMPERATURE IN F: :PCPN: SNOW: WIND :SUNSHINE: SKY :PK WND
================================================================================
1 2 3 4 5 6A 6B 7 8 9 10 11 12 13 14 15 16 17 18
12Z AVG MX 2MIN
DY MAX MIN AVG DEP HDD CDD WTR SNW DPTH SPD SPD DIR MIN PSBL S-S WX SPD DR
================================================================================
1 40 33 37 0 28 0 0.12 M M 3.5 10 150 M M 8 1 12 10
2 46 32 39 2 26 0 0.25 M M 2.8 9 110 M M 8 1 11 110
3 57 42 50 13 15 0 T M M 6.4 17 210 M M 10 1 24 230
4 58 40 49 12 16 0 0.00 M M 3.9 8 20 M M 8 10 20
5 59 38 49 12 16 0 0.00 M M 4.3 9 20 M M 4 12 11 30
6 54 38 46 10 19 0 0.18 M M 10.2 29 160 M M 5 1 36 150
7 46 31 39 3 26 0 T M M 5.5 16 280 M M 8 21 280
8 45 25 35 -1 30 0 0.00 M M 2.2 10 20 M M 4 10 30
9 42 22 32 -4 33 0 0.00 M M 0.7 6 40 M M 1 7 280
10 40 22 31 -5 34 0 0.00 M M 0.9 6 200 M M 3 1 8 160
11 50 31 41 5 24 0 0.00 M M 1.5 7 290 M M 6 1 8 230
12 53 25 39 3 26 0 0.00 M M 2.1 8 110 M M 4 12 8 110
13 47 21 34 -2 31 0 0.00 M M 1.9 7 270 M M 3 12 8 260
14 50 25 38 2 27 0 0.00 M M 1.2 7 220 M M 1 8 110
15 49 22 36 1 29 0 0.00 M M 1.1 7 230 M M 2 12 9 220
16 51 23 37 2 28 0 0.00 M M 1.3 7 140 M M 0 1 7 210
17 38 22 30 -5 35 0 T M M 2.6 13 20 M M 3 14 30
18 53 29 41 6 24 0 0.13 M M 7.0 30 170 M M 7 1 39 180
19 55 44 50 15 15 0 0.85 M M 6.6 18 150 M M 8 1 22 150
20 51 34 43 8 22 0 T M M 3.0 14 50 M M 4 12 16 50
21 41 37 39 4 26 0 0.00 M M 2.3 8 150 M M 10 12 11 170
22 45 29 37 2 28 0 T M M 3.9 17 360 M M 6 1 21 360
23 42 21 32 -3 33 0 0.00 M M 1.6 8 50 M M 0 10 40
24 37 25 31 -4 34 0 T M M 2.2 9 180 M M 5 10 180
25 42 33 38 3 27 0 T M M 1.0 9 260 M M 7 10 250
26 55 29 42 7 23 0 0.00 M M 7.4 40 180 M M 2 12 62 180
27 55 35 45 9 20 0 0.03 M M 15.4 40 170 M M 6 61 170
28 55 35 45 9 20 0 0.00 M M 7.8 25 190 M M 5 33 190
29 60 42 51 15 14 0 0.13 M M 18.3 43 170 M M 6 59 170
30 54 39 47 11 18 0 0.07 M M 3.3 10 320 M M 8 1 13 330
31 49 33 41 5 24 0 0.00 M M 2.3 7 260 M M 5 1 8 70
================================================================================
SM 1519 957 771 0 1.76 M 134.2 M 157
================================================================================
AV 49.0 30.9 4.3 FASTST M M 5 MAX(MPH)
MISC ----> 43 170 62 180
================================================================================
NOTES:
# LAST OF SEVERAL OCCURRENCES
COLUMN 17 PEAK WIND IN M.P.H.
PRELIMINARY LOCAL CLIMATOLOGICAL DATA (WS FORM: F-6) , PAGE 2
STATION: MONTAGUE CA
MONTH: DECEMBER
YEAR: 2023
LATITUDE: 41 46 N
LONGITUDE: 122 28 W
[TEMPERATURE DATA] [PRECIPITATION DATA] SYMBOLS USED IN COLUMN 16
AVERAGE MONTHLY: 39.9 TOTAL FOR MONTH: 1.76 1 = FOG OR MIST
DPTR FM NORMAL: 4.1 DPTR FM NORMAL: -0.49 2 = FOG REDUCING VISIBILITY
HIGHEST: 60 ON 29 GRTST 24HR 0.85 ON 19-19 TO 1/4 MILE OR LESS
LOWEST: 21 ON 23,13 3 = THUNDER
SNOW, ICE PELLETS, HAIL 4 = ICE PELLETS
TOTAL MONTH: M 5 = HAIL
GRTST 24HR M ON M 6 = FREEZING RAIN OR DRIZZLE
GRTST DEPTH: M ON M 7 = DUSTSTORM OR SANDSTORM:
VSBY 1/2 MILE OR LESS
8 = SMOKE OR HAZE
[NO. OF DAYS WITH] [WEATHER - DAYS WITH] 9 = BLOWING SNOW
X = TORNADO
MAX 32 OR BELOW: 0 0.01 INCH OR MORE: 8
MAX 90 OR ABOVE: 0 0.10 INCH OR MORE: 6
MIN 32 OR BELOW: 17 0.50 INCH OR MORE: 1
MIN 0 OR BELOW: 0 1.00 INCH OR MORE: 0
[HDD (BASE 65) ]
TOTAL THIS MO. 771 CLEAR (SCALE 0-3) 8
DPTR FM NORMAL -134 PTCLDY (SCALE 4-7) 19
TOTAL FM JUL 1 1857 CLOUDY (SCALE 8-10) 4
DPTR FM NORMAL -222
[CDD (BASE 65) ]
TOTAL THIS MO. 0
DPTR FM NORMAL 0 [PRESSURE DATA]
TOTAL FM JAN 1 921 HIGHEST SLP 30.57 ON 9
DPTR FM NORMAL 218 LOWEST SLP 29.60 ON 19
[REMARKS]
#FINAL-12-23#