000
CXUS56 KMTR 142208
CF6SJC
PRELIMINARY LOCAL CLIMATOLOGICAL DATA (WS FORM: F-6)
STATION: SAN JOSE AIRPORT
MONTH: JULY
YEAR: 2020
LATITUDE: 37 21 N
LONGITUDE: 121 55 W
TEMPERATURE IN F: :PCPN: SNOW: WIND :SUNSHINE: SKY :PK WND
================================================================================
1 2 3 4 5 6A 6B 7 8 9 10 11 12 13 14 15 16 17 18
12Z AVG MX 2MIN
DY MAX MIN AVG DEP HDD CDD WTR SNW DPTH SPD SPD DIR MIN PSBL S-S WX SPD DR
================================================================================
1 83 55 69 0 0 4 0.00 M M 10.2 20 150 M M 1 24 140
2 77 55 66 -3 0 1 0.00 M M 11.9 20 220 M M 2 26 160
3 78 55 67 -3 0 2 0.00 M M 8.5 16 330 M M 0 21 340
4 87 56 72 2 0 7 0.00 M M 6.4 18 330 M M 0 23 10
5 86 59 73 3 0 8 0.00 M M 6.9 18 350 M M 1 24 10
6 79 55 67 -3 0 2 0.00 M M 8.0 18 350 M M 1 25 340
7 82 54 68 -2 0 3 0.00 M M 7.2 18 330 M M 0 24 320
8 84 57 71 1 0 6 0.00 M M 6.8 17 320 M M 0 21 330
9 87 56 72 2 0 7 0.00 M M 7.0 17 320 M M 0 21 310
10 86 59 73 3 0 8 0.00 M M 6.2 15 310 M M 4 19 310
11 91 59 75 5 0 10 0.00 M M 6.1 16 310 M M 1 20 350
12 90 60 75 5 0 10 0.00 M M 6.7 17 310 M M 0 20 360
13 79 58 69 -1 0 4 0.00 M M 8.1 17 150 M M 0 22 330
14 83 57 70 0 0 5 0.00 M M 11.8 21 150 M M 1 25 150
15 81 58 70 0 0 5 0.00 M M 8.9 16 150 M M 5 19 150
16 77 58 68 -2 0 3 0.00 M M 7.8 16 320 M M 3 20 320
17 82 58 70 0 0 5 0.00 M M 7.0 15 340 M M 2 8 19 10
18 81 58 70 0 0 5 0.00 M M 8.1 15 310 M M 3 20 360
19 78 60 69 -1 0 4 0.00 M M 7.0 16 320 M M 6 21 360
20 77 60 69 -1 0 4 0.00 M M 6.9 17 320 M M 7 21 320
21 79 59 69 -1 0 4 0.00 M M 6.9 17 310 M M 7 25 340
22 83 58 71 1 0 6 0.00 M M 9.1 17 320 M M 5 22 350
23 81 59 70 0 0 5 0.00 M M 8.2 18 310 M M 4 21 320
24 78 57 68 -2 0 3 0.00 M M 8.2 17 320 M M 2 24 330
25 83 57 70 0 0 5 0.00 M M 8.2 16 330 M M 2 21 360
26 80 58 69 -1 0 4 0.00 M M 7.7 15 310 M M 1 18 310
27 80 59 70 0 0 5 0.00 M M 6.7 16 300 M M 2 22 340
28 79 60 70 0 0 5 0.00 M M 6.3 16 320 M M 4 18 330
29 78 60 69 -1 0 4 0.00 M M 7.2 15 310 M M 4 19 320
30 78 60 69 -1 0 4 0.00 M M 6.9 15 320 M M 4 19 300
31 78 60 69 -1 0 4 0.00 M M 7.1 17 310 M M 4 20 310
================================================================================
SM 2525 1794 0 152 0.00 M 240.0 M 76
================================================================================
AV 81.5 57.9 7.7 FASTST M M 2 MAX(MPH)
MISC ----> 21 150 26 160
================================================================================
NOTES:
# LAST OF SEVERAL OCCURRENCES
COLUMN 17 PEAK WIND IN M.P.H.
PRELIMINARY LOCAL CLIMATOLOGICAL DATA (WS FORM: F-6) , PAGE 2
STATION: SAN JOSE AIRPORT
MONTH: JULY
YEAR: 2020
LATITUDE: 37 21 N
LONGITUDE: 121 55 W
[TEMPERATURE DATA] [PRECIPITATION DATA] SYMBOLS USED IN COLUMN 16
AVERAGE MONTHLY: 69.7 TOTAL FOR MONTH: 0.00 1 = FOG OR MIST
DPTR FM NORMAL: -0.3 DPTR FM NORMAL: 0.00 2 = FOG REDUCING VISIBILITY
HIGHEST: 91 ON 11 GRTST 24HR 0.03 ON 22-22 TO 1/4 MILE OR LESS
LOWEST: 54 ON 7 3 = THUNDER
SNOW, ICE PELLETS, HAIL 4 = ICE PELLETS
TOTAL MONTH: M 5 = HAIL
GRTST 24HR M ON M 6 = FREEZING RAIN OR DRIZZLE
GRTST DEPTH: M ON M 7 = DUSTSTORM OR SANDSTORM:
VSBY 1/2 MILE OR LESS
8 = SMOKE OR HAZE
[NO. OF DAYS WITH] [WEATHER - DAYS WITH] 9 = BLOWING SNOW
X = TORNADO
MAX 32 OR BELOW: 0 0.01 INCH OR MORE: 0
MAX 90 OR ABOVE: 2 0.10 INCH OR MORE: 0
MIN 32 OR BELOW: 0 0.50 INCH OR MORE: 0
MIN 0 OR BELOW: 0 1.00 INCH OR MORE: 0
[HDD (BASE 65) ]
TOTAL THIS MO. 0 CLEAR (SCALE 0-3) 19
DPTR FM NORMAL -4 PTCLDY (SCALE 4-7) 12
TOTAL FM JUL 1 0 CLOUDY (SCALE 8-10) 0
DPTR FM NORMAL 0
[CDD (BASE 65) ]
TOTAL THIS MO. 152
DPTR FM NORMAL -7 [PRESSURE DATA]
TOTAL FM JAN 1 415 HIGHEST SLP 30.06 ON 31
DPTR FM NORMAL 92 LOWEST SLP 29.78 ON 1
[REMARKS]
#FINAL-07-20#