000
CXUS56 KFGZ 010910
CF6SJN
PRELIMINARY LOCAL CLIMATOLOGICAL DATA (WS FORM: F-6)
STATION: SAINT JOHNS AZ AIRPORT
MONTH: OCTOBER
YEAR: 2021
LATITUDE: 34 31 N
LONGITUDE: 109 23 W
TEMPERATURE IN F: :PCPN: SNOW: WIND :SUNSHINE: SKY :PK WND
================================================================================
1 2 3 4 5 6A 6B 7 8 9 10 11 12 13 14 15 16 17 18
12Z AVG MX 2MIN
DY MAX MIN AVG DEP HDD CDD WTR SNW DPTH SPD SPD DIR MIN PSBL S-S WX SPD DR
================================================================================
1 65 39 52 -9 13 0 0.00 M M 5.0 15 330 M M 2 20 340
2 72 39 56 -4 9 0 0.00 M M 3.0 12 40 M M 1 15 40
3 76 43 60 0 5 0 0.00 M M 2.5 12 320 M M 1 15 310
4 80 43 62 3 3 0 0.00 M M 2.9 14 250 M M 2 19 100
5 66 51 59 0 6 0 0.53 M M 5.5 29 300 M M 8 13 35 300
6 73 46 60 2 5 0 0.01 M M 4.0 17 240 M M 2 3 27 230
7 78 45 62 4 3 0 0.00 M M 3.8 17 250 M M 0 21 250
8 80 44 62 4 3 0 0.00 M M 5.2 24 240 M M 0 32 240
9 72 48 60 3 5 0 0.00 M M 10.5 24 270 M M 1 33 280
10 63 43 53 -4 12 0 0.01 M M 10.2 24 330 M M 1 30 330
11 71 32 52 -4 13 0 0.00 M M 9.5 26 250 M M 0 36 240
12 57 33 45 -11 20 0 0.03 M M 15.7 38 210 M M 4 1 50 230
13 58 29 44 -12 21 0 0.00 M M 4.6 14 330 M M 0 8 17 320
14 61 29 45 -10 20 0 0.00 M M 6.3 20 290 M M 0 24 290
15 62 26 44 -11 21 0 0.00 M M 3.5 12 10 M M 0 16 50
16 69 25 47 -7 18 0 0.00 M M 3.1 10 280 M M 0 13 260
17 77 32 55 1 10 0 0.00 M M 4.5 18 250 M M 0 24 250
18 72 37 55 1 10 0 0.00 M M 9.3 25 220 M M 0 34 220
19 66 42 54 1 11 0 0.00 M M 9.2 22 280 M M 1 27 290
20 71 31 51 -2 14 0 0.00 M M 3.7 12 350 M M 0 16 350
21 75 29 52 0 13 0 0.00 M M 3.6 13 310 M M 0 16 310
22 77 32 55 3 10 0 0.00 M M 4.7 18 260 M M 0 24 250
23 71 36 54 2 11 0 0.00 M M 8.0 25 250 M M 0 34 260
24 72 37 55 4 10 0 0.00 M M 7.5 24 270 M M 0 32 290
25 82 33 58 7 7 0 0.00 M M 5.5 23 240 M M 0 8 29 240
26 58 37 48 -2 17 0 0.01 M M 18.1 32 260 M M 1 8 42 260
27 58 30 44 -6 21 0 0.00 M M 6.9 16 320 M M 0 23 310
28 63 28 46 -4 19 0 0.00 M M 4.8 12 300 M M 0 15 300
29 72 28 50 1 15 0 0.00 M M 3.8 10 190 M M 0 12 190
30 75 30 53 4 12 0 0.00 M M 4.6 15 320 M M 0 19 340
31 72 34 53 4 12 0 0.00 M M 6.0 23 240 M M 0 8 28 250
================================================================================
SM 2164 1111 369 0 0.59 M 195.5 M 24
================================================================================
AV 69.8 35.8 6.3 FASTST M M 1 MAX(MPH)
MISC ----> 38 210 50 230
================================================================================
NOTES:
# LAST OF SEVERAL OCCURRENCES
COLUMN 17 PEAK WIND IN M.P.H.
PRELIMINARY LOCAL CLIMATOLOGICAL DATA (WS FORM: F-6) , PAGE 2
STATION: SAINT JOHNS AZ AIRPORT
MONTH: OCTOBER
YEAR: 2021
LATITUDE: 34 31 N
LONGITUDE: 109 23 W
[TEMPERATURE DATA] [PRECIPITATION DATA] SYMBOLS USED IN COLUMN 16
AVERAGE MONTHLY: 52.8 TOTAL FOR MONTH: 0.59 1 = FOG OR MIST
DPTR FM NORMAL: -1.6 DPTR FM NORMAL: -0.10 2 = FOG REDUCING VISIBILITY
HIGHEST: 82 ON 25 GRTST 24HR 0.54 ON 5- 6 TO 1/4 MILE OR LESS
LOWEST: 25 ON 16 3 = THUNDER
SNOW, ICE PELLETS, HAIL 4 = ICE PELLETS
TOTAL MONTH: M 5 = HAIL
GRTST 24HR M ON M 6 = FREEZING RAIN OR DRIZZLE
GRTST DEPTH: M ON M 7 = DUSTSTORM OR SANDSTORM:
VSBY 1/2 MILE OR LESS
8 = SMOKE OR HAZE
[NO. OF DAYS WITH] [WEATHER - DAYS WITH] 9 = BLOWING SNOW
X = TORNADO
MAX 32 OR BELOW: 0 0.01 INCH OR MORE: 5
MAX 90 OR ABOVE: 0 0.10 INCH OR MORE: 1
MIN 32 OR BELOW: 13 0.50 INCH OR MORE: 1
MIN 0 OR BELOW: 0 1.00 INCH OR MORE: 0
[HDD (BASE 65) ]
TOTAL THIS MO. 369 CLEAR (SCALE 0-3) 29
DPTR FM NORMAL 37 PTCLDY (SCALE 4-7) 2
TOTAL FM JUL 1 411 CLOUDY (SCALE 8-10) 0
DPTR FM NORMAL 37
[CDD (BASE 65) ]
TOTAL THIS MO. 0
DPTR FM NORMAL -4 [PRESSURE DATA]
TOTAL FM JAN 1 1151 HIGHEST SLP M ON M
DPTR FM NORMAL 219 LOWEST SLP 29.34 ON 12
[REMARKS]
#FINAL-10-21#