000
CXUS54 KSJT 011000
CF6SJT
PRELIMINARY LOCAL CLIMATOLOGICAL DATA (WS FORM: F-6)
STATION: SAN ANGELO
MONTH: APRIL
YEAR: 2023
LATITUDE: 31 21 N
LONGITUDE: 100 30 W
TEMPERATURE IN F: :PCPN: SNOW: WIND :SUNSHINE: SKY :PK WND
================================================================================
1 2 3 4 5 6A 6B 7 8 9 10 11 12 13 14 15 16 17 18
12Z AVG MX 2MIN
DY MAX MIN AVG DEP HDD CDD WTR SNW DPTH SPD SPD DIR MIN PSBL S-S WX SPD DR
================================================================================
1 79 40 60 -4 5 0 0.00 0.0 0 8.1 16 70 M M 0 23 70
2 91 54 73 9 0 8 0.00 0.0 0 12.3 28 280 M M 2 39 210
3 96 45 71 7 0 6 0.00 0.0 0 8.7 21 220 M M 0 29 210
4 92 65 79 15 0 14 0.00 0.0 0 14.9 29 240 M M 0 39 240
5 73 50 62 -3 3 0 0.00 0.0 0 13.1 25 360 M M 0 33 360
6 68 41 55 -10 10 0 0.00 0.0 0 12.1 23 50 M M 4 8 30 60
7 67 51 59 -6 6 0 0.00 0.0 M 9.5 16 20 M M 9 25 40
8 76 48 62 -3 3 0 0.00 0.0 0 5.3 13 50 M M 6 19 50
9 79 48 64 -2 1 0 0.00 0.0 0 7.4 15 90 M M 4 1 22 60
10 82 55 69 3 0 4 0.18 0.0 0 7.4 22 340 M M 2 13 31 330
11 81 57 69 3 0 4 0.00 0.0 0 6.5 17 60 M M 4 22 80
12 84 51 68 2 0 3 0.00 0.0 0 7.4 16 130 M M 0 23 140
13 85 54 70 4 0 5 0.00 0.0 0 12.0 24 180 M M 0 33 180
14 92 63 78 11 0 13 0.00 0.0 0 12.3 24 270 M M 0 33 270
15 85 54 70 3 0 5 0.00 0.0 0 11.1 23 40 M M 0 32 40
16 75 40 58 -9 7 0 0.00 0.0 M 7.6 21 40 M M 0 30 40
17 83 48 66 -1 0 1 0.00 0.0 0 11.4 24 160 M M 1 37 170
18 93 63 78 10 0 13 T 0.0 0 16.0 26 200 M M 2 37 170
19 92 65 79 11 0 14 0.00 0.0 0 16.4 25 180 M M 1 37 160
20 87 59 73 5 0 8 0.00 0.0 0 10.0 22 360 M M 2 8 32 190
21 81 54 68 0 0 3 0.00 0.0 M 7.6 18 10 M M 0 23 350
22 89 50 70 2 0 5 0.02 M M 14.1 31 30 M M 4 3 42 50
23 52 44 48 -21 17 0 0.00 0.0 M 13.2 24 50 M M 10 1 32 40
24 73 48 61 -8 4 0 0.00 0.0 0 9.5 17 150 M M 10 1 27 120
25 84 61 73 4 0 8 0.00 0.0 M 10.8 23 170 M M 7 32 180
26 90 60 75 5 0 10 0.00 0.0 0 13.4 26 20 M M 5 33 30
27 83 50 67 -3 0 2 0.00 0.0 0 8.7 18 330 M M 0 27 250
28 85 51 68 -2 0 3 0.00 0.0 0 18.7 33 330 M M 1 45 340
29 81 47 64 -6 1 0 0.00 0.0 0 12.6 29 330 M M 0 39 320
30 96 47 72 1 0 7 0.00 0.0 0 10.6 23 230 M M 0 33 190
================================================================================
SM 2474 1563 57 136 0.20 0.0 328.7 M 74
================================================================================
AV 82.5 52.1 11.0 FASTST M M 2 MAX(MPH)
MISC ----> 33 330 45 340
================================================================================
NOTES:
# LAST OF SEVERAL OCCURRENCES
COLUMN 17 PEAK WIND IN M.P.H.
PRELIMINARY LOCAL CLIMATOLOGICAL DATA (WS FORM: F-6) , PAGE 2
STATION: SAN ANGELO
MONTH: APRIL
YEAR: 2023
LATITUDE: 31 21 N
LONGITUDE: 100 30 W
[TEMPERATURE DATA] [PRECIPITATION DATA] SYMBOLS USED IN COLUMN 16
AVERAGE MONTHLY: 67.3 TOTAL FOR MONTH: 0.20 1 = FOG OR MIST
DPTR FM NORMAL: 0.2 DPTR FM NORMAL: -1.27 2 = FOG REDUCING VISIBILITY
HIGHEST: 96 ON 30, 3 GRTST 24HR 0.18 ON 10-10 TO 1/4 MILE OR LESS
LOWEST: 40 ON 16, 1 3 = THUNDER
SNOW, ICE PELLETS, HAIL 4 = ICE PELLETS
TOTAL MONTH: 0.0 INCH 5 = HAIL
GRTST 24HR 0.0 6 = FREEZING RAIN OR DRIZZLE
GRTST DEPTH: 0 7 = DUSTSTORM OR SANDSTORM:
VSBY 1/2 MILE OR LESS
8 = SMOKE OR HAZE
[NO. OF DAYS WITH] [WEATHER - DAYS WITH] 9 = BLOWING SNOW
X = TORNADO
MAX 32 OR BELOW: 0 0.01 INCH OR MORE: 2
MAX 90 OR ABOVE: 8 0.10 INCH OR MORE: 1
MIN 32 OR BELOW: 0 0.50 INCH OR MORE: 0
MIN 0 OR BELOW: 0 1.00 INCH OR MORE: 0
[HDD (BASE 65) ]
TOTAL THIS MO. 57 CLEAR (SCALE 0-3) 20
DPTR FM NORMAL -18 PTCLDY (SCALE 4-7) 7
TOTAL FM JUL 1 1980 CLOUDY (SCALE 8-10) 3
DPTR FM NORMAL -140
[CDD (BASE 65) ]
TOTAL THIS MO. 136
DPTR FM NORMAL -2 [PRESSURE DATA]
TOTAL FM JAN 1 190 HIGHEST SLP 30.35 ON 16
DPTR FM NORMAL -4 LOWEST SLP 29.44 ON 4
[REMARKS]
#FINAL-04-23#