000
CXUS56 KSLC 030852
CF6SLC
PRELIMINARY LOCAL CLIMATOLOGICAL DATA (WS FORM: F-6)
STATION: SALT LAKE CITY UT
MONTH: JULY
YEAR: 2021
LATITUDE: 40 46 N
LONGITUDE: 111 58 W
TEMPERATURE IN F: :PCPN: SNOW: WIND :SUNSHINE: SKY :PK WND
================================================================================
1 2 3 4 5 6A 6B 7 8 9 10 11 12 13 14 15 16 17 18
12Z AVG MX 2MIN
DY MAX MIN AVG DEP HDD CDD WTR SNW DPTH SPD SPD DIR MIN PSBL S-S WX SPD DR
================================================================================
1 94 69 82 5 0 17 0.00 0.0 0 8.9 15 350 M M 1 20 180
2 96 75 86 8 0 21 0.00 0.0 0 6.3 22 170 M M 1 26 180
3 100 73 87 9 0 22 0.00 0.0 0 7.6 15 20 M M 0 21 330
4 100 72 86 8 0 21 0.01 0.0 0 8.1 31 280 M M 2 3 42 280
5 97 73 85 6 0 20 T 0.0 0 7.5 24 330 M M 1 27 330
6 99 69 84 5 0 19 0.00 0.0 0 4.8 18 320 M M 0 24 290
7 104 76 90 10 0 25 0.00 0.0 0 7.8 17 170 M M 0 22 180
8 103 75 89 9 0 24 0.00 0.0 0 6.8 15 30 M M 1 8 21 20
9 101 74 88 8 0 23 0.00 0.0 0 6.3 17 340 M M 1 8 23 310
10 97 67 82 2 0 17 0.00 0.0 0 5.2 13 310 M M 0 19 320
11 104 72 88 7 0 23 0.00 0.0 0 6.4 12 340 M M 1 8 17 350
12 103 73 88 7 0 23 0.00 0.0 0 5.8 15 320 M M 1 8 19 320
13 104 82 93 12 0 28 T 0.0 0 13.9 31 180 M M 2 8 39 180
14 96 78 87 6 0 22 0.00 0.0 0 10.5 26 170 M M 1 8 34 170
15 98 75 87 5 0 22 T 0.0 0 10.4 29 250 M M 2 38 38 260
16 99 74 87 5 0 22 T 0.0 0 10.2 39 290 M M 0 8 47 290
17 100 73 87 5 0 22 0.00 0.0 0 6.6 15 360 M M 0 18 310
18 104 75 90 8 0 25 T 0.0 0 8.1 15 340 M M 2 20 330
19 97 78 88 6 0 23 T 0.0 0 8.4 23 330 M M 4 30 310
20 96 76 86 4 0 21 0.00 0.0 0 6.8 21 130 M M 2 8 26 140
21 99 74 87 5 0 22 0.06 0.0 M 9.2 26 180 M M 3 32 60
22 99 71 85 2 0 20 0.33 0.0 M 9.9 39 250 M M 5 38 56 250
23 95 72 84 1 0 19 0.00 0.0 0 6.7 15 330 M M 1 20 360
24 98 67 83 0 0 18 0.00 0.0 0 5.5 18 330 M M 0 8 23 320
25 97 71 84 1 0 19 0.00 0.0 0 5.7 15 300 M M 0 8 20 280
26 101 71 86 3 0 21 0.00 0.0 0 9.6 25 160 M M 1 8 33 160
27 94 77 86 3 0 21 0.00 0.0 0 11.6 22 180 M M 1 28 180
28 96 74 85 2 0 20 T 0.0 0 11.1 25 120 M M 3 3 32 360
29 93 70 82 -1 0 17 0.01 0.0 0 4.9 16 340 M M 1 20 340
30 89 67 78 -5 0 13 0.11 0.0 0 7.2 35 180 M M 3 3 44 180
31 96 72 84 2 0 19 T 0.0 0 8.1 21 20 M M 2 3 30 120
================================================================================
SM 3049 2265 0 649 0.52 0.0 245.9 M 42
================================================================================
AV 98.4 73.1 7.9 FASTST M M 1 MAX(MPH)
MISC ----> # 39 290 56 250
================================================================================
NOTES:
# LAST OF SEVERAL OCCURRENCES
COLUMN 17 PEAK WIND IN M.P.H.
PRELIMINARY LOCAL CLIMATOLOGICAL DATA (WS FORM: F-6) , PAGE 2
STATION: SALT LAKE CITY UT
MONTH: JULY
YEAR: 2021
LATITUDE: 40 46 N
LONGITUDE: 111 58 W
[TEMPERATURE DATA] [PRECIPITATION DATA] SYMBOLS USED IN COLUMN 16
AVERAGE MONTHLY: 85.7 TOTAL FOR MONTH: 0.52 1 = FOG OR MIST
DPTR FM NORMAL: 4.6 DPTR FM NORMAL: 0.03 2 = FOG REDUCING VISIBILITY
HIGHEST: 104 ON 18,13 GRTST 24HR 0.33 ON 22-22 TO 1/4 MILE OR LESS
LOWEST: 67 ON 30,24 3 = THUNDER
SNOW, ICE PELLETS, HAIL 4 = ICE PELLETS
TOTAL MONTH: 0.0 INCH 5 = HAIL
GRTST 24HR 0.0 6 = FREEZING RAIN OR DRIZZLE
GRTST DEPTH: 0 7 = DUSTSTORM OR SANDSTORM:
VSBY 1/2 MILE OR LESS
8 = SMOKE OR HAZE
[NO. OF DAYS WITH] [WEATHER - DAYS WITH] 9 = BLOWING SNOW
X = TORNADO
MAX 32 OR BELOW: 0 0.01 INCH OR MORE: 5
MAX 90 OR ABOVE: 30 0.10 INCH OR MORE: 2
MIN 32 OR BELOW: 0 0.50 INCH OR MORE: 0
MIN 0 OR BELOW: 0 1.00 INCH OR MORE: 0
[HDD (BASE 65) ]
TOTAL THIS MO. 0 CLEAR (SCALE 0-3) 29
DPTR FM NORMAL -1 PTCLDY (SCALE 4-7) 2
TOTAL FM JUL 1 0 CLOUDY (SCALE 8-10) 0
DPTR FM NORMAL 0
[CDD (BASE 65) ]
TOTAL THIS MO. 649
DPTR FM NORMAL 149 [PRESSURE DATA]
TOTAL FM JAN 1 1177 HIGHEST SLP 30.09 ON 31
DPTR FM NORMAL 375 LOWEST SLP 29.61 ON 8
[REMARKS]
#FINAL-07-21#