000
CXUS56 KPQR 011210
CF6SLE
PRELIMINARY LOCAL CLIMATOLOGICAL DATA (WS FORM: F-6)
STATION: SALEM OR
MONTH: FEBRUARY
YEAR: 2021
LATITUDE: 44 55 N
LONGITUDE: 123 0 W
TEMPERATURE IN F: :PCPN: SNOW: WIND :SUNSHINE: SKY :PK WND
================================================================================
1 2 3 4 5 6A 6B 7 8 9 10 11 12 13 14 15 16 17 18
12Z AVG MX 2MIN
DY MAX MIN AVG DEP HDD CDD WTR SNW DPTH SPD SPD DIR MIN PSBL S-S WX SPD DR
================================================================================
1 50 46 48 6 17 0 0.72 M M 6.1 21 190 M M 9 1 30 180
2 50 40 45 3 20 0 0.45 M M 15.0 31 170 M M 8 1 41 180
3 49 36 43 1 22 0 0.35 M M 7.3 29 190 M M 7 1 37 190
4 47 36 42 0 23 0 0.00 M M 7.2 13 180 M M 10 1 16 210
5 52 37 45 3 20 0 0.02 M M 9.6 23 190 M M 9 1 27 180
6 48 37 43 1 22 0 0.02 M M 8.8 20 190 M M 9 18 28 190
7 48 34 41 -1 24 0 0.02 M M 5.4 13 280 M M 7 18 290
8 46 36 41 -1 24 0 0.00 M M 2.7 7 330 M M 8 8 340
9 48 29 39 -4 26 0 0.00 M M 2.6 9 30 M M 1 12 360
10 47 26 37 -6 28 0 T M M 1.4 6 290 M M 7 7 200
11 40 30 35 -8 30 0 0.29 M M 9.6 17 360 M M 10 16 22 360
12 30 29 30 -13 35 0 0.66 M M 7.2 13 350 M M 10 16 15 350
13 36 30 33 -10 32 0 0.60 M M M M M M M M 6 M M
14 48 31 40 -3 25 0 0.50 M M 5.0 20 180 M M 10 16 24 180
15 53 44 49 6 16 0 0.12 M M 11.7 25 220 M M 8 1 33 240
16 52 39 46 3 19 0 0.02 M M 7.1 18 280 M M 8 24 290
17 50 33 42 -1 23 0 T M M 3.9 12 180 M M 4 15 170
18 47 37 42 -1 23 0 0.37 M M 5.1 14 180 M M 8 1 18 180
19 49 41 45 2 20 0 0.10 M M 7.0 15 220 M M 9 1 20 200
20 50 36 43 -1 22 0 0.08 M M 5.8 17 270 M M 8 1 20 270
21 49 42 46 2 19 0 0.02 M M 14.9 23 190 M M 10 18 28 170
22 53 44 49 5 16 0 0.23 M M 14.1 26 180 M M 9 18 34 180
23 50 34 42 -2 23 0 0.07 M M 7.2 20 280 M M 6 26 280
24 49 31 40 -4 25 0 T M M 4.1 10 350 M M 4 1 16 360
25 49 37 43 -1 22 0 0.17 M M 11.0 21 190 M M 10 1 25 190
26 50 39 45 1 20 0 0.20 M M 11.3 23 280 M M 8 1 32 270
27 50 39 45 1 20 0 0.01 M M 6.6 15 280 M M 8 1 20 240
28 57 40 49 5 16 0 0.00 M M 5.9 13 200 M M 3 17 180
================================================================================
SM 1347 1013 632 0 5.02 M 203.6 M 208
================================================================================
AV 48.1 36.2 7.5 FASTST M M 8 MAX(MPH)
MISC ----> 31 170 41 180
================================================================================
NOTES:
# LAST OF SEVERAL OCCURRENCES
COLUMN 17 PEAK WIND IN M.P.H.
PRELIMINARY LOCAL CLIMATOLOGICAL DATA (WS FORM: F-6) , PAGE 2
STATION: SALEM OR
MONTH: FEBRUARY
YEAR: 2021
LATITUDE: 44 55 N
LONGITUDE: 123 0 W
[TEMPERATURE DATA] [PRECIPITATION DATA] SYMBOLS USED IN COLUMN 16
AVERAGE MONTHLY: 42.1 TOTAL FOR MONTH: 5.02 1 = FOG OR MIST
DPTR FM NORMAL: -1.0 DPTR FM NORMAL: 0.46 2 = FOG REDUCING VISIBILITY
HIGHEST: 57 ON 28 GRTST 24HR 0.78 ON 31- 1 TO 1/4 MILE OR LESS
LOWEST: 26 ON 10 3 = THUNDER
SNOW, ICE PELLETS, HAIL 4 = ICE PELLETS
TOTAL MONTH: M 5 = HAIL
GRTST 24HR M ON M 6 = FREEZING RAIN OR DRIZZLE
GRTST DEPTH: M ON M 7 = DUSTSTORM OR SANDSTORM:
VSBY 1/2 MILE OR LESS
8 = SMOKE OR HAZE
[NO. OF DAYS WITH] [WEATHER - DAYS WITH] 9 = BLOWING SNOW
X = TORNADO
MAX 32 OR BELOW: 1 0.01 INCH OR MORE: 21
MAX 90 OR ABOVE: 0 0.10 INCH OR MORE: 13
MIN 32 OR BELOW: 7 0.50 INCH OR MORE: 4
MIN 0 OR BELOW: 0 1.00 INCH OR MORE: 0
[HDD (BASE 65) ]
TOTAL THIS MO. 632 CLEAR (SCALE 0-3) 2
DPTR FM NORMAL 19 PTCLDY (SCALE 4-7) 12
TOTAL FM JUL 1 3025 CLOUDY (SCALE 8-10) 14
DPTR FM NORMAL -216
[CDD (BASE 65) ]
TOTAL THIS MO. 0
DPTR FM NORMAL 0 [PRESSURE DATA]
TOTAL FM JAN 1 0 HIGHEST SLP 30.60 ON 24
DPTR FM NORMAL 0 LOWEST SLP 29.62 ON 15
[REMARKS]
#FINAL-02-21#