000
CXUS51 KBTV 010700
CF6SLK
PRELIMINARY LOCAL CLIMATOLOGICAL DATA (WS FORM: F-6)
STATION: SARANAC LAKE NY
MONTH: APRIL
YEAR: 2023
LATITUDE: 44 23 N
LONGITUDE: 74 12 W
TEMPERATURE IN F: :PCPN: SNOW: WIND :SUNSHINE: SKY :PK WND
================================================================================
1 2 3 4 5 6A 6B 7 8 9 10 11 12 13 14 15 16 17 18
12Z AVG MX 2MIN
DY MAX MIN AVG DEP HDD CDD WTR SNW DPTH SPD SPD DIR MIN PSBL S-S WX SPD DR
================================================================================
1 58 30 44 13 21 0 0.30 M M 9.3 23 230 M M 7 1 36 240
2 31 15 23 -8 42 0 T M M 5.9 14 330 M M 3 8 23 280
3 49 13 31 -1 34 0 0.01 M M 8.8 32 210 M M 6 43 210
4 48 29 39 7 26 0 0.00 M M 4.7 18 70 M M 8 24 70
5 50 28 39 6 26 0 0.72 M M 9.2 18 230 M M 8 13 27 220
6 57 36 47 14 18 0 0.00 M M 10.5 21 230 M M 6 1 30 230
7 36 20 28 -6 37 0 0.00 M M 7.8 22 260 M M 3 32 260
8 41 10 26 -8 39 0 0.00 M M 2.6 10 360 M M 1 18 290
9 49 12 31 -4 34 0 0.00 M M 2.6 15 270 M M 0 22 210
10 62 18 40 4 25 0 0.00 M M 5.7 15 240 M M 0 21 250
11 64 33 49 13 16 0 0.00 M M 10.7 23 230 M M 4 33 260
12 65 37 51 15 14 0 T M M 4.4 15 270 M M 5 23 270
13 82 38 60 23 5 0 0.00 M M 8.3 20 230 M M 1 27 230
14 81 36 59 21 6 0 0.00 M M 4.0 16 60 M M 0 20 60
15 83 34 59 21 6 0 0.00 M M 2.7 13 240 M M 0 17 230
16 79 38 59 21 6 0 T M M 4.8 16 190 M M 2 12 20 190
17 61 35 48 9 17 0 0.38 M M 5.4 14 250 M M 8 1 25 250
18 42 31 37 -3 28 0 0.01 M M 10.7 20 220 M M 10 27 250
19 36 30 33 -7 32 0 0.03 M M 7.6 15 250 M M 10 1 22 260
20 53 30 42 2 23 0 0.00 M M 5.6 12 310 M M 6 18 350
21 79 36 58 17 7 0 0.03 M M 6.7 15 60 M M 5 20 200
22 69 45 57 16 8 0 0.20 M M 11.5 29 170 M M 4 1 39 170
23 52 36 44 2 21 0 0.91 M M 2.7 12 230 M M 10 1 16 150
24 42 30 36 -6 29 0 0.12 M M 3.7 10 230 M M 10 12 13 260
25 47 26 37 -6 28 0 0.00 M M 4.3 18 240 M M 8 12 23 230
26 50 21 36 -7 29 0 0.05 M M 4.4 18 210 M M 6 1 27 200
27 54 29 42 -2 23 0 0.00 M M 3.0 13 60 M M 6 12 17 150
28 64 24 44 0 21 0 0.00 M M 4.3 15 200 M M 0 21 120
29 51 42 47 3 18 0 0.23 M M 5.2 16 180 M M 9 1 20 170
30 56 45 51 6 14 0 0.20 M M 10.0 23 70 M M 8 1 31 70
================================================================================
SM 1691 887 653 0 3.19 M 187.1 M 154
================================================================================
AV 56.4 29.6 6.2 FASTST M M 5 MAX(MPH)
MISC ----> 32 210 43 210
================================================================================
NOTES:
# LAST OF SEVERAL OCCURRENCES
COLUMN 17 PEAK WIND IN M.P.H.
PRELIMINARY LOCAL CLIMATOLOGICAL DATA (WS FORM: F-6) , PAGE 2
STATION: SARANAC LAKE NY
MONTH: APRIL
YEAR: 2023
LATITUDE: 44 23 N
LONGITUDE: 74 12 W
[TEMPERATURE DATA] [PRECIPITATION DATA] SYMBOLS USED IN COLUMN 16
AVERAGE MONTHLY: 43.0 TOTAL FOR MONTH: 3.19 1 = FOG OR MIST
DPTR FM NORMAL: 4.8 DPTR FM NORMAL: 0.10 2 = FOG REDUCING VISIBILITY
HIGHEST: 83 ON 15 GRTST 24HR 1.10 ON 22-23 TO 1/4 MILE OR LESS
LOWEST: 10 ON 8 3 = THUNDER
SNOW, ICE PELLETS, HAIL 4 = ICE PELLETS
TOTAL MONTH: M 5 = HAIL
GRTST 24HR M ON M 6 = FREEZING RAIN OR DRIZZLE
GRTST DEPTH: M ON M 7 = DUSTSTORM OR SANDSTORM:
VSBY 1/2 MILE OR LESS
8 = SMOKE OR HAZE
[NO. OF DAYS WITH] [WEATHER - DAYS WITH] 9 = BLOWING SNOW
X = TORNADO
MAX 32 OR BELOW: 1 0.01 INCH OR MORE: 13
MAX 90 OR ABOVE: 0 0.10 INCH OR MORE: 8
MIN 32 OR BELOW: 17 0.50 INCH OR MORE: 2
MIN 0 OR BELOW: 0 1.00 INCH OR MORE: 0
[HDD (BASE 65) ]
TOTAL THIS MO. 653 CLEAR (SCALE 0-3) 10
DPTR FM NORMAL -153 PTCLDY (SCALE 4-7) 14
TOTAL FM JUL 1 7638 CLOUDY (SCALE 8-10) 6
DPTR FM NORMAL -1014
[CDD (BASE 65) ]
TOTAL THIS MO. 0
DPTR FM NORMAL 0 [PRESSURE DATA]
TOTAL FM JAN 1 0 HIGHEST SLP M ON M
DPTR FM NORMAL 0 LOWEST SLP 29.14 ON 30
[REMARKS]
#FINAL-04-23#