000
CXUS53 KICT 032232
CF6SLN
PRELIMINARY LOCAL CLIMATOLOGICAL DATA (WS FORM: F-6)
STATION: SALINA KS
MONTH: MAY
YEAR: 2021
LATITUDE: 38 47 N
LONGITUDE: 97 39 W
TEMPERATURE IN F: :PCPN: SNOW: WIND :SUNSHINE: SKY :PK WND
================================================================================
1 2 3 4 5 6A 6B 7 8 9 10 11 12 13 14 15 16 17 18
12Z AVG MX 2MIN
DY MAX MIN AVG DEP HDD CDD WTR SNW DPTH SPD SPD DIR MIN PSBL S-S WX SPD DR
================================================================================
1 83 48 66 7 0 1 T M M 16.0 31 210 M M 0 41 210
2 78 62 70 10 0 5 0.00 M M 15.2 24 240 M M 3 34 240
3 70 56 63 3 2 0 0.11 M M 19.4 36 270 M M 4 18 48 260
4 67 44 56 -4 9 0 0.05 M M 12.5 25 10 M M 2 36 360
5 72 36 54 -7 11 0 0.08 M M 6.9 20 220 M M 3 38 25 160
6 69 43 56 -5 9 0 0.00 M M 8.0 20 360 M M 0 24 350
7 80 40 60 -1 5 0 T M M 12.5 23 130 M M 3 32 150
8 87 53 70 8 0 5 1.78 M M 15.9 36 300 M M 2 13 45 300
9 52 45 49 -13 16 0 0.17 M M 15.2 48 360 M M 10 13 60 360
10 61 43 52 -11 13 0 0.00 M M 4.5 13 80 M M 4 1 20 70
11 59 49 54 -9 11 0 0.21 M M 5.5 15 110 M M 9 1 24 130
12 64 44 54 -9 11 0 T M M 6.1 13 120 M M 6 20 100
13 71 41 56 -8 9 0 0.00 M M 6.8 15 160 M M 1 22 170
14 73 52 63 -1 2 0 0.47 M M 13.9 24 170 M M 5 13 33 190
15 76 58 67 2 0 2 0.60 M M 9.5 38 200 M M 6 13 49 200
16 71 61 66 1 0 1 0.78 M M 8.1 17 70 M M 7 13 23 70
17 73 59 66 0 0 1 0.00 M M 5.3 12 60 M M 7 1 16 60
18 76 60 68 2 0 3 0.03 M M 5.4 16 40 M M 7 13 20 170
19 71 61 66 0 0 1 0.01 M M 6.3 13 130 M M 8 1 17 170
20 75 61 68 1 0 3 T M M 11.4 25 150 M M 6 34 150
21 82 62 72 5 0 7 0.00 M M 14.8 18 150 M M 6 31 160
22 80 67 74 6 0 9 0.04 M M 12.1 22 160 M M 7 1 30 170
23 79 67 73 5 0 8 0.00 M M 13.0 24 160 M M 7 30 160
24 78 63 71 3 0 6 0.06 M M 14.2 24 170 M M 8 3 32 170
25 83 66 75 6 0 10 0.16 M M 9.4 30 190 M M 4 13 41 200
26 85 59 72 3 0 7 1.17 M M 13.1 44 300 M M 2 13 59 290
27 79 54 67 -3 0 2 0.03 M M 14.0 36 350 M M 4 3 45 350
28 64 50 57 -13 8 0 0.00 M M 10.8 18 350 M M 5 24 350
29 66 48 57 -13 8 0 0.00 M M 8.9 15 120 M M 2 20 110
30 59 48 54 -17 11 0 0.23 M M 6.0 13 120 M M 6 1 16 120
31 64 57 61 -10 4 0 0.64 M M 6.7 14 70 M M 10 1 19 70
================================================================================
SM 2247 1657 129 71 6.62 M 327.4 M 154
================================================================================
AV 72.5 53.5 10.6 FASTST M M 5 MAX(MPH)
MISC ----> 48 360 60 360
================================================================================
NOTES:
# LAST OF SEVERAL OCCURRENCES
COLUMN 17 PEAK WIND IN M.P.H.
PRELIMINARY LOCAL CLIMATOLOGICAL DATA (WS FORM: F-6) , PAGE 2
STATION: SALINA KS
MONTH: MAY
YEAR: 2021
LATITUDE: 38 47 N
LONGITUDE: 97 39 W
[TEMPERATURE DATA] [PRECIPITATION DATA] SYMBOLS USED IN COLUMN 16
AVERAGE MONTHLY: 63.0 TOTAL FOR MONTH: 6.62 1 = FOG OR MIST
DPTR FM NORMAL: -2.1 DPTR FM NORMAL: 1.58 2 = FOG REDUCING VISIBILITY
HIGHEST: 87 ON 8 GRTST 24HR 1.94 ON 8- 9 TO 1/4 MILE OR LESS
LOWEST: 36 ON 5 3 = THUNDER
SNOW, ICE PELLETS, HAIL 4 = ICE PELLETS
TOTAL MONTH: M 5 = HAIL
GRTST 24HR M ON M 6 = FREEZING RAIN OR DRIZZLE
GRTST DEPTH: M ON M 7 = DUSTSTORM OR SANDSTORM:
VSBY 1/2 MILE OR LESS
8 = SMOKE OR HAZE
[NO. OF DAYS WITH] [WEATHER - DAYS WITH] 9 = BLOWING SNOW
X = TORNADO
MAX 32 OR BELOW: 0 0.01 INCH OR MORE: 18
MAX 90 OR ABOVE: 0 0.10 INCH OR MORE: 11
MIN 32 OR BELOW: 0 0.50 INCH OR MORE: 5
MIN 0 OR BELOW: 0 1.00 INCH OR MORE: 2
[HDD (BASE 65) ]
TOTAL THIS MO. 129 CLEAR (SCALE 0-3) 10
DPTR FM NORMAL 20 PTCLDY (SCALE 4-7) 18
TOTAL FM JUL 1 4778 CLOUDY (SCALE 8-10) 3
DPTR FM NORMAL -147
[CDD (BASE 65) ]
TOTAL THIS MO. 71
DPTR FM NORMAL -41 [PRESSURE DATA]
TOTAL FM JAN 1 90 HIGHEST SLP 30.43 ON 12
DPTR FM NORMAL -42 LOWEST SLP 29.41 ON 8
[REMARKS]
#FINAL-05-21#