000
CXUS56 KLOX 011255
CF6SMO
PRELIMINARY LOCAL CLIMATOLOGICAL DATA (WS FORM: F-6)
STATION: SANTA MONICA AIRPORT CA
MONTH: FEBRUARY
YEAR: 2021
LATITUDE: 34 0 N
LONGITUDE: 118 27 W
TEMPERATURE IN F: :PCPN: SNOW: WIND :SUNSHINE: SKY :PK WND
================================================================================
1 2 3 4 5 6A 6B 7 8 9 10 11 12 13 14 15 16 17 18
12Z AVG MX 2MIN
DY MAX MIN AVG DEP HDD CDD WTR SNW DPTH SPD SPD DIR MIN PSBL S-S WX SPD DR
================================================================================
1 70 56 63 7 2 0 T M M 3.6 10 210 M M 5 13 210
2 67 52 60 4 5 0 0.00 M M 3.9 12 240 M M 2 15 260
3 61 47 54 -2 11 0 0.00 M M 4.5 9 210 M M 0 1 14 220
4 63 48 56 0 9 0 0.00 M M 3.0 9 220 M M 3 12 210
5 63 45 54 -2 11 0 0.00 M M 3.9 10 210 M M 0 1 14 230
6 64 44 54 -2 11 0 0.00 M M 2.6 9 240 M M 0 12 230
7 62 44 53 -3 12 0 0.00 M M 3.5 10 220 M M 4 128 14 230
8 60 49 55 -1 10 0 0.00 M M 3.6 10 220 M M 6 128 16 230
9 59 53 56 0 9 0 0.00 M M 2.8 10 240 M M 9 14 230
10 59 49 54 -2 11 0 0.00 M M 3.1 12 210 M M 4 8 14 220
11 62 46 54 -2 11 0 0.00 M M 4.2 12 230 M M 3 18 17 280
12 67 51 59 3 6 0 T M M 5.5 20 220 M M 4 18 30 10
13 62 51 57 1 8 0 0.00 M M 4.1 13 220 M M 3 20 310
14 70 54 62 5 3 0 0.00 M M 8.3 22 360 M M 0 35 360
15 64 49 57 0 8 0 0.00 M M 3.8 10 210 M M 0 16 360
16 64 49 57 0 8 0 0.00 M M 6.9 15 360 M M 2 27 360
17 71 54 63 6 2 0 0.00 M M 10.0 20 20 M M 0 30 10
18 67 49 58 1 7 0 0.00 M M 5.0 15 240 M M 0 8 19 220
19 66 45 56 -1 9 0 0.00 M M 3.7 9 220 M M 0 13 250
20 68 45 57 0 8 0 0.00 M M 8.3 22 20 M M 0 36 360
21 70 52 61 4 4 0 0.00 M M 5.4 13 20 M M 0 22 350
22 79 48 64 7 1 0 0.00 M M 4.3 9 240 M M 0 14 200
23 73 52 63 6 2 0 0.00 M M 4.1 12 230 M M 0 14 230
24 70 49 60 3 5 0 0.00 M M 4.3 13 230 M M 1 12 16 240
25 72 48 60 3 5 0 0.00 M M 4.4 12 210 M M 1 18 15 200
26 70 47 59 2 6 0 0.00 M M 3.9 12 200 M M 0 14 240
27 76 47 62 5 3 0 0.00 M M 8.4 21 360 M M 0 33 360
28 71 49 60 2 5 0 0.00 M M 4.5 13 200 M M 0 19 190
================================================================================
SM 1870 1372 192 0 T M 133.6 M 47
================================================================================
AV 66.8 49.0 4.8 FASTST M M 2 MAX(MPH)
MISC ----> # 22 360 36 360
================================================================================
NOTES:
# LAST OF SEVERAL OCCURRENCES
COLUMN 17 PEAK WIND IN M.P.H.
PRELIMINARY LOCAL CLIMATOLOGICAL DATA (WS FORM: F-6) , PAGE 2
STATION: SANTA MONICA AIRPORT CA
MONTH: FEBRUARY
YEAR: 2021
LATITUDE: 34 0 N
LONGITUDE: 118 27 W
[TEMPERATURE DATA] [PRECIPITATION DATA] SYMBOLS USED IN COLUMN 16
AVERAGE MONTHLY: 57.9 TOTAL FOR MONTH: T 1 = FOG OR MIST
DPTR FM NORMAL: 1.1 DPTR FM NORMAL: -3.28 2 = FOG REDUCING VISIBILITY
HIGHEST: 79 ON 22 GRTST 24HR T ON 1- 1 TO 1/4 MILE OR LESS
LOWEST: 44 ON 7, 6 3 = THUNDER
SNOW, ICE PELLETS, HAIL 4 = ICE PELLETS
TOTAL MONTH: M 5 = HAIL
GRTST 24HR M ON M 6 = FREEZING RAIN OR DRIZZLE
GRTST DEPTH: M ON M 7 = DUSTSTORM OR SANDSTORM:
VSBY 1/2 MILE OR LESS
8 = SMOKE OR HAZE
[NO. OF DAYS WITH] [WEATHER - DAYS WITH] 9 = BLOWING SNOW
X = TORNADO
MAX 32 OR BELOW: 0 0.01 INCH OR MORE: 0
MAX 90 OR ABOVE: 0 0.10 INCH OR MORE: 0
MIN 32 OR BELOW: 0 0.50 INCH OR MORE: 0
MIN 0 OR BELOW: 0 1.00 INCH OR MORE: 0
[HDD (BASE 65) ]
TOTAL THIS MO. 192 CLEAR (SCALE 0-3) 22
DPTR FM NORMAL -44 PTCLDY (SCALE 4-7) 5
TOTAL FM JUL 1 836 CLOUDY (SCALE 8-10) 1
DPTR FM NORMAL -176
[CDD (BASE 65) ]
TOTAL THIS MO. 0
DPTR FM NORMAL -5 [PRESSURE DATA]
TOTAL FM JAN 1 17 HIGHEST SLP 30.34 ON 18
DPTR FM NORMAL 8 LOWEST SLP 29.81 ON 13
[REMARKS]
#FINAL-02-21#